--
-- Host: localhost    Database: ecommerce_skinfood
-- ------------------------------------------------------


--
-- Table structure for table `address_details`
--

CREATE TABLE `address_details` (
  `address_id` int(11) NOT NULL AUTO_INCREMENT,
  `address_1` varchar(60) NOT NULL DEFAULT '',
  `address_2` varchar(60) NOT NULL DEFAULT '',
  `address_3` varchar(60) NOT NULL DEFAULT '',
  `address_4` varchar(60) NOT NULL DEFAULT '',
  `postcode` varchar(10) NOT NULL DEFAULT '',
  `country_id` int(10) NOT NULL DEFAULT '0',
  `address_name` varchar(100) NOT NULL DEFAULT '',
  `tel_num` varchar(255) DEFAULT NULL,
  `address_5` varchar(255) DEFAULT NULL,
  `address_6` varchar(255) DEFAULT NULL,
  PRIMARY KEY (`address_id`),
  UNIQUE KEY `address_id` (`address_id`),
  KEY `address_id_2` (`address_id`)
) ENGINE=MyISAM AUTO_INCREMENT=93 DEFAULT CHARSET=latin1 PACK_KEYS=1;

--
-- Dumping data for table `address_details`
--

INSERT INTO `address_details` VALUES (1,'','','','','',0,'',NULL,NULL,NULL),(2,'billing address 1','billing address 2','billing address 3','billing address 4','AB1 2CD',225,'',NULL,'billing address 5',NULL),(3,'billing address 1','billing address 2','billing address 3','billing address 4','AB1 2CD',225,'',NULL,'billing address 5',NULL),(4,'billing address 1','billing address 2','billing address 3','billing address 4','AB1 2CD',225,'',NULL,'billing address 5',NULL),(5,'billing address 1','billing address 2','billing address 3','billing address 4','AB1 2CD',225,'',NULL,'billing address 5',NULL),(6,'billing address 1','billing address 2','billing address 3','billing address 4','AB1 2CD',225,'',NULL,'billing address 5',NULL),(7,'billing address 1','billing address 2','billing address 3','billing address 4','AB1 2CD',225,'',NULL,'billing address 5',NULL),(8,'billing address 1','billing address 2','billing address 3','billing address 4','AB1 2CD',225,'',NULL,'billing address 5',NULL),(9,'billing address 1','billing address 2','billing address 3','billing address 4','AB1 2CD',225,'',NULL,'billing address 5',NULL),(10,'billing address 1','billing address 2','billing address 3','billing address 4','AB1 2CD',225,'',NULL,'billing address 5',NULL),(11,'billing address 1','billing address 2','billing address 3','billing address 4','AB1 2CD',225,'',NULL,'billing address 5',NULL),(12,'billing address 1','billing address 2','billing address 3','billing address 4','AB1 2CD',225,'',NULL,'billing address 5',NULL),(13,'billing address 1','billing address 2','billing address 3','billing address 4','AB1 2CD',225,'',NULL,'billing address 5',NULL),(14,'billing address 1','billing address 2','billing address 3','billing address 4','AB1 2CD',225,'',NULL,'billing address 5',NULL),(15,'billing address 1','billing address 2','billing address 3','billing address 4','AB1 2CD',225,'',NULL,'billing address 5',NULL),(16,'billing address 1','billing address 2','billing address 3','billing address 4','AB1 2CD',225,'',NULL,'billing address 5',NULL),(17,'billing address 1','billing address 2','billing address 3','billing address 4','AB1 2CD',225,'',NULL,'billing address 5',NULL),(18,'billing address 1','billing address 2','billing address 3','billing address 4','AB1 2CD',225,'',NULL,'billing address 5',NULL),(19,'billing address 1','billing address 2','billing address 3','billing address 4','AB1 2CD',225,'',NULL,'billing address 5',NULL),(20,'Stowey','Jurby Road','kjl','Ramsey','IM8 3PF',241,'',NULL,'Isle of Man',NULL),(21,'billing address 1','billing address 2','billing address 3','billing address 4','AB1 2CD',225,'',NULL,'billing address 5',NULL),(22,'billing address 1','billing address 2','billing address 3','billing address 4','AB1 2CD',225,'',NULL,'billing address 5',NULL),(23,'billing address 1','billing address 2','billing address 3','billing address 4','AB1 2CD',225,'',NULL,'billing address 5',NULL),(24,'billing address 1','billing address 2','billing address 3','billing address 4','AB1 2CD',225,'',NULL,'billing address 5',NULL),(25,'Stowey','Jurby Road','','Ramsey','IM8 3PF',241,'',NULL,'Isle of Man',NULL),(26,'billing address 1','billing address 2','billing address 3','billing address 4','AB1 2CD',225,'',NULL,'billing address 5',NULL),(27,'billing address 1','billing address 2','billing address 3','billing address 4','AB1 2CD',225,'',NULL,'billing address 5',NULL),(28,'billing address 1','billing address 2','billing address 3','billing address 4','AB1 2CD',225,'',NULL,'billing address 5',NULL),(29,'billing address 1','billing address 2','billing address 3','billing address 4','AB1 2CD',225,'',NULL,'billing address 5',NULL),(30,'billing address 1','billing address 2','billing address 3','billing address 4','AB1 2CD',225,'',NULL,'billing address 5',NULL),(31,'billing address 1','billing address 2','billing address 3','billing address 4','AB1 2CD',225,'',NULL,'billing address 5',NULL),(32,'billing address 1','billing address 2','billing address 3','billing address 4','AB1 2CD',225,'',NULL,'billing address 5',NULL),(33,'billing address 1','billing address 2','billing address 3','billing address 4','AB1 2CD',225,'',NULL,'billing address 5',NULL),(34,'billing address 1','billing address 2','billing address 3','billing address 4','AB1 2CD',225,'',NULL,'billing address 5',NULL),(35,'billing address 1','billing address 2','billing address 3','billing address 4','AB1 2CD',225,'',NULL,'billing address 5',NULL),(36,'Lyonville','Stuggadhoo','','Marown','IM4 2AJ',241,'',NULL,'Isle of Man',NULL),(37,'Stowey','Jurby Road','','Ramsey','IM8 3PF',241,'',NULL,'Isle of Man',NULL),(38,'The Granary ','Port Grenaugh ','','Santon ','IM4 1HF ',241,'',NULL,'Isle of Man',NULL),(39,'jkj','kj','k','jk','jk',241,'',NULL,'jkl',NULL),(40,'Kerrowglass','Ballachurry road','Greeba','','IM4 3LE',241,'',NULL,'',NULL),(41,'Newlands,','Cronk lane, Cronk road','','Union mills','IM4 4JY',225,'',NULL,'Isle of man',NULL),(42,'Westside Cottage','Billown Mansion','Ballasalla','','IM9 3DL',241,'',NULL,'',NULL),(43,'Lyonville','Stuggadhoo','','Marown','IM4 2AJ',241,'',NULL,'Isle of Man',NULL),(44,'5456','465','4564','54','456',241,'454',NULL,'54',NULL),(45,'Lyonville','Stuggadhoo','','Marown','IM4 2AJ',241,'',NULL,'Isle of Man',NULL),(46,'5456','465','4564','54','456',241,'454',NULL,'54',NULL),(47,'4 Christian Ave ','Kirk Michael ','','','IM6 1EQ',241,'',NULL,'',NULL),(48,'Lyonville','Stuggadhoo','','Marown','IM4 2AJ',241,'',NULL,'Isle of Man',NULL),(49,'1 A Street','','','','IM1 1MI',241,'',NULL,'',NULL),(50,'Lyonville','Stuggadhoo','','Marown','IM4 2AJ',241,'',NULL,'Isle of Man',NULL),(51,'48 murrays lake drive','santon','','','im42hz',241,'',NULL,'',NULL),(52,'Newlands','Cronk Lane','','Union Mills','IM4 4JY',241,'',NULL,'Isle of Man',NULL),(53,'Stowey','Jurby Road','','Ramsey','IM8 3PF',241,'',NULL,'Isle of Man',NULL),(54,'Stowey','Jurby Road','','Ramsey','IM8 3PF',241,'',NULL,'Isle of Man',NULL),(55,'Stowey','Jurby Road','','Ramsey','IM8 3PF',241,'',NULL,'Isle of Man',NULL),(56,'Stowey','Jurby Road','','Ramsey','IM8 3PF',241,'',NULL,'Isle of Man',NULL),(57,'209 Kings court','','','Ramsey','Im81ll ',241,'',NULL,'Isle of man',NULL),(58,'Barrule ','St judes road','','Andreas','Im74hf',241,'Miss Marion arthur',NULL,'',NULL),(59,'Stowey','Jurby Road','','Ramsey','LA11 7LB',225,'',NULL,'Isle of Man',NULL),(60,'43 Stoneton Crescent','Balsall Common','','Coventry','CV7 7QR',225,'',NULL,'',NULL),(61,'Thie y Cheirn ','40 Mountain View ','','Peel ','IM5 1QF',241,'',NULL,'',NULL),(62,'10 Pickard Close','','','Castletown','IM91BB',241,'',NULL,'Isle of Man',NULL),(63,'7','WOODLANDS VIEW','FARMHILL','DOUGLAS','IM2 2BT',241,'',NULL,'ISLE OF MAN',NULL),(64,'50 Laurel ave, birch hill park','','','','IM3 3JG',241,'',NULL,'',NULL),(65,' Newlands','Cronk Lane ',' ','Union Mills','im4 4jy',225,'',NULL,'Isle of man',NULL),(66,'Lyonville','Stuggadhoo','','Marown','IM4 2AJ',241,'',NULL,'Isle of Man',NULL),(67,'Lindors','Quarterbridge Road','','Douglas','IM2 3RL',241,'',NULL,'',NULL),(68,'3 Ennerdale Road','','','Reading','RG2 7HH',225,'',NULL,'',NULL),(69,'43 Stoneton Crescent','Balsall Common','','','CV7',225,'',NULL,'',NULL),(70,'Thei Corneil, 13 Cronk y Berry Mooar','Douglas','','Isle of Man','IM2 6HJ',241,'Claire Kelly Pickering',NULL,'',NULL),(71,'20 Aspen Drive Ballawattleworth p','','','Peel','IM51 WT',241,'',NULL,'Isle of man',NULL),(72,'79 Main Street','Flookburgh','','Grange-Over-Sands','LA11 7LB',225,'',NULL,'CUMBRIA',NULL),(73,'Silver Creek House','12 Cronk Road','','Union Mills','IM4 4NJ',241,'',NULL,'Isle of Man',NULL),(74,'Foxrock','4 Manor Park','','','IM3 2EP',241,'',NULL,'',NULL),(75,'31 close kennish','Ballavagher ','','Douglas','IM2 2HJ',241,'',NULL,'',NULL),(76,'Fergus Lea ','Jurby Road ','Lezayre ','','IM7 2EA ',241,'',NULL,'Isle of Man ',NULL),(77,'Newlands','Cronk Lane','','Union Mills','IM4 4JY',241,'',NULL,'',NULL),(78,'9 Queens Terrace','','','Douglas','IM1 4BZ',241,'',NULL,'',NULL),(79,'2 sea holly walk','Camber','','Rye','Tn317uw',225,'',NULL,'East sussex',NULL),(80,'10 Pickard Close','Castletown','','Isle of Man','IM91bb',225,'',NULL,'Isle of Man',NULL),(81,'8 Governors Hill','','','Douglas ','IM2 7AW',241,'',NULL,'Isle of Man ',NULL),(82,'Westside Cottage, Billown Mansion','','','','IM9 3DL',241,'',NULL,'',NULL),(83,'Woodville, Castletown Road','Castletown Road','','Port St Mary ','IM9 5LT',225,'',NULL,'Isle of Man',NULL),(84,'Upper kerrowmoar,','Kerrowkeil Road','','Ballasalla','IM9 3BB',225,'Dina Hill',NULL,'Isle of Man',NULL),(85,'Rose Lodge','Woodbourne Road','Douglas ','','IM2 3AS',241,'',NULL,'',NULL),(86,'Foxrock','4 Manor Park ','Onchan','','IM3 2EP ',241,'',NULL,'Isle of Man ',NULL),(87,'42 Harcroft Meadow','','','Douglas','IM2 1JT',241,'',NULL,'',NULL),(88,'31 close kennish','Ballavagher','','','IM2 2HJ',241,'',NULL,'',NULL),(89,'Lyonville','Stuggadhoo','','Marown','IM4 2AJ',241,'',NULL,'',NULL),(90,'Woodville ','Castletown Road ','','Port St Mary ','IM9 5LT ',241,'',NULL,'',NULL),(91,'Upper Kerrowmoar ','Kerrowkeil Road ','','Ballasalla ','IM93BB',241,'Dina Hill',NULL,'',NULL),(92,'17 Christian road','','','Douglas','IM1 2QH',241,'',NULL,'Isle of Man',NULL);

--
-- Table structure for table `address_link`
--

CREATE TABLE `address_link` (
  `address_id` int(10) NOT NULL DEFAULT '0',
  `address_type_id` int(10) NOT NULL DEFAULT '0',
  `external_key` int(10) NOT NULL DEFAULT '0',
  `address_link_id` int(11) NOT NULL AUTO_INCREMENT,
  PRIMARY KEY (`address_link_id`),
  KEY `address_id` (`address_id`),
  KEY `address_type_id` (`address_type_id`),
  KEY `external_key` (`external_key`),
  KEY `type_and_external` (`external_key`,`address_type_id`)
) ENGINE=MyISAM AUTO_INCREMENT=92 DEFAULT CHARSET=latin1 PACK_KEYS=1;

--
-- Dumping data for table `address_link`
--

INSERT INTO `address_link` VALUES (1,1,1,1),(2,1,2,2),(3,1,3,3),(4,1,4,4),(5,1,5,5),(6,1,6,6),(7,1,7,7),(8,1,8,8),(9,1,9,9),(10,1,10,10),(11,1,11,11),(12,1,12,12),(13,1,13,13),(14,1,14,14),(15,1,15,15),(16,1,16,16),(17,1,17,17),(18,1,18,18),(19,1,19,19),(20,1,20,20),(21,1,21,21),(22,1,22,22),(23,1,23,23),(24,1,24,24),(25,1,25,25),(26,1,26,26),(27,1,27,27),(28,1,28,28),(29,1,29,29),(30,1,30,30),(31,1,31,31),(32,1,32,32),(33,1,33,33),(34,1,34,34),(35,1,35,35),(36,1,36,36),(37,1,37,37),(38,1,38,38),(39,1,39,39),(40,1,40,40),(41,1,41,41),(42,1,42,42),(43,1,43,43),(46,4,302,44),(45,1,44,45),(47,1,45,46),(48,1,46,47),(49,1,47,48),(50,1,48,49),(51,1,49,50),(52,1,50,51),(53,1,51,52),(54,1,52,53),(55,1,53,54),(56,1,54,55),(57,1,55,56),(58,4,528,57),(59,1,56,58),(60,1,57,59),(61,1,58,60),(62,1,59,61),(63,1,60,62),(64,1,61,63),(65,1,62,64),(66,1,63,65),(67,1,64,66),(68,1,65,67),(69,1,66,68),(70,4,607,69),(71,1,67,70),(72,1,68,71),(73,1,69,72),(74,1,70,73),(75,1,71,74),(76,1,72,75),(77,1,73,76),(78,1,74,77),(79,1,75,78),(80,1,76,79),(81,1,77,80),(82,1,78,81),(83,1,79,82),(84,4,830,83),(85,1,80,84),(86,1,81,85),(87,1,82,86),(88,1,83,87),(89,1,84,88),(90,1,85,89),(91,4,900,90),(92,1,86,91);

--
-- Table structure for table `attribute_product_allow`
--

CREATE TABLE `attribute_product_allow` (
  `attribute_id` int(11) NOT NULL DEFAULT '0',
  `product_id` int(11) NOT NULL DEFAULT '0',
  `mandatory` char(1) NOT NULL DEFAULT '',
  PRIMARY KEY (`product_id`,`attribute_id`)
) ENGINE=MyISAM DEFAULT CHARSET=latin1 PACK_KEYS=1;

--
-- Dumping data for table `attribute_product_allow`
--


--
-- Table structure for table `basket_attribute_link`
--

CREATE TABLE `basket_attribute_link` (
  `basket_attrib_link_id` int(11) NOT NULL AUTO_INCREMENT,
  `retailer_basket_attrib_id` int(11) NOT NULL DEFAULT '0',
  `value` varchar(255) NOT NULL DEFAULT '',
  `basket_id` int(11) NOT NULL DEFAULT '0',
  PRIMARY KEY (`basket_attrib_link_id`)
) ENGINE=MyISAM AUTO_INCREMENT=196 DEFAULT CHARSET=latin1;

--
-- Dumping data for table `basket_attribute_link`
--

INSERT INTO `basket_attribute_link` VALUES (25,4,'Standard',1),(26,1,'accept',1),(27,1,'accept',4),(28,4,'Standard',4),(29,1,'accept',5),(30,4,'Standard',5),(36,1,'accept',7),(35,4,'Standard',7),(37,2,'accept',8),(38,1,'accept',8),(39,4,'Standard',8),(40,1,'accept',10),(41,4,'Standard',10),(46,4,'Free Delivery',11),(47,1,'accept',11),(48,2,'accept',15),(49,4,'Free Delivery',15),(50,1,'accept',15),(72,1,'accept',41),(71,4,'Standard',41),(73,4,'Standard',50),(74,1,'accept',50),(75,2,'accept',50),(76,1,'accept',51),(77,4,'Free Delivery',51),(78,2,'accept',51),(79,1,'accept',64),(80,4,'Free Delivery',64),(81,4,'Free Delivery',65),(82,1,'accept',65),(83,4,'Free Delivery',72),(84,1,'accept',72),(85,1,'accept',290),(86,4,'Free Delivery',290),(87,2,'accept',290),(91,4,'Standard',302),(90,1,'accept',302),(92,2,'accept',304),(93,4,'Free Delivery',304),(94,1,'accept',304),(100,4,'Standard',308),(99,1,'accept',308),(97,1,'accept',309),(98,4,'Free Delivery',309),(101,1,'accept',397),(102,4,'Free Delivery',397),(103,2,'accept',397),(104,1,'accept',453),(105,4,'Standard',453),(113,4,'Standard',482),(114,1,'accept',528),(112,1,'accept',482),(115,2,'accept',528),(116,4,'Standard',528),(117,4,'Free Delivery',530),(118,2,'accept',530),(119,1,'accept',530),(120,4,'Standard',538),(121,1,'accept',538),(122,1,'accept',542),(123,4,'Free Delivery',542),(124,2,'accept',542),(125,2,'accept',540),(126,4,'Free Delivery',540),(127,1,'accept',540),(128,2,'accept',558),(129,1,'accept',558),(130,4,'Standard',558),(131,4,'Standard',578),(132,1,'accept',578),(133,2,'accept',578),(134,4,'Standard',584),(135,1,'accept',584),(136,2,'accept',584),(137,1,'accept',589),(138,4,'Standard',589),(139,1,'accept',591),(140,2,'accept',591),(141,4,'Standard',591),(142,2,'accept',605),(143,4,'Free Delivery',605),(144,1,'accept',605),(145,1,'accept',607),(146,2,'accept',607),(147,4,'Free Delivery',607),(148,1,'accept',613),(149,4,'Free Delivery',613),(150,1,'accept',614),(151,4,'Free Delivery',614),(152,1,'accept',620),(153,4,'Free Delivery',620),(154,1,'accept',636),(155,4,'Standard',636),(156,2,'accept',638),(157,1,'accept',638),(158,4,'Standard',638),(159,1,'accept',640),(160,4,'Standard',640),(161,1,'accept',644),(162,4,'Standard',644),(163,2,'accept',649),(164,4,'Free Delivery',649),(165,1,'accept',649),(166,1,'accept',650),(167,4,'Standard',650),(168,2,'accept',653),(169,4,'Free Delivery',653),(170,1,'accept',653),(171,4,'Standard',668),(172,2,'accept',668),(173,1,'accept',668),(174,1,'accept',802),(175,4,'Standard',802),(176,2,'accept',830),(177,4,'Standard',830),(178,1,'accept',830),(179,4,'Free Delivery',836),(180,2,'accept',836),(181,1,'accept',836),(182,1,'accept',842),(183,4,'Free Delivery',842),(184,2,'accept',857),(185,4,'Free Delivery',857),(186,1,'accept',857),(187,1,'accept',879),(188,4,'Free Delivery',879),(189,4,'Standard',896),(190,1,'accept',896),(191,2,'accept',900),(192,1,'accept',900),(193,4,'Standard',900),(194,1,'accept',944),(195,4,'Standard',944);

--
-- Table structure for table `bill_payment_data`
--

CREATE TABLE `bill_payment_data` (
  `bill_payment_id` int(11) NOT NULL AUTO_INCREMENT,
  `retailer_id` int(11) NOT NULL DEFAULT '0',
  `product_id` int(11) NOT NULL DEFAULT '0',
  `txt_title` varchar(255) DEFAULT NULL,
  `txt_top` text,
  `txt_bottom` text,
  `prod_quantity` int(11) DEFAULT NULL,
  `field_name` varchar(255) NOT NULL DEFAULT '',
  PRIMARY KEY (`bill_payment_id`)
) ENGINE=MyISAM DEFAULT CHARSET=latin1;

--
-- Dumping data for table `bill_payment_data`
--


--
-- Table structure for table `card_type`
--

CREATE TABLE `card_type` (
  `card_type_id` int(11) NOT NULL AUTO_INCREMENT,
  `card_type_name` char(30) NOT NULL DEFAULT '',
  PRIMARY KEY (`card_type_id`),
  UNIQUE KEY `card_type_id` (`card_type_id`),
  KEY `card_type_id_2` (`card_type_id`)
) ENGINE=MyISAM DEFAULT CHARSET=latin1 PACK_KEYS=1;

--
-- Dumping data for table `card_type`
--


--
-- Table structure for table `catalogue_meta_data`
--

CREATE TABLE `catalogue_meta_data` (
  `cat_meta_data_id` int(11) NOT NULL AUTO_INCREMENT,
  `title` varchar(255) DEFAULT '',
  `meta_description` varchar(255) DEFAULT '',
  `meta_keywords` varchar(255) DEFAULT '',
  `category_id` int(11) NOT NULL DEFAULT '0',
  `prod_cat_id` int(11) NOT NULL DEFAULT '0',
  `search_keywords` varchar(255) DEFAULT NULL,
  `product_id` int(11) DEFAULT '0',
  PRIMARY KEY (`cat_meta_data_id`),
  KEY `prod_cat_id` (`prod_cat_id`),
  KEY `product_id` (`product_id`),
  KEY `category_id` (`category_id`)
) ENGINE=MyISAM AUTO_INCREMENT=10 DEFAULT CHARSET=latin1;

--
-- Dumping data for table `catalogue_meta_data`
--

INSERT INTO `catalogue_meta_data` VALUES (1,'Skinfood Trial Kit','Skinfood trial kit of mini products','Skinfood; trial kit; miniatures; trial sizes;',0,0,'Trial sizes; miniatures; trial kit; Skinfood;',10),(2,'Trial Kit','Skinfood Trial Kit','Skinfood; Trial Kit; Miniatures; Trial sizes;',0,0,'Skinfood; Trial Kit; Miniatures; Trial sizes;',9),(3,'Fabulous Frankincense Renewal Cream','Fabulous Frankincense Renewal cream is a collagen-boosting moisturiser that reduces the appearance of fine lines and wrinkles by harnessing the natural healing properties of Frankincense and Myrrh resin and firming and exfoliating fruit extracts.','Frankincense; Myrrh; natural skincare; anti-ageing; vegan; cruelty-free; British; Fruit extracts; Botanicals: Essential oils; fragrance free; paraben free; silicone free; sulphate free; sulfate free; moisturiser; cream; skinfood;',0,0,'Frankincense; Myrrh; natural skincare; anti-ageing; vegan; cruelty-free; British; Fruit extracts; Botanicals: Essential oils; fragrance free; paraben free; silicone free; sulphate free; sulfate free; moisturiser; cream; skinfood;',3),(4,'Fabulous Frankincense Serum','Fabulous Frankincense Serum is a collagen-boosting priming moisturiser that reduces the appearance of fine lines and wrinkles by harnessing the natural healing properties of Frankincense and Myrrh resin and firming and exfoliating fruit extracts.','Frankincense; Myrrh; natural skincare; anti-ageing; vegan; cruelty-free; British; Fruit extracts; Botanicals: Essential oils; fragrance free; paraben free; silicone free; sulphate free; sulfate free; Serum; skinfood;',0,0,'Frankincense; Myrrh; natural skincare; anti-ageing; vegan; cruelty-free; British; Fruit extracts; Botanicals: Essential oils; fragrance free; paraben free; silicone free; sulphate free; sulfate free; Serum; skinfood;',2),(5,'Fabulous Frankincense Duo Serum and Cream set','Fabulous Frankincense Serum and Cream Duo are collagen-boosting moisturisers that reduce the appearance of fine lines and wrinkles by harnessing the natural healing properties of Frankincense and Myrrh resin and firming and exfoliating fruit extracts.','Frankincense; Myrrh; natural skincare; anti-ageing; vegan; cruelty-free; British; Fruit extracts; Botanicals: Essential oils; fragrance free; paraben free; silicone free; sulphate free; sulfate free; Cream; moisturiser; Serum; skinfood;',0,0,'Frankincense; Myrrh; natural skincare; anti-ageing; vegan; cruelty-free; British; Fruit extracts; Botanicals: Essential oils; fragrance free; paraben free; silicone free; sulphate free; sulfate free; Cream; Moisturiser; Serum; skinfood;',8),(6,'Skinfood Radiance Boost Cleanser, Witch Hazel Toner and Fabulous Frankincense Serum and Renewal Cream','Radiance Boost cleanser with anti-oxidant fruit extracts, astringent, skin healing, antiseptic Purifying Witch Hazel, camphor and aloe vera toner, Fabulous Frankincense Renewal Cream and Serum with collagen boosting, skin plumping Frankincense and Myrrh','Frankincense; Myrrh; natural skincare; anti-ageing; vegan; cruelty-free; British; Fruit extracts; Botanicals: Essential oils; fragrance free; paraben free; silicone free; sulphate free; sulfate free; Cream; Moisturiser; cleaner; toner;  Serum; skinfood;',0,0,'Frankincense; Myrrh; natural skincare; anti-ageing; vegan; cruelty-free; British; Fruit extracts; Botanicals: Essential oils; fragrance free; paraben free; silicone free; sulphate free; sulfate free; Cream; Moisturiser; toner; cleanser; Serum; skinfood;',6),(7,'Purifying Witch Hazel Toner','Purifying, astringent Witch Hazel and camphor toner helps remove cleanser residue. Anti-inflammatory, antiseptic and antibacterial properties help skin reap the benefits of moisturiser ingredients. Aloe vera helps hydrate and heal skin after breakouts.','natural skincare; anti-ageing; vegan; cruelty-free; British; Fruit extracts; Botanicals: Essential oils; fragrance free; paraben free; silicone free; sulphate free; sulfate free; Toner; skinfood;',0,0,'natural skincare; anti-ageing; vegan; cruelty-free; British; Fruit extracts; Botanicals: Essential oils; fragrance free; paraben free; silicone free; sulphate free; sulfate free; Toner; skinfood;',1),(8,'Radiance boost Cleanser','Radiance Boost, skin brightening cleanser with anti-oxidant rich fruit extracts to provide essential vitamins A, C and E and minerals, anti-inflammatory and anti-ageing benefits which help fight free-radicals and protect skin from pollutant damage.','natural skincare; anti-ageing; vegan; cruelty-free; British; Fruit extracts; Botanicals: Essential oils; fragrance free; paraben free; silicone free; sulphate free; sulfate free; Cleanser; facial wash: face wash: skinfood;',0,0,'natural skincare; anti-ageing; vegan; cruelty-free; British; Fruit extracts; Botanicals: Essential oils; fragrance free; paraben free; silicone free; sulphate free; sulfate free; cleanser; face wash: facial wash: skinfood;',4),(9,'Skinfood Radiance Boost Cleanser, Witch Hazel Toner and Fabulous Frankincense Renewal Cream','Radiance Boost cleanser with anti-oxidant fruit extracts, astringent, skin healing, antiseptic Purifying Witch Hazel, camphor and aloe vera toner, Fabulous Frankincense Renewal Cream with collagen boosting, skin plumping Frankincense and Myrrh','natural skincare; anti-ageing; vegan; cruelty-free; British; Fruit extracts; Botanicals: Essential oils; fragrance free; paraben free; silicone free; sulphate free; sulfate free; cleanser; toner: facial was; cream; moisturiser; skinfood;',0,0,'natural skincare; anti-ageing; vegan; cruelty-free; British; Fruit extracts; Botanicals: Essential oils; fragrance free; paraben free; silicone free; sulphate free; sulfate free; cleanser; toner: facial wash: cream; moisturiser; skinfood;',7);

--
-- Table structure for table `catalogue_template`
--

CREATE TABLE `catalogue_template` (
  `cat_template_id` int(11) NOT NULL AUTO_INCREMENT,
  `cat_template_html_location` varchar(255) NOT NULL DEFAULT '',
  `cat_template_preview` varchar(255) DEFAULT NULL,
  `cat_template_desc` varchar(255) DEFAULT NULL,
  `retailer_id` int(11) DEFAULT NULL,
  PRIMARY KEY (`cat_template_id`)
) ENGINE=MyISAM DEFAULT CHARSET=latin1;

--
-- Dumping data for table `catalogue_template`
--


--
-- Table structure for table `categories`
--

CREATE TABLE `categories` (
  `category_id` int(11) NOT NULL AUTO_INCREMENT,
  `retailer_id` int(11) NOT NULL DEFAULT '0',
  `parent_category_id` int(11) DEFAULT NULL,
  `category_disp_name` varchar(255) NOT NULL DEFAULT '',
  `category_header_html` varchar(255) DEFAULT NULL,
  `category_footer_html` varchar(255) DEFAULT NULL,
  `record_deleted` char(1) DEFAULT 'n',
  `prodcat_override_url` varchar(255) DEFAULT NULL,
  `category_image` varchar(255) DEFAULT NULL,
  `discount_rate` decimal(4,2) DEFAULT NULL,
  `description1` text,
  `description2` text,
  `image1` varchar(255) DEFAULT NULL,
  `image2` varchar(255) DEFAULT NULL,
  PRIMARY KEY (`category_id`)
) ENGINE=MyISAM AUTO_INCREMENT=4 DEFAULT CHARSET=latin1;

--
-- Dumping data for table `categories`
--

INSERT INTO `categories` VALUES (1,11700,NULL,'Product Catalogue',NULL,NULL,'n',NULL,'face.jpg',NULL,NULL,NULL,NULL,NULL),(2,11700,1,'Face',NULL,NULL,'n',NULL,'face.jpg',NULL,NULL,NULL,NULL,NULL),(3,11700,1,'_featured_products',NULL,NULL,'n',NULL,NULL,NULL,NULL,NULL,NULL,NULL);

--
-- Table structure for table `commands_for_retailer`
--

CREATE TABLE `commands_for_retailer` (
  `retailer_command_id` int(11) NOT NULL AUTO_INCREMENT,
  `retailer_id` int(11) NOT NULL DEFAULT '0',
  `command_group_id` int(11) DEFAULT NULL,
  `command_id` int(11) DEFAULT NULL,
  PRIMARY KEY (`retailer_command_id`),
  KEY `retailer_id` (`retailer_id`)
) ENGINE=MyISAM AUTO_INCREMENT=7 DEFAULT CHARSET=latin1;

--
-- Dumping data for table `commands_for_retailer`
--

INSERT INTO `commands_for_retailer` VALUES (1,11700,1,NULL),(2,11700,2,NULL),(3,11700,3,NULL),(4,11700,5,NULL),(5,11700,11,NULL),(6,11700,NULL,29);

--
-- Table structure for table `country`
--

CREATE TABLE `country` (
  `country_id` int(11) NOT NULL AUTO_INCREMENT,
  `two_letter_code` char(2) DEFAULT NULL,
  `country_name` char(60) DEFAULT NULL,
  `three_letter_code` char(3) DEFAULT NULL,
  `numeric_code` char(3) DEFAULT NULL,
  PRIMARY KEY (`country_id`),
  UNIQUE KEY `country_id` (`country_id`),
  KEY `country_id_2` (`country_id`)
) ENGINE=MyISAM AUTO_INCREMENT=242 DEFAULT CHARSET=latin1 PACK_KEYS=1;

--
-- Dumping data for table `country`
--

INSERT INTO `country` VALUES (1,'AF','AFGHANISTAN','AFG','004'),(2,'AL','ALBANIA','ALB','008'),(3,'DZ','ALGERIA','DZA','012'),(4,'AS','AMERICAN SAMOA','ASM','016'),(5,'AD','ANDORRA','AND','020'),(6,'AO','ANGOLA','AGO','024'),(7,'AI','ANGUILLA','AIA','660'),(8,'AQ','ANTARCTICA','ATA','010'),(9,'AG','ANTIGUA AND BARBUDA','ATG','028'),(10,'AR','ARGENTINA','ARG','032'),(11,'AM','ARMENIA','ARM','051'),(12,'AW','ARUBA','ABW','533'),(13,'AU','AUSTRALIA','AUS','036'),(14,'AT','AUSTRIA','AUT','040'),(15,'AZ','AZERBAIJAN','AZE','031'),(16,'BS','BAHAMAS','BHS','044'),(17,'BH','BAHRAIN','BHR','048'),(18,'BD','BANGLADESH','BGD','050'),(19,'BB','BARBADOS','BRB','052'),(20,'BY','BELARUS','BLR','112'),(21,'BE','BELGIUM','BEL','056'),(22,'BZ','BELIZE','BLZ','084'),(23,'BJ','BENIN','BEN','204'),(24,'BM','BERMUDA','BMU','060'),(25,'BT','BHUTAN','BTN','064'),(26,'BO','BOLIVIA','BOL','068'),(27,'BA','BOSNIA AND HERZEGOWINA','BIH','070'),(28,'BW','BOTSWANA','BWA','072'),(29,'BV','BOUVET ISLAND','BVT','074'),(30,'BR','BRAZIL','BRA','076'),(31,'IO','BRITISH INDIAN OCEAN TERRITORY','IOT','086'),(32,'BN','BRUNEI DARUSSALAM','BRN','096'),(33,'BG','BULGARIA','BGR','100'),(34,'BF','BURKINA FASO','BFA','854'),(35,'BI','BURUNDI','BDI','108'),(36,'KH','CAMBODIA','KHM','116'),(37,'CM','CAMEROON','CMR','120'),(38,'CA','CANADA','CAN','124'),(39,'CV','CAPE VERDE','CPV','132'),(40,'KY','CAYMAN ISLANDS','CYM','136'),(41,'CF','CENTRAL AFRICAN REPUBLIC','CAF','140'),(42,'TD','CHAD','TCD','148'),(43,'CL','CHILE','CHL','152'),(44,'CN','CHINA','CHN','156'),(45,'CX','CHRISTMAS ISLAND','CXR','162'),(46,'CC','COCOS (KEELING) ISLANDS','CCK','166'),(47,'CO','COLOMBIA','COL','170'),(48,'KM','COMOROS','COM','174'),(49,'CG','CONGO','COG','178'),(50,'CD','CONGO, THE DEMOCRATIC REPUBLIC OF THE','COD','180'),(51,'CK','COOK ISLANDS','COK','184'),(52,'CR','COSTA RICA','CRI','188'),(53,'CI','COTE D\'IVOIRE','CIV','384'),(54,'HR','CROATIA (local name: Hrvatska)','HRV','191'),(55,'CU','CUBA','CUB','192'),(56,'CY','CYPRUS','CYP','196'),(57,'CZ','CZECH REPUBLIC','CZE','203'),(58,'DK','DENMARK','DNK','208'),(59,'DJ','DJIBOUTI','DJI','262'),(60,'DM','DOMINICA','DMA','212'),(61,'DO','DOMINICAN REPUBLIC','DOM','214'),(62,'TP','EAST TIMOR',NULL,'626'),(63,'EC','ECUADOR','ECU','218'),(64,'EG','EGYPT','EGY','818'),(65,'SV','EL SALVADOR','SLV','222'),(66,'GQ','EQUATORIAL GUINEA','GNQ','226'),(67,'ER','ERITREA','ERI','232'),(68,'EE','ESTONIA','EST','233'),(69,'ET','ETHIOPIA','ETH','231'),(70,'FK','FALKLAND ISLANDS (MALVINAS)','FLK','238'),(71,'FO','FAROE ISLANDS','FRO','234'),(72,'FJ','FIJI','FJI','242'),(73,'FI','FINLAND','FIN','246'),(74,'FR','FRANCE','FRA','250'),(75,'FX','FRANCE, METROPOLITAN','FXX','249'),(76,'GF','FRENCH GUIANA','GUF','254'),(77,'PF','FRENCH POLYNESIA','PYF','258'),(78,'TF','FRENCH SOUTHERN TERRITORIES','ATF','260'),(79,'GA','GABON','GAB','266'),(80,'GM','GAMBIA','GMB','270'),(81,'GE','GEORGIA','GEO','268'),(82,'DE','GERMANY','DEU','276'),(83,'GH','GHANA','GHA','288'),(84,'GI','GIBRALTAR','GIB','292'),(85,'GR','GREECE','GRC','300'),(86,'GL','GREENLAND','GRL','304'),(87,'GD','GRENADA','GRD','308'),(88,'GP','GUADELOUPE','GLP','312'),(89,'GU','GUAM','GUM','316'),(90,'GT','GUATEMALA','GTM','320'),(91,'GN','GUINEA','GIN','324'),(92,'GW','GUINEA-BISSAU','GNB','624'),(93,'GY','GUYANA','GUY','328'),(94,'HT','HAITI','HTI','332'),(95,'HM','HEARD AND MC DONALD ISLANDS','HMD','334'),(96,'VA','HOLY SEE (VATICAN CITY STATE)','VAT','336'),(97,'HN','HONDURAS','HND','340'),(98,'HK','HONG KONG','HKG','344'),(99,'HU','HUNGARY','HUN','348'),(100,'IS','ICELAND','ISL','352'),(101,'IN','INDIA','IND','356'),(102,'ID','INDONESIA','IDN','360'),(103,'IR','IRAN (ISLAMIC REPUBLIC OF)','IRN','364'),(104,'IQ','IRAQ','IRQ','368'),(105,'IE','IRELAND','IRL','372'),(106,'IL','ISRAEL','ISR','376'),(107,'IT','ITALY','ITA','380'),(108,'JM','JAMAICA','JAM','388'),(109,'JP','JAPAN','JPN','392'),(110,'JO','JORDAN','JOR','400'),(111,'KZ','KAZAKHSTAN','KAZ','398'),(112,'KE','KENYA','KEN','404'),(113,'KI','KIRIBATI','KIR','296'),(114,'KP','KOREA, DEMOCRATIC PEOPLE\'S REPUBLIC OF','PRK','408'),(115,'KR','KOREA, REPUBLIC OF','KOR','410'),(116,'KW','KUWAIT','KWT','414'),(117,'KG','KYRGYZSTAN','KGZ','417'),(118,'LA','LAO PEOPLE\'S DEMOCRATIC REPUBLIC','LAO','418'),(119,'LV','LATVIA','LVA','428'),(120,'LB','LEBANON','LBN','422'),(121,'LS','LESOTHO','LSO','426'),(122,'LR','LIBERIA','LBR','430'),(123,'LY','LIBYAN ARAB JAMAHIRIYA','LBY','434'),(124,'LI','LIECHTENSTEIN','LIE','438'),(125,'LT','LITHUANIA','LTU','440'),(126,'LU','LUXEMBOURG','LUX','442'),(127,'MO','MACAU','MAC','446'),(128,'MK','MACEDONIA, THE FORMER YUGOSLAV REPUBLIC OF','MKD','807'),(129,'MG','MADAGASCAR','MDG','450'),(130,'MW','MALAWI','MWI','454'),(131,'MY','MALAYSIA','MYS','458'),(132,'MV','MALDIVES','MDV','462'),(133,'ML','MALI','MLI','466'),(134,'MT','MALTA','MLT','470'),(135,'MH','MARSHALL ISLANDS','MHL','584'),(136,'MQ','MARTINIQUE','MTQ','474'),(137,'MR','MAURITANIA','MRT','478'),(138,'MU','MAURITIUS','MUS','480'),(139,'YT','MAYOTTE','MYT','175'),(140,'MX','MEXICO','MEX','484'),(141,'FM','MICRONESIA, FEDERATED STATES OF','FSM','583'),(142,'MD','MOLDOVA, REPUBLIC OF','MDA','498'),(143,'MC','MONACO','MCO','492'),(144,'MN','MONGOLIA','MNG','496'),(145,'MS','MONTSERRAT','MSR','500'),(146,'MA','MOROCCO','MAR','504'),(147,'MZ','MOZAMBIQUE','MOZ','508'),(148,'MM','MYANMAR','MMR','104'),(149,'NA','NAMIBIA','NAM','516'),(150,'NR','NAURU','NRU','520'),(151,'NP','NEPAL','NPL','524'),(152,'NL','NETHERLANDS','NLD','528'),(153,'AN','NETHERLANDS ANTILLES','ANT','530'),(154,'NC','NEW CALEDONIA','NCL','540'),(155,'NZ','NEW ZEALAND','NZL','554'),(156,'NI','NICARAGUA','NIC','558'),(157,'NE','NIGER','NER','562'),(158,'NG','NIGERIA','NGA','566'),(159,'NU','NIUE','NIU','570'),(160,'NF','NORFOLK ISLAND','NFK','574'),(161,'MP','NORTHERN MARIANA ISLANDS','MNP','580'),(162,'NO','NORWAY','NOR','578'),(163,'OM','OMAN','OMN','512'),(164,'PK','PAKISTAN','PAK','586'),(165,'PW','PALAU','PLW','585'),(166,'PS','PALESTINIAN TERRITORY, OCCUPIED','PSE',NULL),(167,'PA','PANAMA','PAN','591'),(168,'PG','PAPUA NEW GUINEA','PNG','598'),(169,'PY','PARAGUAY','PRY','600'),(170,'PE','PERU','PER','604'),(171,'PH','PHILIPPINES','PHL','608'),(172,'PN','PITCAIRN','PCN','612'),(173,'PL','POLAND','POL','616'),(174,'PT','PORTUGAL','PRT','620'),(175,'PR','PUERTO RICO','PRI','630'),(176,'QA','QATAR','QAT','634'),(177,'RE','REUNION','REU','638'),(178,'RO','ROMANIA','ROU','642'),(179,'RU','RUSSIAN FEDERATION','RUS','643'),(180,'RW','RWANDA','RWA','646'),(181,'KN','SAINT KITTS AND NEVIS','KNA','659'),(182,'LC','SAINT LUCIA','LCA','662'),(183,'VC','SAINT VINCENT AND THE GRENADINES','VCT','670'),(184,'WS','SAMOA','WSM','882'),(185,'SM','SAN MARINO','SMR','674'),(186,'ST','SAO TOME AND PRINCIPE','STP','678'),(187,'SA','SAUDI ARABIA','SAU','682'),(188,'SN','SENEGAL','SEN','686'),(189,'SC','SEYCHELLES','SYC','690'),(190,'SL','SIERRA LEONE','SLE','694'),(191,'SG','SINGAPORE','SGP','702'),(192,NULL,'SLOVAKIA (Slovak Republic) SK',NULL,NULL),(193,'SI','SLOVENIA','SVN','705'),(194,'SB','SOLOMON ISLANDS','SLB','090'),(195,'SO','SOMALIA','SOM','706'),(196,'ZA','SOUTH AFRICA','ZAF','710'),(197,'GS','SOUTH GEORGIA AND THE SOUTH SANDWICH ISLANDS','SGS','239'),(198,'ES','SPAIN','ESP','724'),(199,'LK','SRI LANKA','LKA','144'),(200,'SH','ST. HELENA','SHN','654'),(201,'PM','ST. PIERRE AND MIQUELON','SPM','666'),(202,'SD','SUDAN','SDN','736'),(203,'SR','SURINAME','SUR','740'),(204,'SJ','SVALBARD AND JAN MAYEN ISLANDS','SJM','744'),(205,'SZ','SWAZILAND','SWZ','748'),(206,'SE','SWEDEN','SWE','752'),(207,'CH','SWITZERLAND','CHE','756'),(208,'SY','SYRIAN ARAB REPUBLIC','SYR','760'),(209,'TW','TAIWAN, PROVINCE OF CHINA','TWN','158'),(210,'TJ','TAJIKISTAN','TJK','762'),(211,'TZ','TANZANIA, UNITED REPUBLIC OF','TZA','834'),(212,'TH','THAILAND','THA','764'),(213,'TG','TOGO','TGO','768'),(214,'TK','TOKELAU','TKL','772'),(215,'TO','TONGA','TON','776'),(216,'TT','TRINIDAD AND TOBAGO','TTO','780'),(217,'TN','TUNISIA','TUN','788'),(218,'TR','TURKEY','TUR','792'),(219,'TM','TURKMENISTAN','TKM','795'),(220,'TC','TURKS AND CAICOS ISLANDS','TCA','796'),(221,'TV','TUVALU','TUV','798'),(222,'UG','UGANDA','UGA','800'),(223,'UA','UKRAINE','UKR','804'),(224,'AE','UNITED ARAB EMIRATES','ARE','784'),(225,'GB','UNITED KINGDOM','GBR','826'),(226,'US','UNITED STATES','USA','840'),(227,'UM','UNITED STATES MINOR OUTLYING ISLANDS','UMI','581'),(228,'UY','URUGUAY','URY','858'),(229,'UZ','UZBEKISTAN','UZB','860'),(230,'VU','VANUATU','VUT','548'),(231,'VE','VENEZUELA','VEN','862'),(232,'VN','VIET NAM','VNM','704'),(233,'VG','VIRGIN ISLANDS (BRITISH)','VGB','092'),(234,' V','VIRGIN ISLANDS (U.S.)',NULL,NULL),(235,'WF','WALLIS AND FUTUNA ISLANDS','WLF','876'),(236,'EH','WESTERN SAHARA','ESH','732'),(237,'YE','YEMEN','YEM','887'),(238,'YU','YUGOSLAVIA','YUG','891'),(239,'ZM','ZAMBIA','ZMB','894'),(240,'ZW','ZIMBABWE','ZWE','716'),(241,'IM','ISLE OF MAN',NULL,NULL);

--
-- Table structure for table `country_zone_link`
--

CREATE TABLE `country_zone_link` (
  `country_zone_id` int(11) NOT NULL AUTO_INCREMENT,
  `country_id` int(11) NOT NULL DEFAULT '0',
  `zone_id` int(11) NOT NULL DEFAULT '0',
  PRIMARY KEY (`country_zone_id`)
) ENGINE=MyISAM AUTO_INCREMENT=802 DEFAULT CHARSET=latin1;

--
-- Dumping data for table `country_zone_link`
--

INSERT INTO `country_zone_link` VALUES (244,2,4),(243,1,5),(3,1,1),(4,2,1),(5,3,1),(6,4,1),(7,5,1),(8,6,1),(9,7,1),(10,8,1),(11,9,1),(12,10,1),(13,11,1),(14,12,1),(15,13,1),(16,14,1),(17,15,1),(18,16,1),(19,17,1),(20,18,1),(21,19,1),(22,20,1),(23,21,1),(24,22,1),(25,23,1),(26,24,1),(27,25,1),(28,26,1),(29,27,1),(30,28,1),(31,29,1),(32,30,1),(33,31,1),(34,32,1),(35,33,1),(36,34,1),(37,35,1),(38,36,1),(39,37,1),(40,38,1),(41,39,1),(42,40,1),(43,41,1),(44,42,1),(45,43,1),(46,44,1),(47,45,1),(48,46,1),(49,47,1),(50,48,1),(51,49,1),(52,50,1),(53,51,1),(54,52,1),(55,53,1),(56,54,1),(57,55,1),(58,56,1),(59,57,1),(60,58,1),(61,59,1),(62,60,1),(63,61,1),(64,62,1),(65,63,1),(66,64,1),(67,65,1),(68,66,1),(69,67,1),(70,68,1),(71,69,1),(72,70,1),(73,71,1),(74,72,1),(75,73,1),(76,74,1),(77,75,1),(78,76,1),(79,77,1),(80,78,1),(81,79,1),(82,80,1),(83,81,1),(84,82,1),(85,83,1),(86,84,1),(87,85,1),(88,86,1),(89,87,1),(90,88,1),(91,89,1),(92,90,1),(93,91,1),(94,92,1),(95,93,1),(96,94,1),(97,95,1),(98,96,1),(99,97,1),(100,98,1),(101,99,1),(102,100,1),(103,101,1),(104,102,1),(105,103,1),(106,104,1),(107,105,1),(108,106,1),(109,107,1),(110,108,1),(111,109,1),(112,110,1),(113,111,1),(114,112,1),(115,113,1),(116,114,1),(117,115,1),(118,116,1),(119,117,1),(120,118,1),(121,119,1),(122,120,1),(123,121,1),(124,122,1),(125,123,1),(126,124,1),(127,125,1),(128,126,1),(129,127,1),(130,128,1),(131,129,1),(132,130,1),(133,131,1),(134,132,1),(135,133,1),(136,134,1),(137,135,1),(138,136,1),(139,137,1),(140,138,1),(141,139,1),(142,140,1),(143,141,1),(144,142,1),(145,143,1),(146,144,1),(147,145,1),(148,146,1),(149,147,1),(150,148,1),(151,149,1),(152,150,1),(153,151,1),(154,152,1),(155,153,1),(156,154,1),(157,155,1),(158,156,1),(159,157,1),(160,158,1),(161,159,1),(162,160,1),(163,161,1),(164,162,1),(165,163,1),(166,164,1),(167,165,1),(168,166,1),(169,167,1),(170,168,1),(171,169,1),(172,170,1),(173,171,1),(174,172,1),(175,173,1),(176,174,1),(177,175,1),(178,176,1),(179,177,1),(180,178,1),(181,179,1),(182,180,1),(183,181,1),(184,182,1),(185,183,1),(186,184,1),(187,185,1),(188,186,1),(189,187,1),(190,188,1),(191,189,1),(192,190,1),(193,191,1),(194,192,1),(195,193,1),(196,194,1),(197,195,1),(198,196,1),(199,197,1),(200,198,1),(201,199,1),(202,200,1),(203,201,1),(204,202,1),(205,203,1),(206,204,1),(207,205,1),(208,206,1),(209,207,1),(210,208,1),(211,209,1),(212,210,1),(213,211,1),(214,212,1),(215,213,1),(216,214,1),(217,215,1),(218,216,1),(219,217,1),(220,218,1),(221,219,1),(222,220,1),(223,221,1),(224,222,1),(225,223,1),(226,224,1),(227,225,1),(228,226,1),(229,227,1),(230,228,1),(231,229,1),(232,230,1),(233,231,1),(234,232,1),(235,233,1),(236,234,1),(237,235,1),(238,236,1),(239,237,1),(240,238,1),(241,239,1),(242,240,1),(245,3,5),(246,4,6),(247,5,4),(248,6,5),(249,7,5),(250,8,6),(251,9,5),(252,10,5),(253,11,4),(254,12,5),(255,13,6),(256,14,4),(257,15,4),(258,16,5),(259,17,5),(260,18,5),(261,19,5),(262,20,4),(263,21,4),(264,22,5),(265,23,5),(266,24,5),(267,25,5),(268,26,5),(269,27,4),(270,28,5),(271,29,7),(272,30,5),(273,31,5),(274,32,5),(275,33,4),(276,34,5),(277,35,5),(278,36,5),(279,37,5),(280,38,5),(281,39,5),(282,40,5),(283,41,5),(284,42,5),(285,43,5),(286,44,6),(287,45,5),(288,46,5),(289,47,5),(290,48,5),(291,49,5),(292,50,5),(293,51,7),(294,52,5),(295,53,7),(296,54,4),(297,55,5),(298,56,4),(299,57,4),(300,58,4),(301,59,5),(302,60,5),(303,61,5),(304,62,6),(305,63,5),(306,64,5),(307,65,5),(308,66,5),(309,67,5),(310,68,4),(311,69,5),(312,70,5),(313,71,4),(314,72,6),(315,73,4),(316,74,4),(317,75,4),(318,76,6),(319,77,6),(320,78,6),(321,79,5),(322,80,5),(323,81,4),(324,82,4),(325,83,5),(326,84,4),(327,85,4),(328,86,4),(329,87,5),(330,88,7),(331,89,6),(332,90,5),(333,91,5),(334,92,5),(335,93,5),(336,94,5),(337,95,7),(338,96,4),(339,97,5),(340,98,5),(341,99,4),(342,100,4),(343,101,5),(344,102,5),(345,103,5),(346,104,5),(347,105,4),(348,106,5),(349,107,4),(350,108,5),(351,109,6),(352,110,5),(353,111,4),(354,112,5),(355,113,6),(356,114,6),(357,115,6),(358,116,5),(359,117,7),(360,118,5),(361,119,4),(362,120,5),(363,121,5),(364,122,5),(365,123,5),(366,124,4),(367,125,4),(368,126,4),(369,127,5),(370,128,4),(371,129,5),(372,130,5),(373,131,5),(374,132,5),(375,133,5),(376,134,4),(377,135,6),(378,136,7),(379,137,5),(380,138,5),(381,139,7),(382,140,5),(383,141,6),(384,142,4),(385,143,4),(386,144,6),(387,145,5),(388,146,5),(389,147,5),(390,148,5),(391,149,5),(392,150,6),(393,151,5),(394,152,4),(395,153,5),(396,154,6),(397,155,6),(398,156,5),(399,157,5),(400,158,5),(401,159,7),(402,160,6),(403,161,6),(404,162,4),(405,163,5),(406,164,5),(407,165,7),(408,166,5),(409,167,5),(410,168,6),(411,169,5),(412,170,5),(413,171,6),(414,172,6),(415,173,4),(416,174,4),(417,175,5),(418,176,5),(419,177,5),(420,178,4),(421,179,4),(422,180,5),(423,181,5),(424,182,5),(425,183,5),(426,184,6),(427,185,4),(428,186,5),(429,187,5),(430,188,5),(431,189,5),(432,190,5),(433,191,5),(434,192,4),(435,193,4),(436,194,6),(437,195,5),(438,196,5),(439,197,5),(440,198,4),(441,199,5),(442,200,5),(443,201,5),(444,202,5),(445,203,5),(446,204,7),(447,205,5),(448,206,4),(449,207,4),(450,208,5),(451,209,6),(452,210,4),(453,211,5),(454,212,5),(455,213,5),(456,214,7),(457,215,5),(458,216,5),(459,217,5),(460,218,4),(461,219,4),(462,220,5),(463,221,6),(464,222,5),(465,223,4),(466,224,5),(467,225,3),(468,226,5),(469,227,7),(470,228,5),(471,229,4),(472,230,6),(473,231,5),(474,232,5),(475,233,5),(476,234,5),(477,235,6),(478,236,7),(479,237,5),(480,238,5),(481,239,5),(482,240,5),(483,14,8),(484,21,8),(485,58,8),(486,73,8),(487,74,8),(488,143,8),(489,82,8),(490,85,8),(491,105,8),(492,107,8),(493,126,8),(494,152,8),(495,174,8),(496,198,8),(497,206,8),(498,225,8),(499,105,9),(500,2,10),(501,5,10),(502,11,10),(503,14,10),(504,15,10),(505,20,10),(506,21,10),(507,27,10),(508,33,10),(509,54,10),(510,56,10),(511,57,10),(512,58,10),(513,68,10),(514,71,10),(515,73,10),(516,74,10),(517,75,10),(518,81,10),(519,82,10),(520,84,10),(521,85,10),(522,86,10),(523,96,10),(524,99,10),(525,100,10),(526,107,10),(527,111,10),(528,119,10),(529,124,10),(530,125,10),(531,126,10),(532,128,10),(533,134,10),(534,142,10),(535,143,10),(536,152,10),(537,162,10),(538,173,10),(539,174,10),(540,178,10),(541,179,10),(542,185,10),(543,192,10),(544,193,10),(545,198,10),(546,206,10),(547,207,10),(548,210,10),(549,218,10),(550,219,10),(551,223,10),(552,229,10),(553,241,1),(554,241,8),(555,225,11),(556,241,11),(801,225,12),(558,2,14),(559,1,15),(560,3,15),(561,4,16),(562,5,14),(563,6,15),(564,7,15),(565,8,16),(566,9,15),(567,10,15),(568,11,14),(569,12,15),(570,13,16),(571,14,14),(572,15,14),(573,16,15),(574,17,15),(575,18,15),(576,19,15),(577,20,14),(578,21,14),(579,22,15),(580,23,15),(581,24,15),(582,25,15),(583,26,15),(584,27,14),(585,28,15),(586,29,17),(587,30,15),(588,31,15),(589,32,15),(590,33,14),(591,34,15),(592,35,15),(593,36,15),(594,37,15),(596,39,15),(597,40,15),(598,41,15),(599,42,15),(600,43,15),(601,44,16),(602,45,15),(603,46,15),(604,47,15),(605,48,15),(606,49,15),(607,50,15),(608,51,17),(609,52,15),(610,53,17),(611,54,14),(612,55,15),(613,56,14),(614,57,14),(615,58,14),(616,59,15),(617,60,15),(618,61,15),(619,62,16),(620,63,15),(621,64,15),(622,65,15),(623,66,15),(624,67,15),(625,68,14),(626,69,15),(627,70,15),(628,71,14),(629,72,16),(630,73,14),(631,74,14),(632,75,14),(633,76,16),(634,77,16),(635,78,16),(636,79,15),(637,80,15),(638,81,14),(639,82,14),(640,83,15),(641,84,14),(642,85,14),(643,86,14),(644,87,15),(645,88,17),(646,89,16),(647,90,15),(648,91,15),(649,92,15),(650,93,15),(651,94,15),(652,95,17),(653,96,14),(654,97,15),(655,98,15),(656,99,14),(657,100,14),(658,101,15),(659,102,15),(660,103,15),(661,104,15),(662,105,14),(663,106,15),(664,107,14),(665,108,15),(666,109,16),(667,110,15),(668,111,14),(669,112,15),(670,113,16),(671,114,16),(672,115,16),(673,116,15),(674,117,17),(675,118,15),(676,119,14),(677,120,15),(678,121,15),(679,122,15),(680,123,15),(681,124,14),(682,125,14),(683,126,14),(684,127,15),(685,128,14),(686,129,15),(687,130,15),(688,131,15),(689,132,15),(690,133,15),(691,134,14),(692,135,16),(693,136,17),(694,137,15),(695,138,15),(696,139,17),(697,140,15),(698,141,16),(699,142,14),(700,143,14),(701,144,16),(702,145,15),(703,146,15),(704,147,15),(705,148,15),(706,149,15),(707,150,16),(708,151,15),(709,152,14),(710,153,15),(711,154,16),(712,155,16),(713,156,15),(714,157,15),(715,158,15),(716,159,17),(717,160,16),(718,161,16),(719,162,14),(720,163,15),(721,164,15),(722,165,17),(723,166,15),(724,167,15),(725,168,16),(726,169,15),(727,170,15),(728,171,16),(729,172,16),(730,173,14),(731,174,14),(732,175,15),(733,176,15),(734,177,15),(735,178,14),(736,179,14),(737,180,15),(738,181,15),(739,182,15),(740,183,15),(741,184,16),(742,185,14),(743,186,15),(744,187,15),(745,188,15),(746,189,15),(747,190,15),(748,191,15),(749,192,14),(750,193,14),(751,194,16),(752,195,15),(753,196,15),(754,197,15),(755,198,14),(756,199,15),(757,200,15),(758,201,15),(759,202,15),(760,203,15),(761,204,17),(762,205,15),(763,206,14),(764,207,14),(765,208,15),(766,209,16),(767,210,14),(768,211,15),(769,212,15),(770,213,15),(771,214,17),(772,215,15),(773,216,15),(774,217,15),(775,218,14),(776,219,14),(777,220,15),(778,221,16),(779,222,15),(780,223,14),(781,224,15),(783,227,17),(784,228,15),(785,229,14),(786,230,16),(787,231,15),(788,232,15),(789,233,15),(790,234,15),(791,235,16),(792,236,17),(793,237,15),(794,238,15),(795,239,15),(796,240,15),(798,241,13),(799,226,18),(800,38,18);

--
-- Table structure for table `cust_forum_profile`
--

CREATE TABLE `cust_forum_profile` (
  `profile_id` int(10) unsigned NOT NULL AUTO_INCREMENT,
  `cust_id` int(10) unsigned NOT NULL DEFAULT '0',
  `display_name` varchar(25) DEFAULT NULL,
  `avatar` varchar(255) DEFAULT NULL,
  PRIMARY KEY (`profile_id`),
  KEY `cust_id` (`cust_id`)
) ENGINE=MyISAM DEFAULT CHARSET=latin1;

--
-- Dumping data for table `cust_forum_profile`
--


--
-- Table structure for table `delivery_carrier`
--

CREATE TABLE `delivery_carrier` (
  `delivery_carrier_id` int(11) NOT NULL AUTO_INCREMENT,
  `delivery_carrier_name` varchar(255) NOT NULL,
  PRIMARY KEY (`delivery_carrier_id`)
) ENGINE=InnoDB DEFAULT CHARSET=latin1;

--
-- Dumping data for table `delivery_carrier`
--


--
-- Table structure for table `forum_messages`
--

CREATE TABLE `forum_messages` (
  `forum_message_id` int(10) unsigned NOT NULL AUTO_INCREMENT,
  `forum_id` int(10) unsigned NOT NULL DEFAULT '0',
  `subject` varchar(255) NOT NULL DEFAULT '',
  `message` text NOT NULL,
  `cust_id` int(10) unsigned NOT NULL DEFAULT '0',
  `creation_date` timestamp NOT NULL DEFAULT CURRENT_TIMESTAMP ON UPDATE CURRENT_TIMESTAMP,
  `parent_message_id` int(10) unsigned DEFAULT NULL,
  `sticky` char(1) DEFAULT 'N',
  `locked` char(1) DEFAULT 'N',
  PRIMARY KEY (`forum_message_id`),
  KEY `forum_id` (`forum_id`),
  KEY `parent_message_id` (`parent_message_id`)
) ENGINE=MyISAM DEFAULT CHARSET=latin1;

--
-- Dumping data for table `forum_messages`
--


--
-- Table structure for table `forums`
--

CREATE TABLE `forums` (
  `forum_id` int(10) unsigned NOT NULL AUTO_INCREMENT,
  `retailer_id` int(10) unsigned NOT NULL DEFAULT '0',
  `forum_name` varchar(255) NOT NULL DEFAULT '',
  `creation_date` timestamp NOT NULL DEFAULT CURRENT_TIMESTAMP ON UPDATE CURRENT_TIMESTAMP,
  PRIMARY KEY (`forum_id`),
  KEY `retailer_id` (`retailer_id`)
) ENGINE=MyISAM DEFAULT CHARSET=latin1;

--
-- Dumping data for table `forums`
--


--
-- Table structure for table `futurepay_details`
--

CREATE TABLE `futurepay_details` (
  `futurepay_details_id` int(11) NOT NULL AUTO_INCREMENT,
  `product_id` int(11) NOT NULL DEFAULT '0',
  `futurepaytype` varchar(25) DEFAULT NULL,
  `startdate` date DEFAULT NULL,
  `startdelayunit` tinyint(4) DEFAULT NULL,
  `startdelaymult` int(11) DEFAULT NULL,
  `noofpayments` int(11) DEFAULT NULL,
  `intervalunit` tinyint(4) DEFAULT NULL,
  `intervalmult` int(11) DEFAULT NULL,
  `initialamount` decimal(6,2) DEFAULT NULL,
  `normalamount` decimal(6,2) DEFAULT NULL,
  `fp_option` tinyint(4) DEFAULT NULL,
  PRIMARY KEY (`futurepay_details_id`)
) ENGINE=MyISAM DEFAULT CHARSET=latin1 PACK_KEYS=1;

--
-- Dumping data for table `futurepay_details`
--


--
-- Table structure for table `item_attribute`
--

CREATE TABLE `item_attribute` (
  `item_attrib_id` int(11) NOT NULL AUTO_INCREMENT,
  `attribute_id` int(11) NOT NULL DEFAULT '0',
  `attribute_value` varchar(255) NOT NULL DEFAULT '',
  `shopping_item_id` int(11) NOT NULL DEFAULT '0',
  `item_attrib_value_id` int(11) DEFAULT NULL,
  PRIMARY KEY (`item_attrib_id`),
  KEY `shopping_item_id` (`shopping_item_id`)
) ENGINE=MyISAM DEFAULT CHARSET=latin1 PACK_KEYS=1;

--
-- Dumping data for table `item_attribute`
--


--
-- Table structure for table `log_table`
--

CREATE TABLE `log_table` (
  `log_id` int(11) NOT NULL AUTO_INCREMENT,
  `log_type_id` int(11) NOT NULL DEFAULT '0',
  `foreign_key` int(11) NOT NULL DEFAULT '0',
  `log_text` varchar(255) DEFAULT NULL,
  `log_timestamp` timestamp NOT NULL DEFAULT CURRENT_TIMESTAMP ON UPDATE CURRENT_TIMESTAMP,
  PRIMARY KEY (`log_id`),
  KEY `log_type_id` (`log_type_id`),
  KEY `foreign_key` (`foreign_key`),
  KEY `comp_key1` (`log_type_id`,`foreign_key`)
) ENGINE=MyISAM DEFAULT CHARSET=latin1;

--
-- Dumping data for table `log_table`
--


--
-- Table structure for table `lu_address_type`
--

CREATE TABLE `lu_address_type` (
  `address_type_id` int(11) NOT NULL AUTO_INCREMENT,
  `address_type_name` char(30) NOT NULL DEFAULT '',
  PRIMARY KEY (`address_type_id`),
  UNIQUE KEY `address_type_id` (`address_type_id`),
  KEY `address_type_id_2` (`address_type_id`)
) ENGINE=MyISAM AUTO_INCREMENT=5 DEFAULT CHARSET=latin1 PACK_KEYS=1;

--
-- Dumping data for table `lu_address_type`
--

INSERT INTO `lu_address_type` VALUES (1,'Customer Address'),(2,'Customer Shipping Address'),(3,'Client Contact Address'),(4,'Cust Ship Address(by basket_id');

--
-- Table structure for table `lu_attributes`
--

CREATE TABLE `lu_attributes` (
  `attribute_id` int(11) NOT NULL AUTO_INCREMENT,
  `attribute_name` varchar(255) NOT NULL DEFAULT '',
  `retailer_id` int(11) NOT NULL DEFAULT '0',
  `visualisation_id` int(11) DEFAULT '0',
  `write_as_id` char(1) NOT NULL DEFAULT 'y',
  `relate_to_product_id` int(11) DEFAULT NULL,
  PRIMARY KEY (`attribute_id`)
) ENGINE=MyISAM DEFAULT CHARSET=latin1 PACK_KEYS=1;

--
-- Dumping data for table `lu_attributes`
--


--
-- Table structure for table `lu_command`
--

CREATE TABLE `lu_command` (
  `command_id` tinyint(4) NOT NULL AUTO_INCREMENT,
  `command_group_id` int(11) DEFAULT NULL,
  `display_name` varchar(255) DEFAULT NULL,
  `href_base` varchar(255) DEFAULT NULL,
  `command_help` text,
  PRIMARY KEY (`command_id`)
) ENGINE=MyISAM AUTO_INCREMENT=34 DEFAULT CHARSET=latin1;

--
-- Dumping data for table `lu_command`
--

INSERT INTO `lu_command` VALUES (1,1,'Retailer Details','','Retailer Details'),(2,1,'Order Process Steps','eval(/home/sites/www.security-payment.net/web/ecommerce/order_process_steps.cgi)','Order Process Steps'),(3,1,'Delivery Configuration','','Delivery Configuration'),(4,2,'Page Style','page_style.rdbp','Page Style'),(5,2,'Headers and Footers','header_footer.rdbp','Header and Footer Setup'),(6,3,'View Current Orders','eval(/home/sites/www.security-payment.net/web/ecommerce/retailer_view_order_v2.cgi)','View Current Orders'),(8,3,'Search Orders','eval(/home/sites/www.security-payment.net/web/ecommerce/retailer_search_order.cgi)','Search Orders'),(9,4,'Configure Rates','','Configure Rates'),(10,5,'Dump Data Wizard','','Dump Data Wizard'),(24,5,'Export Catalogue','eval(/home/sites/www.security-payment.net/web/ecommerce/export_catalogue.cgi)','Allows you to export your product and categories to your shops web site'),(23,100,'Add Product',NULL,'Product Manager Help string'),(22,11,'Product Tree','eval(/home/sites/www.security-payment.net/web/ecommerce/category_maintenance.cgi)','Product Tree'),(21,2,'File Manager','eval(/home/sites/www.resources.3legs.com/web/file_manager/file_manager.cgi)','File Manager'),(25,12,'Payment Methods Accepted',NULL,NULL),(26,12,'Accounts','eval(/home/sites/www.security-payment.net/web/ecommerce/manage_accounts.cgi)','Account Setup'),(27,99,'Prototype Product Maintenance','eval(/home/sites/www.security-payment.net/web/ecommerce/product_maintenance.cgi)',NULL),(28,2,'Edit Styles','eval(/home/sites/www.security-payment.net/web/ecommerce/edit_style_sheet.cgi)','Allows the editing of style sheets'),(29,100,'Force Order Completion','eval(/home/sites/www.security-payment.net/web/ecommerce/force_order_completion.cgi)','This allows you to force an order to be marked as complete, useful when a transaction is marked as complete in your transaction provider but not in this system.'),(30,5,'Reports','eval(/home/sites/www.security-payment.net/web/ecommerce/report_engine.cgi)',NULL),(31,11,'Product Tree V2','eval(/home/sites/www.security-payment.net/web/ecommerce/category_maintenance_split_view_container.cgi)',NULL),(32,11,'Image Manager','eval(/home/sites/www.security-payment.net/web/ecommerce/ImageManager.cgi)',NULL),(33,11,'Bulk Product Import','eval(/home/sites/www.security-payment.net/web/ecommerce/product_import.cgi)',NULL);

--
-- Table structure for table `lu_command_group`
--

CREATE TABLE `lu_command_group` (
  `command_group_id` int(11) NOT NULL AUTO_INCREMENT,
  `command_group_name` varchar(255) DEFAULT NULL,
  PRIMARY KEY (`command_group_id`)
) ENGINE=MyISAM AUTO_INCREMENT=101 DEFAULT CHARSET=latin1;

--
-- Dumping data for table `lu_command_group`
--

INSERT INTO `lu_command_group` VALUES (1,'Configuration'),(2,'Look and Feel'),(3,'Order Management'),(4,'Sales Tax'),(5,'Data Export'),(11,'Product Setup'),(12,'Payment Options'),(99,'Test Group'),(100,'Tools');

--
-- Table structure for table `lu_customer_payment_method`
--

CREATE TABLE `lu_customer_payment_method` (
  `customer_payment_method_id` int(11) NOT NULL AUTO_INCREMENT,
  `payment_method_name` char(100) NOT NULL,
  `retailer_id` int(11) NOT NULL,
  PRIMARY KEY (`customer_payment_method_id`)
) ENGINE=MyISAM AUTO_INCREMENT=4 DEFAULT CHARSET=latin1;

--
-- Dumping data for table `lu_customer_payment_method`
--


--
-- Table structure for table `lu_customer_type`
--

CREATE TABLE `lu_customer_type` (
  `customer_type_id` int(11) NOT NULL AUTO_INCREMENT,
  `customer_type_name` varchar(255) NOT NULL,
  `discount_percentage` decimal(6,3) DEFAULT NULL,
  PRIMARY KEY (`customer_type_id`)
) ENGINE=MyISAM AUTO_INCREMENT=3 DEFAULT CHARSET=latin1;

--
-- Dumping data for table `lu_customer_type`
--


--
-- Table structure for table `lu_delivery_methods`
--

CREATE TABLE `lu_delivery_methods` (
  `delivery_method_id` int(11) NOT NULL AUTO_INCREMENT,
  `delivery_method_name` varchar(255) NOT NULL DEFAULT '',
  PRIMARY KEY (`delivery_method_id`)
) ENGINE=MyISAM AUTO_INCREMENT=11 DEFAULT CHARSET=latin1;

--
-- Dumping data for table `lu_delivery_methods`
--

INSERT INTO `lu_delivery_methods` VALUES (1,'None'),(2,'Regional Price Bands'),(3,'Attribute Based with country'),(4,'Attribute/Product default method (Table based)'),(5,'Attribute/Product default method (Table based) WITH COUNTRY BANDS'),(10,'Standard 2018');

--
-- Table structure for table `lu_invocation_point`
--

CREATE TABLE `lu_invocation_point` (
  `invocation_point_id` int(11) NOT NULL AUTO_INCREMENT,
  `invocation_point_name` varchar(255) NOT NULL DEFAULT '',
  PRIMARY KEY (`invocation_point_id`)
) ENGINE=MyISAM AUTO_INCREMENT=3 DEFAULT CHARSET=latin1;

--
-- Dumping data for table `lu_invocation_point`
--

INSERT INTO `lu_invocation_point` VALUES (1,'Before Postage'),(2,'After Postage');

--
-- Table structure for table `lu_item_attributes_values`
--

CREATE TABLE `lu_item_attributes_values` (
  `item_attrib_value_id` int(11) NOT NULL AUTO_INCREMENT,
  `value_display` varchar(255) NOT NULL DEFAULT '',
  `attribute_id` int(11) NOT NULL DEFAULT '0',
  `description` varchar(255) DEFAULT NULL,
  `image_name` varchar(255) DEFAULT NULL,
  `product_id` int(11) DEFAULT NULL,
  PRIMARY KEY (`item_attrib_value_id`)
) ENGINE=MyISAM DEFAULT CHARSET=latin1;

--
-- Dumping data for table `lu_item_attributes_values`
--


--
-- Table structure for table `lu_order_status`
--

CREATE TABLE `lu_order_status` (
  `order_status_id` int(11) NOT NULL AUTO_INCREMENT,
  `order_status_name` varchar(255) NOT NULL DEFAULT '',
  `order_status_desc` text,
  `retailer_id` int(11) NOT NULL DEFAULT '0',
  `sort_order` int(11) NOT NULL DEFAULT '0',
  `send_email` char(1) NOT NULL DEFAULT 'n',
  `record_deleted` char(1) NOT NULL DEFAULT 'n',
  PRIMARY KEY (`order_status_id`)
) ENGINE=MyISAM AUTO_INCREMENT=4 DEFAULT CHARSET=latin1;

--
-- Dumping data for table `lu_order_status`
--

INSERT INTO `lu_order_status` VALUES (1,'New',NULL,11700,1,'n','n'),(2,'Pending',NULL,11700,2,'n','n'),(3,'Complete',NULL,11700,3,'n','n');

--
-- Table structure for table `lu_product_image_type`
--

CREATE TABLE `lu_product_image_type` (
  `product_image_type_id` int(11) NOT NULL AUTO_INCREMENT,
  `product_image_type` varchar(255) DEFAULT NULL,
  `retailer_id` int(11) NOT NULL,
  PRIMARY KEY (`product_image_type_id`)
) ENGINE=MyISAM AUTO_INCREMENT=5 DEFAULT CHARSET=latin1;

--
-- Dumping data for table `lu_product_image_type`
--

INSERT INTO `lu_product_image_type` VALUES (4,'Logo',11700);

--
-- Table structure for table `lu_product_related_type`
--

CREATE TABLE `lu_product_related_type` (
  `product_related_type_id` int(11) NOT NULL AUTO_INCREMENT,
  `product_related_type` varchar(255) DEFAULT NULL,
  `retailer_id` int(11) NOT NULL,
  PRIMARY KEY (`product_related_type_id`)
) ENGINE=MyISAM AUTO_INCREMENT=3 DEFAULT CHARSET=latin1;

--
-- Dumping data for table `lu_product_related_type`
--


--
-- Table structure for table `lu_product_type`
--

CREATE TABLE `lu_product_type` (
  `product_type_name` char(10) NOT NULL,
  `product_type_desc` varchar(255) DEFAULT NULL,
  PRIMARY KEY (`product_type_name`)
) ENGINE=MyISAM DEFAULT CHARSET=latin1;

--
-- Dumping data for table `lu_product_type`
--


--
-- Table structure for table `lu_reorder_status`
--

CREATE TABLE `lu_reorder_status` (
  `reorder_status_id` int(11) NOT NULL AUTO_INCREMENT,
  `reorder_status_name` varchar(255) NOT NULL,
  PRIMARY KEY (`reorder_status_id`)
) ENGINE=InnoDB DEFAULT CHARSET=latin1;

--
-- Dumping data for table `lu_reorder_status`
--


--
-- Table structure for table `lu_retailer_basket_attributes`
--

CREATE TABLE `lu_retailer_basket_attributes` (
  `retailer_basket_attrib_id` int(11) NOT NULL AUTO_INCREMENT,
  `attribute_name` varchar(255) NOT NULL DEFAULT '',
  `retailer_id` int(11) NOT NULL DEFAULT '0',
  `visualisation_id` int(11) DEFAULT NULL,
  `set_by_user_in_process` char(1) NOT NULL DEFAULT 'n',
  `user_viewable` char(1) NOT NULL DEFAULT 'n',
  PRIMARY KEY (`retailer_basket_attrib_id`)
) ENGINE=MyISAM AUTO_INCREMENT=5 DEFAULT CHARSET=latin1;

--
-- Dumping data for table `lu_retailer_basket_attributes`
--

INSERT INTO `lu_retailer_basket_attributes` VALUES (1,'Terms & Conditions',11700,NULL,'n','y'),(2,'Marketing',11700,NULL,'n','y'),(3,'Message',11700,6,'n','y'),(4,'Delivery Type',11700,NULL,'n','y');

--
-- Table structure for table `lu_retailer_basket_attributes_values`
--

CREATE TABLE `lu_retailer_basket_attributes_values` (
  `retailer_basket_attrib_values_id` int(11) NOT NULL AUTO_INCREMENT,
  `retailer_basket_attrib_id` int(11) NOT NULL DEFAULT '0',
  `allowed_value` varchar(255) NOT NULL DEFAULT '',
  `display_this_value` char(1) NOT NULL DEFAULT 'y',
  PRIMARY KEY (`retailer_basket_attrib_values_id`)
) ENGINE=MyISAM DEFAULT CHARSET=latin1;

--
-- Dumping data for table `lu_retailer_basket_attributes_values`
--


--
-- Table structure for table `lu_retailer_prod_attributes`
--

CREATE TABLE `lu_retailer_prod_attributes` (
  `retailer_prod_attrib_id` int(11) NOT NULL AUTO_INCREMENT,
  `attribute_name` varchar(255) NOT NULL DEFAULT '',
  `attribute_symbol` varchar(255) DEFAULT NULL,
  `retailer_id` int(11) NOT NULL DEFAULT '0',
  PRIMARY KEY (`retailer_prod_attrib_id`)
) ENGINE=MyISAM AUTO_INCREMENT=13 DEFAULT CHARSET=latin1;

--
-- Dumping data for table `lu_retailer_prod_attributes`
--

INSERT INTO `lu_retailer_prod_attributes` VALUES (1,'OldPrice',NULL,11700),(2,'Product Group',NULL,11700),(3,'Product Group Order',NULL,11700),(4,'Product Group Name',NULL,11700),(5,'Product Group Label',NULL,11700),(6,'Weight',NULL,11700),(7,'Weight Displayed',NULL,11700),(8,'Volume',NULL,11700),(9,'Packaging',NULL,11700),(10,'Google Shopping Category',NULL,11700),(11,'Google Type',NULL,11700),(12,'Voucher Include',NULL,11700);

--
-- Table structure for table `lu_retailer_prod_attributes_values`
--

CREATE TABLE `lu_retailer_prod_attributes_values` (
  `retailer_prod_attrib_values_id` int(11) NOT NULL AUTO_INCREMENT,
  `allowed_value` varchar(255) DEFAULT NULL,
  `retailer_prod_attrib_id` int(11) NOT NULL DEFAULT '0',
  PRIMARY KEY (`retailer_prod_attrib_values_id`)
) ENGINE=MyISAM AUTO_INCREMENT=2 DEFAULT CHARSET=latin1;

--
-- Dumping data for table `lu_retailer_prod_attributes_values`
--

INSERT INTO `lu_retailer_prod_attributes_values` VALUES (1,'Yes',12);

--
-- Table structure for table `lu_retailer_tax`
--

CREATE TABLE `lu_retailer_tax` (
  `retailer_tax_id` int(11) NOT NULL AUTO_INCREMENT,
  `retailer_tax_code` varchar(50) DEFAULT NULL,
  `retailer_id` int(11) NOT NULL DEFAULT '0',
  `tax_rate` decimal(12,10) NOT NULL DEFAULT '0.0000000000',
  PRIMARY KEY (`retailer_tax_id`)
) ENGINE=MyISAM DEFAULT CHARSET=latin1;

--
-- Dumping data for table `lu_retailer_tax`
--


--
-- Table structure for table `lu_stock_event_type`
--

CREATE TABLE `lu_stock_event_type` (
  `stock_event_type_id` int(11) NOT NULL AUTO_INCREMENT,
  `name` varchar(255) DEFAULT NULL,
  `description` text,
  PRIMARY KEY (`stock_event_type_id`)
) ENGINE=InnoDB DEFAULT CHARSET=latin1;

--
-- Dumping data for table `lu_stock_event_type`
--


--
-- Table structure for table `lu_visualisation_html_object`
--

CREATE TABLE `lu_visualisation_html_object` (
  `visualisation_id` int(11) NOT NULL AUTO_INCREMENT,
  `visualisation_name` varchar(255) NOT NULL DEFAULT '',
  PRIMARY KEY (`visualisation_id`)
) ENGINE=MyISAM AUTO_INCREMENT=7 DEFAULT CHARSET=latin1;

--
-- Dumping data for table `lu_visualisation_html_object`
--

INSERT INTO `lu_visualisation_html_object` VALUES (1,'combo'),(2,'radio set'),(3,'check box'),(4,'list box'),(5,'small text'),(6,'large text');

--
-- Table structure for table `lu_voucher_type`
--

CREATE TABLE `lu_voucher_type` (
  `voucher_type_id` int(11) NOT NULL AUTO_INCREMENT,
  `voucher_type_name` varchar(255) NOT NULL DEFAULT '',
  PRIMARY KEY (`voucher_type_id`)
) ENGINE=MyISAM DEFAULT CHARSET=latin1;

--
-- Dumping data for table `lu_voucher_type`
--


--
-- Table structure for table `lu_zone`
--

CREATE TABLE `lu_zone` (
  `zone_id` int(11) NOT NULL AUTO_INCREMENT,
  `zone_name` varchar(255) NOT NULL DEFAULT '',
  `retailer_id` int(11) DEFAULT NULL,
  PRIMARY KEY (`zone_id`)
) ENGINE=MyISAM AUTO_INCREMENT=19 DEFAULT CHARSET=latin1;

--
-- Dumping data for table `lu_zone`
--

INSERT INTO `lu_zone` VALUES (1,'All Countries',NULL),(2,'Anagenics Courier Zone',6),(3,'IOM Letter Post, UK',NULL),(4,'IOM Letter Post, Europe',NULL),(5,'IOM Letter Post, World 1',NULL),(6,'IOM Letter Post, World 2',NULL),(7,'IOM Letter Post, Unknown',NULL),(8,'EC VAT Zone',NULL),(9,'Southern Ireland',NULL),(10,'IOM Letter Post, Europe minus Ireland',NULL),(11,'Uk and IOM',NULL),(12,'IOM Parcel Post, UK',NULL),(13,'IOM Parcel Post, IOM',NULL),(14,'IOM Parcel Post, Europe',NULL),(15,'IOM Parcel Post, World 1',NULL),(16,'IOM Parcel Post, World 2',NULL),(17,'IOM Parcel Post, Unknown',NULL),(18,'IOM Parcel Post, America/Canada',NULL);

--
-- Table structure for table `members_menu_cmd_for_retailer`
--

CREATE TABLE `members_menu_cmd_for_retailer` (
  `members_menu_cmd_retailer_id` int(10) unsigned NOT NULL AUTO_INCREMENT,
  `members_menu_cmd_id` int(10) unsigned NOT NULL DEFAULT '0',
  `retailer_id` int(10) unsigned NOT NULL DEFAULT '0',
  PRIMARY KEY (`members_menu_cmd_retailer_id`)
) ENGINE=MyISAM DEFAULT CHARSET=latin1;

--
-- Dumping data for table `members_menu_cmd_for_retailer`
--


--
-- Table structure for table `members_menu_commands`
--

CREATE TABLE `members_menu_commands` (
  `members_menu_cmd_id` int(10) unsigned NOT NULL AUTO_INCREMENT,
  `menu_name` varchar(255) NOT NULL DEFAULT '',
  PRIMARY KEY (`members_menu_cmd_id`)
) ENGINE=MyISAM AUTO_INCREMENT=8 DEFAULT CHARSET=latin1;

--
-- Dumping data for table `members_menu_commands`
--

INSERT INTO `members_menu_commands` VALUES (1,'Home'),(2,'Order History'),(3,'My Details'),(4,'Change Login'),(5,'Continue Shopping'),(6,'Forum'),(7,'Logout');

--
-- Table structure for table `membership_news_story`
--

CREATE TABLE `membership_news_story` (
  `news_story_id` int(10) unsigned NOT NULL AUTO_INCREMENT,
  `headline` varchar(255) NOT NULL DEFAULT '',
  `short_text` text NOT NULL,
  `long_text` text NOT NULL,
  `image_1` varchar(255) NOT NULL DEFAULT '',
  `image_2` varchar(255) NOT NULL DEFAULT '',
  `retailer_id` int(10) unsigned NOT NULL DEFAULT '0',
  `date_added` timestamp NOT NULL DEFAULT CURRENT_TIMESTAMP,
  PRIMARY KEY (`news_story_id`)
) ENGINE=MyISAM DEFAULT CHARSET=latin1;

--
-- Dumping data for table `membership_news_story`
--


--
-- Table structure for table `membership_news_story_export_link`
--

CREATE TABLE `membership_news_story_export_link` (
  `story_export_link_id` int(10) unsigned NOT NULL AUTO_INCREMENT,
  `story_id` int(10) unsigned NOT NULL DEFAULT '0',
  `export_id` int(10) unsigned NOT NULL DEFAULT '0',
  PRIMARY KEY (`story_export_link_id`)
) ENGINE=MyISAM DEFAULT CHARSET=latin1;

--
-- Dumping data for table `membership_news_story_export_link`
--


--
-- Table structure for table `merchandise`
--

CREATE TABLE `merchandise` (
  `merchandise_id` int(11) NOT NULL AUTO_INCREMENT,
  `merchandise_name` varchar(150) NOT NULL DEFAULT '',
  `merchandise_desc` text,
  `merchandise_image` varchar(255) DEFAULT NULL,
  `more_info_url` varchar(255) DEFAULT NULL,
  `merchandise_desc_2` text,
  `merchandise_image_thumb` varchar(255) DEFAULT NULL,
  `auto_thumb_width` int(11) DEFAULT NULL,
  `merchandise_image2` varchar(255) DEFAULT NULL,
  `merchandise_desc_6` text,
  `merchandise_desc_3` text,
  `merchandise_desc_4` text,
  `merchandise_desc_5` text,
  `model` varchar(255) DEFAULT NULL,
  `make` varchar(255) DEFAULT NULL,
  PRIMARY KEY (`merchandise_id`),
  UNIQUE KEY `merchandise_id` (`merchandise_id`),
  KEY `merchandise_id_2` (`merchandise_id`)
) ENGINE=MyISAM AUTO_INCREMENT=14 DEFAULT CHARSET=latin1 PACK_KEYS=1;

--
-- Dumping data for table `merchandise`
--

INSERT INTO `merchandise` VALUES (1,'Purifying Witch Hazel Toner','A skin refreshing toner with Witch Hazel and Aloe Vera',NULL,NULL,'Toner completes the cleansing process by removing last traces of impurity left by a cleanser. Witch hazel and camphor are both natural skin healers and leave it feeling calm, smooth and clean. The pinene, camphene, cymene and cineole in camphor oil have anti-inflammatory, antiseptic, antibacterial, antiviral and antioxidant properties. These make it effective in cooling and soothing dry skin, reducing itchiness and irritation. Cineole helps to boost circulation, reducing the appearance of scarring. Both camphor and witch hazel have astringent qualities which help to tighten pores, firming skin. Often used as a cooling remedy fir burns, aloe vera helps repair and heal wounds and has a soothing effect on skin conditions such as eczema and psoriasis. Anti-bacterial and anti-inflammatory properties make aloe an effective healer. It\'s cooling effects make it ideal for treating burns and irritation. It thrives in an arid climate making it water-dense and it contains complex carbohydrates which make it moisturising and hydrating for dry skin. It\'s anti-inflammatory properties make it an effective anti-histamine, so it is helpful for allergenic conditions such as contact dermatitis and psoriasis. It\'s hydrating effects can help lighten the appearance of blemishes.  It also works as an astringent to clean dirt from pores and balance oily skin. The antimicrobial properties make aloe  an effective treatment for acne and other bacterial skin complaints. Aloe also keeps the skin supple, helping to plump and reduce the appearance of fine lines and wrinkles. Vitamin C is necessary for antioxidant function, it encourages healthier capillaries, immune system and connective tissue. It has anti-ageing and anti-inflammatory properties.',NULL,NULL,NULL,NULL,'Water (Aqua), Witch Hazel BPC/USP Distilled 14% (Hammamelis virginiana, aqua alcohol), Oat silk extract (Avena sativa meal extract), Vegetable glycerine, (Glycerine (veg)), Polysorbate 20, Potassium Sorbate & Sodium Benzoate, Aloe Vera Leaf Powder (Aloe Barbadensis leaf powder), Vitamin C (Sodium Ascorbyl Phosphate), Allantoin, Camphor white essential oil (Cinnamomum camphora) Ciric acid (Citric acid), Phenoxyethanol','DIRECTIONS: Apply with a cotton pad after cleansing.\n\nWARNINGS: For external use only, avoid direct contact with the eyes. Keep out of reach of children. Store in a cool dry place out of direct sunlight.',NULL,NULL,NULL),(2,'Fabulous Frankincense Serum','A deeply penetrating serum with Frankincense and Myrrh,  which boosts collagen production, plumping skin and reducing signs of ageing from within',NULL,NULL,'This powerful anti-ageing formula combines natural fruit extracts with an aloe vera gel base providing the perfect serum. The formula helps improve new cell growth and enhance the synthesis of collagen. Aloe helps to repair and heal skin and it\'s antibacterial and antiseptic qualities mean it has a soothing effect on conditions such as eczema and psoriasis. It is water-dense and which means it can help to improve skin tone and lighten the appearance of blemishes and works as an astringent to clean dirt from pores and balance oily skin. It contains complex carbohydrates which make it moisturising and hydrating for dry skin. It\'s anti-inflammatory properties help make it an effective anti-histamine so it is helpful for allergenic conditions such as contact dermatitis. It helps to reduce the signs of ageing by plumping the skin and keeping it supple. The natural fruit extracts in this formula are rich in antioxidants, to fight free-radicals (which can cause premature ageing). Apple extract is high in Vitamins A and C, helping to boost radiance and aid skin cell renewal, as serums penetrate into the deepest layers of the skin to work from within. Pectin encourages elimination of bacteria so that skin remains clear and radiant. Apple extract, frankincense and myrrh oils help to boost collagen production, keeping skin firm and plump, reducing the appearance of fine lines, wrinkles and dark circles. Gotu kola has anti-inflammatory properties, which reduce puffiness and  encourage collagen production. It is hypoallergenic, so soothing for acne and sensitive skin. The deeply penetrating grapeseed oil is great for skin conditions. Rich in linoleic acid and omega-6 it is mildly astringent and helps to tone skin. Natural oils in hibiscus flowers are purifying and can increase radiance and control breakouts. These oils can also reduce the appearance of age spots, fine lines and wrinkles, boosting elasticity, which helps to firm and lift, by inhibiting the production of the enzyme elastase, which breaks down elastin. Rich in antioxidants, hibiscus can aid a radiant complexion by purifying the skin, citric and malic acids have exfoliating properties which break down dead cells and increase cell turnover. Anthocyanides help to fight free-radicals preventing skin damage and astringent properties reduce the appearance of large pores, preventing clogging. They also have anti-inflammatory properties reducing puffiness and the effects of skin conditions such as eczema. Frankincense and Myrrh are skin healing and reduce the appearance of scarring, they boost collagen and elastin production to reduce the signs of ageing. You\'ll probably recognise both Frankincense and Myrrh as two of the three valuable gifts given by the three wise men. Why are they so special? \n\nFabulous Frankincense\n\nFrankincense has long been revered for it\'s many positive properties for thousands of years. \nIt is known for toning, rejuvenating, repairing, invigorating, antiseptic, anti-inflammatory healing, soothing, uplifting and also calming properties. It\'s truly an all-rounder. It was used by the Egyptians as part of the embalming process, which is one of the reasons it is a key ingredient in anti-ageing skincare. It also has a fabulous woody scent which is both calming during meditation and invigorating for the mind. \n\nMiraculous Myrrh\n\nMyrrh is another amazing tree sap. The antiseptic qualities of Myrrh help to repair wounds, condition dry and damaged skin and Myrrh acts as an anti-ageing treatment that slows the appearance of fine lines and wrinkles. Myrrh also has great well-being properties. It aids focus because of it\'s stimulating effect and strengthens emotions, helping to gain a sense of purpose and resolve to overcome difficulties. \nIt\'s sweet, woody, warm and aromatic fragrance, much like frankincense make them a great combination. They share many healing and preservative qualities.',NULL,NULL,NULL,NULL,'Aqua, Glycerine (veg), Phenoxyethanol & Ethylhexylglycerin, Carbomer, Aloe barbadensis Leaf Powder, Sodium Hydroxide, Sodium hyaluronate, Polysorbate 20, Pyrus Malus (Apple) Fruit Extract, Centella asiatica (Gotu Kola) extract, Oryza Sativa (Rice) Bran oil, Vitis Vinifera (Grape) Seed oil, ?-Tocopherol (Vitamin E), Hibiscus Sabdariffa flower extract, Boswellia sacra oil (Frankincense essential oil), Commiphora myrrha oil (Myrrh essential oil), Cedrus Atlantica (Cedarwood) Bark Oil, **Limonene **Naturally occuring in essential oils','DIRECTIONS: Apply with a cotton pad after cleansing.\n\nWARNINGS: For external use only, avoid direct contact with the eyes. Keep out of reach of children. Store in a cool dry place out of direct sunlight.',NULL,NULL,NULL),(3,'Fabulous Frankincense Renewal Cream','A nourishing cream, with Frankincense and Myrrh which boosts collagen production, plumping skin and reducing signs of ageing',NULL,NULL,'This natural moisturiser contains a range of fruit extracts to help firm and tone the skin. The natural fatty acid content of passionfruit oil, rich in Vitamin C and antioxidants, give the cream skin plumping properties, resulting in younger-looking skin, boosting radiance and helping to even out skin texture and tone by regulating sebum production. Fatty acids are deeply hydrating and help to lock in moisture. A high concentration of linoleic acid reduces inflammation and antioxidants fight skin damaging free-radicals (which can cause premature ageing). High in active enzymes and vitamins A, C and E, fig extract promotes exfoliation, eliminates dead skin cells and helps to unclog pores, reducing occurrence of spots. It acts as an emollient to soften, smooth and deeply nourish dry skin. \n\nFabulous Frankincense\n\nFrankincense has long been revered for it\'s many positive properties for thousands of years. \nIt is known for toning, rejuvenating, repairing, invigorating, antiseptic, anti-inflammatory healing, soothing, uplifting and also calming properties. It\'s truly an all-rounder. It was used by the Egyptians as part of the embalming process, which is one of the reasons it is a key ingredient in anti-ageing skincare. It also has a fabulous woody scent which is both calming during meditation and invigorating for the mind. \n\nMiraculous Myrrh\n\nMyrrh is another amazing tree sap. The antiseptic qualities of Myrrh help to repair wounds, condition dry and damaged skin and Myrrh acts as an anti-ageing treatment that slows the appearance of fine lines and wrinkles. Myrrh also has great well-being properties. It aids focus because of it\'s stimulating effect and strengthens emotions, helping to gain a sense of purpose and resolve to overcome difficulties. It\'s sweet, woody, warm and aromatic fragrance, much like frankincense make them a great combination. They share many healing and preservative qualities.',NULL,NULL,NULL,NULL,'Aqua, Prunus armeniaca (Apricot) kernel oil, Cetearyl alcohol & Polysorbate 60, Helianthus Annuus (Sunflower) seed oil, Glycerine (veg), Olea Europaea (Olive) oil, Cocos Nucifera (Coconut) oil, Butyrospermum parkii (Shea Butter), Phenoxyethanol and Ethylhexylglycerin, Stearic acid, Zinc Oxide, Aveena Sativa (Oat Silk) meal extract, Allantoin, ?-Tocopherol (Vitamin E), Sodium hyaluronate, Xanthan gum, Triticum Vulgare Germ (Wheatgerm) oil, Persea Gratissima (Avocado) oil, Argania Spinosa (Argan) Kernel oil, Arnica montana flower extract, Passiflora Incarnata (Passionfruit) seed oil, Camellia Sinensis leaf (Green Tea extract), Ficus Carica (Fig) fruit extract, Vaccinium Angustifolium (Blueberry) fruit extract, Prunus Domestica (Plum) seed oil, Boswellia sacra oil (Frankincense essential oil), Commiphora myrrha oil (Myrrh essential oil), Cedrus Atlantica (Cedarwood) Bark Oil, **Limonene **Naturally occuring in essential oils','DIRECTIONS: After cleansing and toning, apply a small amount to face and neck, morning and evening.\n\nWARNINGS: For external use only, avoid direct contact with the eyes. Keep out of reach of children. Store in a cool dry place out of direct sunlight.\n',NULL,NULL,NULL),(4,'Radiance Boost Cleanser','A skin brightening cleanser with grapefruit and anti-oxidant rich fruit extracts to fight free-radicals and protect skin from pollutant damage',NULL,NULL,'Our radiance boosting cleaner provides essential vitamins and minerals, blended with natural brightening fruit extracts. Packed with antioxidants, papaya, cranberry, strawberry and watermelon extracts have anti-inflammatory and anti-ageing properties and are a natural source of vitamins A, C and E. Vitamins and minerals help to strengthen immunity and eliminate free-radicals that can damage skin. Large concentrations of beta-carotene and bioflavonoids help skin to respond to biological challenges, protecting from viruses, carcinogens and allergens. Enzymes help to treat dry skin and lock in moisture. They also help to remove dead skin cells, reducing the appearance of wrinkles and acting as a natural bleaching agent to reduce dark circles. Linoleic, salicylic and ellagic acids help remove dead cells and impurities, fighting inflammation and tightening pores. They increase cell survival and viability by decreasing DNA damage caused by UV exposure. The fast absorbing oils are deeply penetrating and moisturising.',NULL,NULL,NULL,NULL,'Aqua, Prunus armeniaca (Apricot) Kernel oil, Emulsifying wax NF (Cetearyl alcohol & Polysorbate 60), Helianthus Annus (Sunflower) Seed oil, Cocos Nucifera (Coconut) oil, Castile (Aqua, Potassium Oleate, Potassium Cocoate, Glycerin, Potassium Citrate, Citric Acid), Persea Gratissima (Avocado) oil, Glycerine (veg), Phenoxyethanol and Ethylhexylglycerin, Stearic acid, Xanthan gum, Avena sativa  (Oat silk)  meal extract, Carica Papaya (Papaya) Fruit Extract, Vaccinium Macrocarpon (Cranberry) Fruit extract, Fragaria Vesca (Stawberry) fruit extract, Citrullus Lanatus (Watermelon) seed oil, Lemon essential oil (Citrus Medica Limonum Peel oil), Grapefruit essential oil (Citrus Grandis Peel Oil) **Limonene ** Naturally occurring in essential oils','DIRECTIONS: Apply a small amount to damp skin, avoiding the eye area, massage in gently and rinse off.\n\nWARNINGS: For external use only, avoid direct contact with the eyes. Keep out of reach of children. Store in a cool dry place out of direct sunlight.',NULL,NULL,NULL),(5,'Delivery',NULL,NULL,NULL,NULL,NULL,NULL,NULL,NULL,NULL,NULL,NULL,NULL,NULL),(6,'Skinfood set of 4','A full skincare routine bundle. Cleanser, toner, serum and moisturiser, to keep your skin refreshed, rejuvenated and looking it’s best.',NULL,NULL,'CLEANSER\n\nAnti-ageing and moisturising Cranberry and Strawberry extracts and brightening Papaya, leaves skin refreshed and radiant. \n\nTONER\n\nAntioxidant boosting Vitamin C and soothing Camphor, leaves skin feeling refreshed. \n\n\nSERUM\n\nAntioxidant Frankincense,  Myrrh, Apple, Gotu Kola, Aloe and Grapeseed extracts help to tone and  brighten skin, reducing blemishes and signs of ageing. \n \nCREAM\n\nAntioxidant-rich Frankincense, Myrrh, Blueberry, Plum and Passionfruit oils nourish and repair skin, reducing the signs of ageing.',NULL,NULL,NULL,NULL,'CLEANSER\n\nAqua, Prunus armeniaca (Apricot) Kernel oil, Emulsifying wax NF (Cetearyl alcohol & Polysorbate 60), Helianthus Annus (Sunflower) Seed oil, Cocos Nucifera (Coconut) oil, Castile (Aqua, Potassium Oleate, Potassium Cocoate, Glycerin, Potassium Citrate, Citric Acid), Persea Gratissima (Avocado) oil, Glycerine (veg), Phenoxyethanol and Ethylhexylglycerin, Stearic acid, Xanthan gum, Avena sativa  (Oat silk)  meal extract, Carica Papaya (Papaya) Fruit Extract, Vaccinium Macrocarpon (Cranberry) Fruit extract, Fragaria Vesca (Stawberry) fruit extract, Citrullus Lanatus (Watermelon) seed oil, Lemon essential oil (Citrus Medica Limonum Peel oil), Grapefruit essential oil (Citrus Grandis Peel Oil) **Limonene ** Naturally occurring in essential oils\n\nTONER\n\nWater (Aqua), Witch Hazel BPC/USP Distilled 14% (Hammamelis virginiana, aqua alcohol), Oat silk extract (Avena sativa meal extract), Vegetable glycerine, (Glycerine (veg)), Polysorbate 20, Potassium Sorbate & Sodium Benzoate, Aloe Vera Leaf Powder (Aloe Barbadensis leaf powder), Vitamin C (Sodium Ascorbyl Phosphate), Allantoin, Camphor white essential oil (Cinnamomum camphora) Ciric acid (Citric acid), Phenoxyethanol\n\nSERUM\n\nAqua, Glycerine (veg), Phenoxyethanol & Ethylhexylglycerin, Carbomer, Aloe barbadensis Leaf Powder, Sodium Hydroxide, Sodium hyaluronate, Polysorbate 20, Pyrus Malus (Apple) Fruit Extract, Centella asiatica (Gotu Kola) extract, Oryza Sativa (Rice) Bran oil, Vitis Vinifera (Grape) Seed oil, ?-Tocopherol (Vitamin E), Hibiscus Sabdariffa flower extract, Boswellia sacra oil (Frankincense essential oil), Commiphora myrrha oil (Myrrh essential oil), Cedrus Atlantica (Cedarwood) Bark Oil, **Limonene **Naturally occuring in essential oils\n \nCREAM\n\n Aqua, Prunus armeniaca (Apricot) kernel oil, Cetearyl alcohol & Polysorbate 60, Helianthus Annuus (Sunflower) seed oil, Glycerine (veg), Olea Europaea (Olive) oil, Cocos Nucifera (Coconut) oil, Butyrospermum parkii (Shea Butter), Phenoxyethanol and Ethylhexylglycerin, Stearic acid, Zinc Oxide, Aveena Sativa (Oat Silk) meal extract, Allantoin, ?-Tocopherol (Vitamin E), Sodium hyaluronate, Xanthan gum, Triticum Vulgare Germ (Wheatgerm) oil, Persea Gratissima (Avocado) oil, Argania Spinosa (Argan) Kernel oil, Arnica montana flower extract, Passiflora Incarnata (Passionfruit) seed oil, Camellia Sinensis leaf (Green Tea extract), Ficus Carica (Fig) fruit extract, Vaccinium Angustifolium (Blueberry) fruit extract, Prunus Domestica (Plum) seed oil, Boswellia sacra oil (Frankincense essential oil), Commiphora myrrha oil (Myrrh essential oil), Cedrus Atlantica (Cedarwood) Bark Oil, **Limonene **Naturally occuring in essential oils ','For best results use the products in this order.\n\nCLEANSER\n\nDIRECTIONS: Apply a small amount to damp skin, avoiding the eye area, massage in gently and rinse off.\n\nWARNINGS: For external use only, avoid direct contact with the eyes. Keep out of reach of children. Store in a cool dry place out of direct sunlight.\n\nTONER\n\nDIRECTIONS: Apply with a cotton pad after cleansing.\n\nWARNINGS: For external use only, avoid direct contact with the eyes. Keep out of reach of children. Store in a cool dry place out of direct sunlight.\n\nSERUM\n\nDIRECTIONS: After cleansing and toning, apply a small amount to face and neck, morning and evening.\n\nWARNINGS: For external use only, avoid direct contact with the eyes. Keep out of reach of children. Store in a cool dry place out of direct sunlight.\n \nCREAM\n\nDIRECTIONS: After cleansing and toning, apply a small amount to face and neck, morning and evening.\n\nWARNINGS: For external use only, avoid direct contact with the eyes. Keep out of reach of children. Store in a cool dry place out of direct sunlight.',NULL,NULL,NULL),(7,'Skinfood set of 3','The set of 3 main products for a daily skincare routine to leave skin refreshed, radiant and deeply moisturised. Cleanser, toner and moisturiser.',NULL,NULL,'CLEANSER\n\nAnti-ageing and moisturising Cranberry and Strawberry extracts and brightening Papaya, leaves skin refreshed and radiant. \n\nTONER\n\nAntioxidant boosting Vitamin C and soothing Camphor, leaves skin feeling refreshed. \n \nCREAM\n\nAntioxidant-rich Frankincense, Myrrh, Blueberry, Plum and Passionfruit oils nourish and repair skin, reducing the signs of ageing. ',NULL,NULL,NULL,NULL,'CLEANSER\n\nAqua, Prunus armeniaca (Apricot) Kernel oil, Emulsifying wax NF (Cetearyl alcohol & Polysorbate 60), Helianthus Annus (Sunflower) Seed oil, Cocos Nucifera (Coconut) oil, Castile (Aqua, Potassium Oleate, Potassium Cocoate, Glycerin, Potassium Citrate, Citric Acid), Persea Gratissima (Avocado) oil, Glycerine (veg), Phenoxyethanol and Ethylhexylglycerin, Stearic acid, Xanthan gum, Avena sativa  (Oat silk)  meal extract, Carica Papaya (Papaya) Fruit Extract, Vaccinium Macrocarpon (Cranberry) Fruit extract, Fragaria Vesca (Stawberry) fruit extract, Citrullus Lanatus (Watermelon) seed oil, Lemon essential oil (Citrus Medica Limonum Peel oil), Grapefruit essential oil (Citrus Grandis Peel Oil) **Limonene ** Naturally occurring in essential oils\n\nTONER\n\nWater (Aqua), Witch Hazel BPC/USP Distilled 14% (Hammamelis virginiana, aqua alcohol), Oat silk extract (Avena sativa meal extract), Vegetable glycerine, (Glycerine (veg)), Polysorbate 20, Potassium Sorbate & Sodium Benzoate, Aloe Vera Leaf Powder (Aloe Barbadensis leaf powder), Vitamin C (Sodium Ascorbyl Phosphate), Allantoin, Camphor white essential oil (Cinnamomum camphora) Ciric acid (Citric acid), Phenoxyethanol\n \nCREAM\n\n Aqua, Prunus armeniaca (Apricot) kernel oil, Cetearyl alcohol & Polysorbate 60, Helianthus Annuus (Sunflower) seed oil, Glycerine (veg), Olea Europaea (Olive) oil, Cocos Nucifera (Coconut) oil, Butyrospermum parkii (Shea Butter), Phenoxyethanol and Ethylhexylglycerin, Stearic acid, Zinc Oxide, Aveena Sativa (Oat Silk) meal extract, Allantoin, ?-Tocopherol (Vitamin E), Sodium hyaluronate, Xanthan gum, Triticum Vulgare Germ (Wheatgerm) oil, Persea Gratissima (Avocado) oil, Argania Spinosa (Argan) Kernel oil, Arnica montana flower extract, Passiflora Incarnata (Passionfruit) seed oil, Camellia Sinensis leaf (Green Tea extract), Ficus Carica (Fig) fruit extract, Vaccinium Angustifolium (Blueberry) fruit extract, Prunus Domestica (Plum) seed oil, Boswellia sacra oil (Frankincense essential oil), Commiphora myrrha oil (Myrrh essential oil), Cedrus Atlantica (Cedarwood) Bark Oil, **Limonene **Naturally occuring in essential oils ','For best results use the products in this order.\n\nCLEANSER\n\nDIRECTIONS: Apply a small amount to damp skin, avoiding the eye area, massage in gently and rinse off.\n\nWARNINGS: For external use only, avoid direct contact with the eyes. Keep out of reach of children. Store in a cool dry place out of direct sunlight.\n\nTONER\n\nDIRECTIONS: Apply with a cotton pad after cleansing.\n\nWARNINGS: For external use only, avoid direct contact with the eyes. Keep out of reach of children. Store in a cool dry place out of direct sunlight.\n \nCREAM\n\nDIRECTIONS: After cleansing and toning, apply a small amount to face and neck, morning and evening.\n\nWARNINGS: For external use only, avoid direct contact with the eyes. Keep out of reach of children. Store in a cool dry place out of direct sunlight.',NULL,NULL,NULL),(8,'Fabulous Frankincense Serum and Renewal Cream Duo','Set of two products, the serum and cream, to help keep your skin rejuvenated  deeply moisturised and protected from the elements and harmful pollutants.',NULL,NULL,'SERUM\n\nAntioxidant Frankincense,  Myrrh, Apple, Gotu Kola, Aloe and Grapeseed extracts help to tone and  brighten skin, reducing blemishes and signs of ageing. \n \nCREAM\n\nAntioxidant-rich Frankincense, Myrrh, Blueberry, Plum and Passionfruit oils nourish and repair skin, reducing the signs of ageing. ',NULL,NULL,NULL,NULL,'SERUM\n\nAqua, Glycerine (veg), Phenoxyethanol & Ethylhexylglycerin, Carbomer, Aloe barbadensis Leaf Powder, Sodium Hydroxide, Sodium hyaluronate, Polysorbate 20, Pyrus Malus (Apple) Fruit Extract, Centella asiatica (Gotu Kola) extract, Oryza Sativa (Rice) Bran oil, Vitis Vinifera (Grape) Seed oil, ?-Tocopherol (Vitamin E), Hibiscus Sabdariffa flower extract, Boswellia sacra oil (Frankincense essential oil), Commiphora myrrha oil (Myrrh essential oil), Cedrus Atlantica (Cedarwood) Bark Oil, **Limonene **Naturally occuring in essential oils\n \nCREAM\n\n Aqua, Prunus armeniaca (Apricot) kernel oil, Cetearyl alcohol & Polysorbate 60, Helianthus Annuus (Sunflower) seed oil, Glycerine (veg), Olea Europaea (Olive) oil, Cocos Nucifera (Coconut) oil, Butyrospermum parkii (Shea Butter), Phenoxyethanol and Ethylhexylglycerin, Stearic acid, Zinc Oxide, Aveena Sativa (Oat Silk) meal extract, Allantoin, ?-Tocopherol (Vitamin E), Sodium hyaluronate, Xanthan gum, Triticum Vulgare Germ (Wheatgerm) oil, Persea Gratissima (Avocado) oil, Argania Spinosa (Argan) Kernel oil, Arnica montana flower extract, Passiflora Incarnata (Passionfruit) seed oil, Camellia Sinensis leaf (Green Tea extract), Ficus Carica (Fig) fruit extract, Vaccinium Angustifolium (Blueberry) fruit extract, Prunus Domestica (Plum) seed oil, Boswellia sacra oil (Frankincense essential oil), Commiphora myrrha oil (Myrrh essential oil), Cedrus Atlantica (Cedarwood) Bark Oil, **Limonene **Naturally occuring in essential oils ','SERUM\n\nDIRECTIONS: After cleansing and toning, apply a small amount to face and neck, morning and evening.\n\nWARNINGS: For external use only, avoid direct contact with the eyes. Keep out of reach of children. Store in a cool dry place out of direct sunlight.\n \nCREAM\n\nDIRECTIONS: After cleansing and toning, apply a small amount to face and neck, morning and evening.\n\nWARNINGS: For external use only, avoid direct contact with the eyes. Keep out of reach of children. Store in a cool dry place out of direct sunlight.',NULL,NULL,NULL),(9,'test product',NULL,NULL,NULL,NULL,NULL,NULL,NULL,NULL,NULL,NULL,NULL,NULL,NULL),(10,'Trial Kit','PLEASE NOTE: kits are temporarily unavailable through the website. To order please visit https://quirky.im/product/skinfood-trial-kit-copy/',NULL,NULL,'A trial kit containing 20g/ml versions of each of the 4 Skinfood products. A great way to see if you like them or whether they suit your skin, without spending a fortune\n\nEach kit contains 4 mini products in blue glass bottles and jars, a directions for use leaflet and an information leaflet and comes in an organza bag. These kits are also ideal for taking on your short breaks and trips away.\n\n20g Radiance Boost Cleanser\n20ml Purifying Witch Hazel Toner\n20g Fabulous Frankincense Serum\n20g Fabulous Frankincense Renewal Cream\n',NULL,NULL,NULL,NULL,'Radiance Boost Cleanser\n\nAqua, Prunus armeniaca (Apricot) Kernel oil, Emulsifying wax NF (Cetearyl alcohol & Polysorbate 60), Helianthus Annus (Sunflower) Seed oil, Cocos Nucifera (Coconut) oil, Castile (Aqua, Potassium Oleate, Potassium Cocoate, Glycerin, Potassium Citrate, Citric Acid), Persea Gratissima (Avocado) oil, Glycerine (veg), Phenoxyethanol and Ethylhexylglycerin, Stearic acid, Xanthan gum, Avena sativa (Oat silk) meal extract, Carica Papaya (Papaya) Fruit Extract, Vaccinium Macrocarpon (Cranberry) Fruit extract, Fragaria Vesca (Stawberry) fruit extract, Citrullus Lanatus (Watermelon) seed oil, Lemon essential oil (Citrus Medica Limonum Peel oil), Grapefruit essential oil (Citrus Grandis Peel Oil) **Limonene ** Naturally occurring in essential oils\n\n\nPurifying Witch Hazel Toner\n\nWater (Aqua), Witch Hazel BPC/USP Distilled 14% (Hammamelis virginiana, aqua alcohol), Oat silk extract (Avena sativa meal extract), Vegetable glycerine, (Glycerine (veg)), Polysorbate 20, Potassium Sorbate & Sodium Benzoate, Aloe Vera Leaf Powder (Aloe Barbadensis leaf powder), Vitamin C (Sodium Ascorbyl Phosphate), Allantoin, Camphor white essential oil (Cinnamomum camphora) Ciric acid (Citric acid), Phenoxyethanol\n\n\nFabulous Frankincense Serum\n\nAqua, Glycerine (veg), Phenoxyethanol & Ethylhexylglycerin, Carbomer, Aloe barbadensis Leaf Powder, Sodium Hydroxide, Sodium hyaluronate, Polysorbate 20, Pyrus Malus (Apple) Fruit Extract, Centella asiatica (Gotu Kola) extract, Oryza Sativa (Rice) Bran oil, Vitis Vinifera (Grape) Seed oil, ?-Tocopherol (Vitamin E), Hibiscus Sabdariffa flower extract, Boswellia sacra oil (Frankincense essential oil), Commiphora myrrha oil (Myrrh essential oil), Cedrus Atlantica (Cedarwood) Bark Oil, **Limonene **Naturally occuring in essential oils\n\n\nFabulous Frankincense Renewal Cream\n\nAqua, Prunus armeniaca (Apricot) kernel oil, Cetearyl alcohol & Polysorbate 60, Helianthus Annuus (Sunflower) seed oil, Glycerine (veg), Olea Europaea (Olive) oil, Cocos Nucifera (Coconut) oil, Butyrospermum parkii (Shea Butter), Phenoxyethanol and Ethylhexylglycerin, Stearic acid, Zinc Oxide, Aveena Sativa (Oat Silk) meal extract, Allantoin, ?-Tocopherol (Vitamin E), Sodium hyaluronate, Xanthan gum, Triticum Vulgare Germ (Wheatgerm) oil, Persea Gratissima (Avocado) oil, Argania Spinosa (Argan) Kernel oil, Arnica montana flower extract, Passiflora Incarnata (Passionfruit) seed oil, Camellia Sinensis leaf (Green Tea extract), Ficus Carica (Fig) fruit extract, Vaccinium Angustifolium (Blueberry) fruit extract, Prunus Domestica (Plum) seed oil, Boswellia sacra oil (Frankincense essential oil), Commiphora myrrha oil (Myrrh essential oil), Cedrus Atlantica (Cedarwood) Bark Oil, **Limonene **Naturally occuring in essential oils\n','Radiance Boost Cleanser\n\nDIRECTIONS: Apply a small amount to damp skin, avoiding the eye area, massage in gently and rinse off.\n\nWARNINGS: For external use only, avoid direct contact with the eyes. Keep out of reach of children. Store in a cool dry place out of direct sunlight.\n\n\nPurifying Witch Hazel Toner\n\nDIRECTIONS: Apply with a cotton pad after cleansing.\n\nWARNINGS: For external use only, avoid direct contact with the eyes. Keep out of reach of children. Store in a cool dry place out of direct sunlight.\n\n\nFabulous Frankincense Serum\n\nDIRECTIONS: Apply with a cotton pad after cleansing.\n\nWARNINGS: For external use only, avoid direct contact with the eyes. Keep out of reach of children. Store in a cool dry place out of direct sunlight.\n\n\nFabulous Frankincense Renewal Cream\n\nDIRECTIONS: After cleansing and toning, apply a small amount to face and neck, morning and evening.\n\nWARNINGS: For external use only, avoid direct contact with the eyes. Keep out of reach of children. Store in a cool dry place out of direct sunlight.',NULL,NULL,NULL),(11,'IOM Chamber of Commerce members 10% Discount','10% Discount on products (excludes delivery charges)',NULL,NULL,NULL,NULL,NULL,NULL,NULL,NULL,NULL,NULL,NULL,NULL),(12,'New mailing list subscriber 10% Discount','10% Discount on products (excludes delivery charges)',NULL,NULL,NULL,NULL,NULL,NULL,NULL,NULL,NULL,NULL,NULL,NULL),(13,'FINEST10 - Finest.im','10% Discount on qualifying products',NULL,NULL,NULL,NULL,NULL,NULL,NULL,NULL,NULL,NULL,NULL,NULL);

--
-- Table structure for table `payment_method`
--

CREATE TABLE `payment_method` (
  `payment_method_id` int(11) NOT NULL AUTO_INCREMENT,
  `payment_method_name` varchar(50) DEFAULT NULL,
  PRIMARY KEY (`payment_method_id`)
) ENGINE=MyISAM AUTO_INCREMENT=7 DEFAULT CHARSET=latin1 PACK_KEYS=1;

--
-- Dumping data for table `payment_method`
--

INSERT INTO `payment_method` VALUES (1,'internal'),(2,'worldpay'),(3,'ProTX'),(4,'Secure Trading'),(5,'HSBC'),(6,'Nochex');

--
-- Table structure for table `price_band_zone_link`
--

CREATE TABLE `price_band_zone_link` (
  `price_band_id` int(11) NOT NULL DEFAULT '0',
  `zone_id` int(11) NOT NULL DEFAULT '0',
  `price_band_zone_link_id` int(11) NOT NULL AUTO_INCREMENT,
  PRIMARY KEY (`price_band_zone_link_id`)
) ENGINE=MyISAM DEFAULT CHARSET=latin1;

--
-- Dumping data for table `price_band_zone_link`
--


--
-- Table structure for table `prod_attribute_delivery_product_id_link`
--

CREATE TABLE `prod_attribute_delivery_product_id_link` (
  `prod_attrib_del_prod_id` int(11) NOT NULL AUTO_INCREMENT,
  `retailer_prod_attrib_id` int(11) NOT NULL DEFAULT '0',
  `product_id` int(11) NOT NULL DEFAULT '0',
  PRIMARY KEY (`prod_attrib_del_prod_id`),
  KEY `attribute` (`retailer_prod_attrib_id`),
  KEY `product` (`product_id`),
  KEY `attribute_product` (`retailer_prod_attrib_id`,`product_id`)
) ENGINE=MyISAM DEFAULT CHARSET=latin1;

--
-- Dumping data for table `prod_attribute_delivery_product_id_link`
--


--
-- Table structure for table `prod_cat_link`
--

CREATE TABLE `prod_cat_link` (
  `prod_cat_id` int(11) NOT NULL AUTO_INCREMENT,
  `product_id` int(11) NOT NULL DEFAULT '0',
  `category_id` int(11) NOT NULL DEFAULT '0',
  PRIMARY KEY (`prod_cat_id`),
  KEY `product_id` (`product_id`)
) ENGINE=MyISAM AUTO_INCREMENT=15 DEFAULT CHARSET=latin1;

--
-- Dumping data for table `prod_cat_link`
--

INSERT INTO `prod_cat_link` VALUES (1,1,2),(2,2,2),(3,3,2),(4,4,2),(5,2,3),(6,4,3),(7,3,3),(8,1,3),(9,6,2),(10,8,2),(11,7,2),(13,10,2),(14,10,3);

--
-- Table structure for table `product`
--

CREATE TABLE `product` (
  `product_id` int(11) NOT NULL AUTO_INCREMENT,
  `retailer_id` int(10) NOT NULL DEFAULT '0',
  `merchandise_id` int(10) NOT NULL DEFAULT '0',
  `price` float(10,2) NOT NULL DEFAULT '0.00',
  `future_pay` char(1) DEFAULT NULL,
  `record_deleted` char(1) DEFAULT 'n',
  `prod_cat_force_order` int(11) DEFAULT NULL,
  `zero_stock_no_order` char(1) NOT NULL DEFAULT 'n',
  `retailer_tax_id` int(11) DEFAULT NULL,
  `stock_level` int(11) DEFAULT NULL,
  `product_type_name` char(10) NOT NULL DEFAULT 'NORMAL',
  `imported_by_profile` varchar(255) DEFAULT NULL,
  `external_code` varchar(255) DEFAULT NULL,
  `internal_code` varchar(255) DEFAULT NULL,
  `master_product_id` int(11) DEFAULT NULL,
  `reorder_level` int(11) DEFAULT NULL,
  `purchase_price` decimal(10,2) DEFAULT NULL,
  `warehouse_id` int(11) DEFAULT NULL,
  `supplier_id` int(11) DEFAULT NULL,
  `is_changed` char(1) DEFAULT 'n',
  `location` varchar(255) DEFAULT NULL,
  `no_customer_discount` char(1) NOT NULL DEFAULT 'n',
  `vat_rate_id` int(11) DEFAULT NULL,
  `reorder_quantity` int(11) DEFAULT NULL,
  PRIMARY KEY (`product_id`),
  UNIQUE KEY `product_id` (`product_id`),
  KEY `product_id_2` (`product_id`),
  KEY `external_code` (`external_code`),
  KEY `internal_code` (`internal_code`)
) ENGINE=MyISAM AUTO_INCREMENT=14 DEFAULT CHARSET=latin1 PACK_KEYS=1;

--
-- Dumping data for table `product`
--

INSERT INTO `product` VALUES (1,11700,1,26.00,NULL,'n',NULL,'n',NULL,50,'NORMAL','csv_importer','SFT001','SFT001',NULL,NULL,NULL,NULL,NULL,'y',NULL,'n',NULL,NULL),(2,11700,2,45.00,NULL,'n',NULL,'n',NULL,50,'NORMAL','csv_importer','SFS001','SFS001',NULL,NULL,NULL,NULL,NULL,'y',NULL,'n',NULL,NULL),(3,11700,3,35.00,NULL,'n',NULL,'n',NULL,50,'NORMAL','csv_importer','SFRC001','SFRC001',NULL,NULL,NULL,NULL,NULL,'y',NULL,'n',NULL,NULL),(4,11700,4,26.00,NULL,'n',NULL,'n',NULL,50,'NORMAL','csv_importer','SFC001','SFC001',NULL,NULL,NULL,NULL,NULL,'y',NULL,'n',NULL,NULL),(5,11700,5,0.00,NULL,'n',NULL,'n',NULL,NULL,'DELIVERY',NULL,NULL,NULL,NULL,NULL,NULL,NULL,NULL,'n',NULL,'n',NULL,NULL),(6,11700,6,114.45,NULL,'n',NULL,'n',NULL,20,'NORMAL',NULL,'SFMP4','SFMP4',NULL,NULL,NULL,NULL,NULL,'n',NULL,'n',NULL,NULL),(7,11700,7,73.95,NULL,'n',NULL,'n',NULL,20,'NORMAL',NULL,'SFMP3','SFMP3',NULL,NULL,NULL,NULL,NULL,'n',NULL,'n',NULL,NULL),(8,11700,8,72.00,NULL,'n',NULL,'n',NULL,20,'NORMAL',NULL,'SFMP2','SFMP2',NULL,NULL,NULL,NULL,NULL,'y',NULL,'n',NULL,NULL),(9,11700,9,1.00,NULL,'n',NULL,'n',NULL,1,'NORMAL',NULL,NULL,NULL,NULL,NULL,NULL,NULL,NULL,'n',NULL,'n',NULL,NULL),(10,11700,10,20.00,NULL,'n',NULL,'y',NULL,0,'NORMAL',NULL,'TrialKit','TrialKit',NULL,NULL,NULL,NULL,NULL,'y',NULL,'n',NULL,NULL),(11,11700,11,0.00,NULL,'n',NULL,'n',NULL,NULL,'VOUCHER',NULL,NULL,NULL,NULL,NULL,NULL,NULL,NULL,'n',NULL,'n',NULL,NULL),(12,11700,12,0.00,NULL,'n',NULL,'n',NULL,NULL,'VOUCHER',NULL,NULL,NULL,NULL,NULL,NULL,NULL,NULL,'n',NULL,'n',NULL,NULL),(13,11700,13,0.00,NULL,'n',NULL,'n',NULL,NULL,'VOUCHER',NULL,NULL,NULL,NULL,NULL,NULL,NULL,NULL,'n',NULL,'n',NULL,NULL);

--
-- Table structure for table `product_allowed_item_values`
--

CREATE TABLE `product_allowed_item_values` (
  `prod_allow_item_val_id` int(11) NOT NULL AUTO_INCREMENT,
  `product_id` int(11) NOT NULL DEFAULT '0',
  `attribute_id` int(11) NOT NULL DEFAULT '0',
  `item_attrib_value_id` int(11) NOT NULL DEFAULT '0',
  PRIMARY KEY (`prod_allow_item_val_id`),
  KEY `product_id` (`product_id`),
  KEY `attribute_id` (`attribute_id`),
  KEY `item_attrib_value_id` (`item_attrib_value_id`)
) ENGINE=MyISAM DEFAULT CHARSET=latin1;

--
-- Dumping data for table `product_allowed_item_values`
--


--
-- Table structure for table `product_attribute_link`
--

CREATE TABLE `product_attribute_link` (
  `prod_attrib_link_id` int(11) NOT NULL AUTO_INCREMENT,
  `product_id` int(11) NOT NULL DEFAULT '0',
  `value` text,
  `retailer_prod_attrib_id` int(11) NOT NULL DEFAULT '0',
  PRIMARY KEY (`prod_attrib_link_id`),
  KEY `product_id` (`product_id`)
) ENGINE=MyISAM AUTO_INCREMENT=45 DEFAULT CHARSET=latin1;

--
-- Dumping data for table `product_attribute_link`
--

INSERT INTO `product_attribute_link` VALUES (1,1,'100ml',8),(2,1,'Blue glass bottle',9),(3,1,'198.06g',7),(4,1,'0.198',6),(5,2,'30ml',8),(6,2,'Blue glass bottle',9),(7,2,'82.41g',7),(8,2,'0.83',6),(9,3,'50ml',8),(10,3,'191.54g',7),(11,3,'0.192',6),(12,3,'Blue glass jar',9),(13,4,'0.117',6),(14,4,'117g',7),(15,4,'Blue plastic bottle',9),(16,4,'100ml',8),(17,6,'.655',6),(18,6,'Blue glass bottles & jar, blue plastic botlle',9),(19,6,'100ml x2, 30ml & 50ml',8),(20,7,'0.581',6),(21,7,'100ml  x2 & 50ml',8),(22,7,'Blue glass bottle & jar, blue plastic botlle',9),(23,8,'Blue glass bottle & jar',9),(24,8,'30ml & 50ml',8),(25,8,'0.303',6),(26,9,'0.283',6),(27,3,'567',10),(28,2,'567',10),(29,8,'567',10),(30,1,'567',10),(31,4,'567',10),(32,7,'567',10),(33,6,'567',10),(34,10,'Organza bag',9),(35,10,'1.55',6),(36,10,'283g',7),(37,9,'567',10),(38,9,'80',7),(39,9,'Organza bag',9),(40,3,'id(1)',12),(41,2,'id(1)',12),(42,8,'id(1)',12),(43,1,'id(1)',12),(44,4,'id(1)',12);

--
-- Table structure for table `product_availablity_exclusion`
--

CREATE TABLE `product_availablity_exclusion` (
  `product_availablity_exclusion_id` int(11) NOT NULL AUTO_INCREMENT,
  `product_id` int(11) NOT NULL DEFAULT '0',
  PRIMARY KEY (`product_availablity_exclusion_id`),
  KEY `product_id` (`product_id`)
) ENGINE=MyISAM DEFAULT CHARSET=latin1;

--
-- Dumping data for table `product_availablity_exclusion`
--


--
-- Table structure for table `product_availablity_exclusion_detail`
--

CREATE TABLE `product_availablity_exclusion_detail` (
  `product_availablity_exclusion_detail_id` int(11) NOT NULL AUTO_INCREMENT,
  `product_availablity_exclusion_id` int(11) NOT NULL DEFAULT '0',
  `attribute_id` int(11) NOT NULL DEFAULT '0',
  `item_attrib_value_id` int(11) NOT NULL DEFAULT '0',
  PRIMARY KEY (`product_availablity_exclusion_detail_id`),
  KEY `prod_avail_exclusion_id` (`product_availablity_exclusion_id`)
) ENGINE=MyISAM DEFAULT CHARSET=latin1;

--
-- Dumping data for table `product_availablity_exclusion_detail`
--


--
-- Table structure for table `product_image`
--

CREATE TABLE `product_image` (
  `product_image_id` int(11) NOT NULL AUTO_INCREMENT,
  `product_id` int(11) NOT NULL DEFAULT '0',
  `filename` text,
  `description` text,
  `position` int(11) NOT NULL DEFAULT '0',
  `product_image_type_id` int(11) DEFAULT NULL,
  PRIMARY KEY (`product_image_id`),
  KEY `product_id` (`product_id`)
) ENGINE=MyISAM AUTO_INCREMENT=58 DEFAULT CHARSET=latin1;

--
-- Dumping data for table `product_image`
--

INSERT INTO `product_image` VALUES (6,3,'Fabulous Frankincense Renewal Cream.jpg',NULL,10,NULL),(13,1,'Purifying Witch Hazel Toner - group.jpg',NULL,20,NULL),(8,1,'Purifying Witch Hazel Toner.jpg',NULL,10,NULL),(9,4,'Radiance Boost Cleanser.jpg',NULL,10,NULL),(10,3,'Fabulous Frankincense Renewal Cream - group.jpg',NULL,20,NULL),(11,2,'Fabulous Frankincense Serum.jpg',NULL,10,NULL),(12,2,'Fabulous Frankincense Serum - group.jpg',NULL,20,NULL),(14,4,'Radiance Boost Cleanser - group.jpg',NULL,20,NULL),(15,3,'icon_top_testing.png',NULL,30,4),(16,3,'icon_top_uk.png',NULL,40,4),(17,3,'icon_top_vegan.png',NULL,50,4),(18,2,'icon_top_testing.png',NULL,30,4),(19,2,'icon_top_uk.png',NULL,40,4),(20,2,'icon_top_vegan.png',NULL,50,4),(21,1,'icon_top_testing.png',NULL,30,4),(22,1,'icon_top_uk.png',NULL,40,4),(23,1,'icon_top_vegan.png',NULL,50,4),(24,4,'icon_top_testing.png',NULL,30,4),(25,4,'icon_top_uk.png',NULL,40,4),(26,4,'icon_top_vegan.png',NULL,50,4),(27,7,'SBP19_0126_52658-Edit58.jpg',NULL,10,NULL),(28,7,'icon_top_testing.png',NULL,30,4),(29,7,'icon_top_uk.png',NULL,40,4),(30,7,'icon_top_vegan.png',NULL,50,4),(31,6,'multi4.jpg',NULL,10,NULL),(32,6,'icon_top_testing.png',NULL,20,4),(33,6,'icon_top_uk.png',NULL,30,4),(34,6,'icon_top_vegan.png',NULL,40,4),(35,8,'Fabulous Frankincense  duo.jpg',NULL,10,NULL),(36,8,'icon_top_testing.png',NULL,20,4),(37,8,'icon_top_uk.png',NULL,30,4),(38,8,'icon_top_vegan.png',NULL,40,4),(39,7,'Radiance Boost Cleanser.jpg',NULL,60,NULL),(40,7,'Purifying Witch Hazel Toner.jpg',NULL,70,NULL),(41,7,'Fabulous Frankincense Renewal Cream.jpg',NULL,80,NULL),(42,6,'Radiance Boost Cleanser.jpg',NULL,50,NULL),(43,6,'Purifying Witch Hazel Toner.jpg',NULL,60,NULL),(44,6,'Fabulous Frankincense Serum.jpg',NULL,70,NULL),(45,6,'Fabulous Frankincense Renewal Cream.jpg',NULL,80,NULL),(46,8,'Fabulous Frankincense Serum.jpg',NULL,50,NULL),(47,8,'Fabulous Frankincense Renewal Cream.jpg',NULL,60,NULL),(48,9,'icon_top_testing.png',NULL,30,NULL),(49,9,'icon_top_uk.png',NULL,40,NULL),(50,9,'icon_top_vegan.png',NULL,50,NULL),(51,9,'trial kits 1.jpg',NULL,10,NULL),(52,9,'Trial kits 2.jpg',NULL,20,NULL),(53,10,'Trial kits 2.jpg',NULL,20,NULL),(54,10,'icon_top_testing.png',NULL,30,4),(55,10,'icon_top_uk.png',NULL,40,4),(56,10,'icon_top_vegan.png',NULL,50,4),(57,10,'trial kits 1.jpg',NULL,10,NULL);

--
-- Table structure for table `product_price_link`
--

CREATE TABLE `product_price_link` (
  `product_price_id` int(11) NOT NULL AUTO_INCREMENT,
  `price_band_id` int(11) NOT NULL DEFAULT '0',
  `product_id` int(11) NOT NULL DEFAULT '0',
  `amount` decimal(20,5) DEFAULT NULL,
  `percentage` char(1) NOT NULL DEFAULT 'n',
  PRIMARY KEY (`product_price_id`)
) ENGINE=MyISAM DEFAULT CHARSET=latin1;

--
-- Dumping data for table `product_price_link`
--


--
-- Table structure for table `product_related_product`
--

CREATE TABLE `product_related_product` (
  `product_related_product_id` int(11) NOT NULL AUTO_INCREMENT,
  `product_id` int(11) NOT NULL,
  `related_product_id` int(11) NOT NULL,
  `sort_order` int(11) NOT NULL DEFAULT '0',
  `product_related_type_id` int(11) DEFAULT NULL,
  `description` text,
  PRIMARY KEY (`product_related_product_id`),
  KEY `product_id` (`product_id`),
  KEY `related_product_id` (`related_product_id`)
) ENGINE=MyISAM AUTO_INCREMENT=14848 DEFAULT CHARSET=latin1;

--
-- Dumping data for table `product_related_product`
--

INSERT INTO `product_related_product` VALUES (14835,3,8,0,NULL,NULL),(14834,3,2,0,NULL,NULL),(14837,2,3,0,NULL,NULL),(14836,2,8,0,NULL,NULL),(14839,8,2,0,NULL,NULL),(14838,8,3,0,NULL,NULL),(14843,1,6,0,NULL,NULL),(14842,1,7,0,NULL,NULL),(14841,1,4,0,NULL,NULL),(14840,1,3,0,NULL,NULL),(14847,4,6,0,NULL,NULL),(14846,4,7,0,NULL,NULL),(14845,4,1,0,NULL,NULL),(14844,4,3,0,NULL,NULL),(14829,10,6,0,NULL,NULL),(14830,10,4,0,NULL,NULL),(14831,10,3,0,NULL,NULL),(14832,10,2,0,NULL,NULL),(14833,10,1,0,NULL,NULL);

--
-- Table structure for table `product_spec`
--

CREATE TABLE `product_spec` (
  `product_spec_id` int(11) NOT NULL AUTO_INCREMENT,
  `product_id` int(11) NOT NULL,
  `position` int(11) NOT NULL DEFAULT '0',
  `spec_name` varchar(255) NOT NULL,
  `spec_value` varchar(255) NOT NULL,
  PRIMARY KEY (`product_spec_id`),
  KEY `product_id` (`product_id`)
) ENGINE=InnoDB DEFAULT CHARSET=latin1;

--
-- Dumping data for table `product_spec`
--


--
-- Table structure for table `receipt`
--

CREATE TABLE `receipt` (
  `receipt_id` int(11) NOT NULL AUTO_INCREMENT,
  `basket_id` int(11) NOT NULL,
  `cust_id` int(11) NOT NULL,
  `retailer_id` int(11) NOT NULL,
  `order_complete_date` datetime NOT NULL,
  `payment_method_id` int(11) NOT NULL,
  `order_status_id` int(11) DEFAULT '1',
  `ip_address` varchar(255) DEFAULT NULL,
  `serialized_basket` mediumtext,
  `external_transaction_details` mediumtext,
  `tracking_code` text,
  `external_transaction_provider` varchar(255) DEFAULT NULL,
  `external_transaction_status` varchar(255) DEFAULT NULL,
  PRIMARY KEY (`receipt_id`),
  KEY `basket_id` (`basket_id`),
  KEY `cust_id` (`cust_id`),
  KEY `retailer_id` (`retailer_id`),
  KEY `order_complete_date` (`order_complete_date`),
  KEY `payment_method_id` (`payment_method_id`),
  KEY `order_status_id` (`order_status_id`),
  KEY `ip_address` (`ip_address`)
) ENGINE=InnoDB AUTO_INCREMENT=33 DEFAULT CHARSET=latin1;

--
-- Dumping data for table `receipt`
--

INSERT INTO `receipt` VALUES (1,5,16,11700,'2020-02-24 09:57:32',4,1,NULL,'{\"order\":{\"media_code\":\"11700\",\"basket\":{\"card_auth_code\":\"TEST32\",\"payment_method_id\":\"4\",\"item_group\":[{\"related_item\":[],\"main_item\":{\"product_attribute\":[{\"name\":\"Weight\",\"value\":\"0.198\",\"id\":\"6\"},{\"name\":\"Weight Displayed\",\"value\":\"198.06g\",\"id\":\"7\"},{\"id\":\"8\",\"value\":\"100ml\",\"name\":\"Volume\"},{\"id\":\"9\",\"name\":\"Packaging\",\"value\":\"Blue glass bottle\"}],\"item_attribute\":[],\"item\":{\"quantity\":\"1\",\"value_to_pay\":null},\"product\":{\"price\":\"26.00\",\"external_code\":\"SF002\",\"internal_code\":\"SF002\",\"product_id\":\"1\",\"merchandise_name\":\"Purifying Witch Hazel Toner\"}}},{\"main_item\":{\"item_attribute\":[],\"product_attribute\":[],\"item\":{\"quantity\":\"1\",\"value_to_pay\":\"4.50\"},\"product\":{\"product_id\":\"5\",\"merchandise_name\":\"Delivery\",\"external_code\":null,\"internal_code\":null,\"price\":\"0.00\"}},\"related_item\":[]}],\"attributes\":[{\"attribute_name\":\"Terms & Conditions\",\"retailer_basket_attrib_id\":\"1\",\"value\":\"accept\"},{\"retailer_basket_attrib_id\":\"4\",\"attribute_name\":\"Delivery Type\",\"value\":\"Standard\"}],\"basket_id\":\"5\",\"last_access\":\"2020-02-24\",\"order_complete\":\"Y\",\"new_order_notify_sent\":\"n\",\"subtotal\":null,\"transaction_xml_exported\":\"n\",\"trans_cust_info_xml_exported\":\"n\",\"external_trans_id\":\"6-9-5124777\",\"payment_fail_why\":null,\"ip_address\":null,\"currency_code\":null,\"basket_source\":null,\"cust_id\":\"16\",\"price_band_id\":null,\"retailer_order_status\":\"\",\"order_complete_date\":\"2020-02-24 09:57:32\",\"payment_fail_why_detail\":null,\"retailer_id\":\"11700\",\"payment_successful\":\"y\",\"basket_created\":\"2020-02-24 09:46:36\",\"total\":null,\"email_status_change\":\"y\",\"requires_further_processing\":\"\",\"tax_amount\":null,\"order_status_id\":\"0\"},\"retailer_id\":\"11700\",\"customer\":{\"last_logged_in\":null,\"telephone\":\"1234 567890\",\"vat_number\":null,\"password_reset_token_datetime\":null,\"voucher_id\":null,\"fax\":null,\"tax_rate\":\"0.00\",\"cust_id\":\"16\",\"cust_login\":null,\"external_acc_no\":null,\"cust_title\":\"Mr\",\"account_name\":null,\"default_price_band_id\":null,\"email_address\":\"support@3legs.com\",\"password_reset_token\":null,\"customer_type_id\":\"0\",\"cust_name_2\":\"Body\",\"date_added\":\"2020-02-24 09:47:00\",\"cust_name\":\"Some\",\"extra_info\":null,\"customer_payment_method_id\":null,\"credit_limit\":null,\"address\":[{\"three_letter_code\":\"GBR\",\"country_id\":\"225\",\"address_1\":\"billing address 1\",\"address_name\":\"\",\"address_id\":\"16\",\"address_6\":null,\"tel_num\":null,\"address_type_id\":\"1\",\"address_2\":\"billing address 2\",\"two_letter_code\":\"GB\",\"address_5\":\"billing address 5\",\"numeric_code\":\"826\",\"country_name\":\"UNITED KINGDOM\",\"address_4\":\"billing address 4\",\"external_key\":\"16\",\"postcode\":\"AB1 2CD\",\"address_link_id\":\"16\",\"address_3\":\"billing address 3\",\"address_type_name\":\"Customer Address\"}]}}}',NULL,NULL,NULL,NULL),(2,8,20,11700,'2020-03-08 14:54:50',4,1,NULL,'{\"order\":{\"media_code\":\"11700\",\"customer\":{\"last_logged_in\":null,\"email_address\":\"sarahmbutler@hotmail.co.uk\",\"default_price_band_id\":null,\"password_reset_token_datetime\":null,\"credit_limit\":null,\"telephone\":\"07624418210\",\"cust_title\":\"Mr\",\"cust_name_2\":\"kjkj\",\"vat_number\":null,\"extra_info\":null,\"customer_type_id\":\"0\",\"tax_rate\":\"0.00\",\"cust_login\":null,\"customer_payment_method_id\":null,\"fax\":null,\"cust_name\":\"ytft\",\"address\":[{\"three_letter_code\":null,\"address_name\":\"\",\"address_type_id\":\"1\",\"two_letter_code\":\"\",\"numeric_code\":null,\"address_type_name\":\"Customer Address\",\"address_1\":\"Stowey\",\"address_3\":\"kjl\",\"country_name\":\"ISLE OF MAN\",\"country_id\":\"241\",\"external_key\":\"20\",\"address_6\":null,\"address_link_id\":\"20\",\"address_5\":\"Isle of Man\",\"address_4\":\"Ramsey\",\"address_2\":\"Jurby Road\",\"address_id\":\"20\",\"tel_num\":null,\"postcode\":\"IM8 3PF\"}],\"voucher_id\":null,\"password_reset_token\":null,\"external_acc_no\":null,\"account_name\":null,\"cust_id\":\"20\",\"date_added\":\"2020-03-08 14:51:50\"},\"retailer_id\":\"11700\",\"basket\":{\"new_order_notify_sent\":\"n\",\"email_status_change\":\"y\",\"requires_further_processing\":\"\",\"basket_source\":null,\"retailer_order_status\":\"\",\"item_group\":[{\"related_item\":[],\"main_item\":{\"product\":{\"product_id\":\"2\",\"internal_code\":\"SF003\",\"merchandise_name\":\"Fabulous Frankincense Serum\",\"external_code\":\"SF003\",\"price\":\"45.00\"},\"item_attribute\":[],\"product_attribute\":[{\"id\":\"6\",\"value\":\"0.83\",\"name\":\"Weight\"},{\"value\":\"82.41g\",\"id\":\"7\",\"name\":\"Weight Displayed\"},{\"id\":\"8\",\"value\":\"30ml\",\"name\":\"Volume\"},{\"name\":\"Packaging\",\"id\":\"9\",\"value\":\"Blue glass bottle\"}],\"item\":{\"value_to_pay\":null,\"quantity\":\"1\"}}},{\"main_item\":{\"item\":{\"quantity\":\"1\",\"value_to_pay\":\"4.50\"},\"product_attribute\":[],\"item_attribute\":[],\"product\":{\"merchandise_name\":\"Delivery\",\"internal_code\":null,\"product_id\":\"5\",\"external_code\":null,\"price\":\"0.00\"}},\"related_item\":[]}],\"basket_created\":\"2020-03-08 14:49:00\",\"payment_fail_why\":null,\"retailer_id\":\"11700\",\"price_band_id\":null,\"tax_amount\":null,\"subtotal\":null,\"transaction_xml_exported\":\"n\",\"last_access\":\"2020-03-08\",\"payment_method_id\":\"4\",\"trans_cust_info_xml_exported\":\"n\",\"order_status_id\":\"0\",\"order_complete\":\"Y\",\"ip_address\":null,\"cust_id\":\"20\",\"total\":null,\"basket_id\":\"8\",\"order_complete_date\":\"2020-03-08 14:54:50\",\"currency_code\":null,\"payment_fail_why_detail\":null,\"external_trans_id\":\"2-9-4533966\",\"card_auth_code\":\"TEST26\",\"attributes\":[{\"value\":\"accept\",\"retailer_basket_attrib_id\":\"2\",\"attribute_name\":\"Marketing\"},{\"retailer_basket_attrib_id\":\"1\",\"attribute_name\":\"Terms & Conditions\",\"value\":\"accept\"},{\"retailer_basket_attrib_id\":\"4\",\"attribute_name\":\"Delivery Type\",\"value\":\"Standard\"}],\"payment_successful\":\"y\"}}}',NULL,NULL,NULL,NULL),(3,41,36,11700,'2020-04-21 11:45:05',4,1,NULL,'{\"order\":{\"retailer_id\":\"11700\",\"customer\":{\"date_added\":\"2020-04-21 11:43:45\",\"email_address\":\"support@3legs.com\",\"extra_info\":null,\"fax\":null,\"address\":[{\"country_id\":\"241\",\"address_link_id\":\"36\",\"address_type_name\":\"Customer Address\",\"numeric_code\":null,\"postcode\":\"IM4 2AJ\",\"address_id\":\"36\",\"external_key\":\"36\",\"address_2\":\"Stuggadhoo\",\"address_type_id\":\"1\",\"address_4\":\"Marown\",\"country_name\":\"ISLE OF MAN\",\"address_5\":\"Isle of Man\",\"address_name\":\"\",\"tel_num\":null,\"address_1\":\"Lyonville\",\"two_letter_code\":\"\",\"address_3\":\"\",\"three_letter_code\":null,\"address_6\":null}],\"tax_rate\":\"0.00\",\"vat_number\":null,\"external_acc_no\":null,\"cust_id\":\"36\",\"voucher_id\":null,\"telephone\":\"01624626892\",\"customer_type_id\":\"0\",\"customer_payment_method_id\":null,\"credit_limit\":null,\"default_price_band_id\":null,\"cust_name\":\"Sean\",\"account_name\":null,\"cust_title\":\"Mr\",\"cust_name_2\":\"Kelly\",\"cust_login\":null,\"password_reset_token_datetime\":null,\"password_reset_token\":null,\"last_logged_in\":null},\"media_code\":\"11700\",\"basket\":{\"cust_id\":\"36\",\"order_complete\":\"Y\",\"payment_fail_why_detail\":null,\"payment_fail_why\":null,\"last_access\":\"2020-04-21\",\"external_trans_id\":\"3-70-23876766\",\"retailer_id\":\"11700\",\"attributes\":[{\"attribute_name\":\"Terms & Conditions\",\"value\":\"accept\",\"retailer_basket_attrib_id\":\"1\"},{\"attribute_name\":\"Delivery Type\",\"retailer_basket_attrib_id\":\"4\",\"value\":\"Standard\"}],\"basket_source\":null,\"tax_amount\":null,\"payment_method_id\":\"4\",\"basket_created\":\"2020-04-17 08:39:39\",\"item_group\":[{\"main_item\":{\"product\":{\"merchandise_name\":\"test product\",\"price\":\"1.00\",\"product_id\":\"9\",\"internal_code\":null,\"external_code\":null},\"item\":{\"value_to_pay\":null,\"quantity\":\"1\"},\"item_attribute\":[],\"product_attribute\":[{\"id\":\"6\",\"value\":\".001\",\"name\":\"Weight\"}]},\"related_item\":[]},{\"main_item\":{\"item\":{\"value_to_pay\":\"4.55\",\"quantity\":\"1\"},\"product\":{\"external_code\":null,\"internal_code\":null,\"product_id\":\"5\",\"price\":\"0.00\",\"merchandise_name\":\"Delivery\"},\"item_attribute\":[],\"product_attribute\":[]},\"related_item\":[]}],\"new_order_notify_sent\":\"n\",\"price_band_id\":null,\"ip_address\":null,\"total\":null,\"trans_cust_info_xml_exported\":\"n\",\"transaction_xml_exported\":\"n\",\"card_auth_code\":\"439653\",\"order_complete_date\":\"2020-04-21 11:45:05\",\"basket_id\":\"41\",\"requires_further_processing\":\"\",\"email_status_change\":\"y\",\"currency_code\":null,\"subtotal\":null,\"retailer_order_status\":\"\",\"payment_successful\":\"y\",\"order_status_id\":\"0\"}}}',NULL,NULL,NULL,NULL),(4,72,41,11700,'2020-05-04 10:52:15',4,1,NULL,'{\"order\":{\"customer\":{\"customer_type_id\":\"0\",\"telephone\":\"07624312688\",\"default_price_band_id\":null,\"password_reset_token_datetime\":null,\"customer_payment_method_id\":null,\"date_added\":\"2020-05-04 10:50:36\",\"cust_id\":\"41\",\"cust_title\":\"Mr\",\"email_address\":\"dhutchinson200@gmail.com\",\"address\":[{\"tel_num\":null,\"address_2\":\"Cronk lane, Cronk road\",\"address_5\":\"Isle of man\",\"postcode\":\"IM4 4JY\",\"external_key\":\"41\",\"address_6\":null,\"address_type_name\":\"Customer Address\",\"address_link_id\":\"41\",\"numeric_code\":\"826\",\"address_type_id\":\"1\",\"address_3\":\"\",\"address_name\":\"\",\"country_name\":\"UNITED KINGDOM\",\"two_letter_code\":\"GB\",\"address_id\":\"41\",\"three_letter_code\":\"GBR\",\"address_4\":\"Union mills\",\"country_id\":\"225\",\"address_1\":\"Newlands,\"}],\"cust_name\":\"David\",\"extra_info\":null,\"fax\":null,\"cust_name_2\":\"Hutchinson\",\"vat_number\":null,\"cust_login\":null,\"tax_rate\":\"0.00\",\"account_name\":null,\"voucher_id\":null,\"external_acc_no\":null,\"last_logged_in\":null,\"password_reset_token\":null,\"credit_limit\":null},\"media_code\":\"11700\",\"basket\":{\"basket_created\":\"2020-05-04 10:49:13\",\"basket_id\":\"72\",\"requires_further_processing\":\"\",\"currency_code\":null,\"payment_fail_why\":null,\"attributes\":[{\"value\":\"Free Delivery\",\"attribute_name\":\"Delivery Type\",\"retailer_basket_attrib_id\":\"4\"},{\"value\":\"accept\",\"attribute_name\":\"Terms & Conditions\",\"retailer_basket_attrib_id\":\"1\"}],\"order_complete\":\"Y\",\"cust_id\":\"41\",\"total\":null,\"new_order_notify_sent\":\"n\",\"retailer_order_status\":\"\",\"payment_method_id\":\"4\",\"payment_fail_why_detail\":null,\"card_auth_code\":\"004239\",\"external_trans_id\":\"3-70-24244701\",\"ip_address\":null,\"trans_cust_info_xml_exported\":\"n\",\"item_group\":[{\"related_item\":[],\"main_item\":{\"item\":{\"quantity\":\"1\",\"value_to_pay\":null},\"item_attribute\":[],\"product_attribute\":[{\"value\":\"0.303\",\"name\":\"Weight\",\"id\":\"6\"},{\"name\":\"Volume\",\"id\":\"8\",\"value\":\"30ml & 50ml\"},{\"name\":\"Packaging\",\"id\":\"9\",\"value\":\"Blue glass bottle & jar\"},{\"name\":\"Google Shopping Category\",\"id\":\"10\",\"value\":\"567\"}],\"product\":{\"merchandise_name\":\"Fabulous Frankincense Serum and Renewal Cream Duo\",\"external_code\":\"MultiProd2\",\"price\":\"72.00\",\"product_id\":\"8\",\"internal_code\":\"MultiProd2\"}}},{\"main_item\":{\"product_attribute\":[],\"item_attribute\":[],\"product\":{\"price\":\"0.00\",\"product_id\":\"5\",\"internal_code\":null,\"merchandise_name\":\"Delivery\",\"external_code\":null},\"item\":{\"quantity\":\"1\",\"value_to_pay\":\"0.00\"}},\"related_item\":[]}],\"last_access\":\"2020-05-04\",\"price_band_id\":null,\"email_status_change\":\"y\",\"retailer_id\":\"11700\",\"basket_source\":null,\"subtotal\":null,\"payment_successful\":\"y\",\"transaction_xml_exported\":\"n\",\"tax_amount\":null,\"order_complete_date\":\"2020-05-04 10:52:15\",\"order_status_id\":\"0\"},\"retailer_id\":\"11700\"}}',NULL,NULL,NULL,NULL),(5,290,42,11700,'2020-05-07 10:27:31',4,1,NULL,'{\"order\":{\"media_code\":\"11700\",\"customer\":{\"customer_payment_method_id\":null,\"credit_limit\":null,\"cust_title\":\"Mrs\",\"external_acc_no\":null,\"account_name\":null,\"last_logged_in\":null,\"cust_name_2\":\"Whiteman\",\"default_price_band_id\":null,\"password_reset_token_datetime\":null,\"cust_id\":\"42\",\"extra_info\":null,\"telephone\":\"07624 461913\",\"voucher_id\":null,\"password_reset_token\":null,\"customer_type_id\":\"0\",\"vat_number\":null,\"tax_rate\":\"0.00\",\"address\":[{\"three_letter_code\":null,\"numeric_code\":null,\"address_name\":\"\",\"address_2\":\"Billown Mansion\",\"address_1\":\"Westside Cottage\",\"external_key\":\"42\",\"address_type_id\":\"1\",\"country_name\":\"ISLE OF MAN\",\"tel_num\":null,\"address_type_name\":\"Customer Address\",\"address_4\":\"\",\"two_letter_code\":\"\",\"address_id\":\"42\",\"country_id\":\"241\",\"postcode\":\"IM9 3DL\",\"address_link_id\":\"42\",\"address_6\":null,\"address_5\":\"\",\"address_3\":\"Ballasalla\"}],\"cust_name\":\"June\",\"cust_login\":\"June.whiteman@icloud.com\",\"date_added\":\"2020-05-07 10:25:28\",\"fax\":null,\"email_address\":\"june.whiteman@icloud.com\"},\"retailer_id\":\"11700\",\"basket\":{\"attributes\":[{\"attribute_name\":\"Terms & Conditions\",\"value\":\"accept\",\"retailer_basket_attrib_id\":\"1\"},{\"attribute_name\":\"Delivery Type\",\"value\":\"Free Delivery\",\"retailer_basket_attrib_id\":\"4\"},{\"retailer_basket_attrib_id\":\"2\",\"value\":\"accept\",\"attribute_name\":\"Marketing\"}],\"tax_amount\":null,\"basket_id\":\"290\",\"card_auth_code\":\"007629\",\"payment_fail_why\":null,\"basket_source\":null,\"payment_fail_why_detail\":null,\"price_band_id\":null,\"order_complete\":\"Y\",\"requires_further_processing\":\"\",\"transaction_xml_exported\":\"n\",\"last_access\":\"2020-05-07\",\"ip_address\":null,\"external_trans_id\":\"3-70-24326113\",\"basket_created\":\"2020-05-07 10:22:06\",\"retailer_id\":\"11700\",\"retailer_order_status\":\"\",\"payment_method_id\":\"4\",\"email_status_change\":\"y\",\"item_group\":[{\"main_item\":{\"item\":{\"value_to_pay\":null,\"quantity\":\"1\"},\"product_attribute\":[{\"value\":\"0.303\",\"id\":\"6\",\"name\":\"Weight\"},{\"value\":\"30ml & 50ml\",\"id\":\"8\",\"name\":\"Volume\"},{\"value\":\"Blue glass bottle & jar\",\"id\":\"9\",\"name\":\"Packaging\"},{\"id\":\"10\",\"name\":\"Google Shopping Category\",\"value\":\"567\"}],\"item_attribute\":[],\"product\":{\"merchandise_name\":\"Fabulous Frankincense Serum and Renewal Cream Duo\",\"price\":\"72.00\",\"external_code\":\"MultiProd2\",\"internal_code\":\"MultiProd2\",\"product_id\":\"8\"}},\"related_item\":[]},{\"main_item\":{\"item\":{\"value_to_pay\":null,\"quantity\":\"1\"},\"item_attribute\":[],\"product_attribute\":[{\"value\":\"0.198\",\"name\":\"Weight\",\"id\":\"6\"},{\"id\":\"7\",\"name\":\"Weight Displayed\",\"value\":\"198.06g\"},{\"id\":\"8\",\"name\":\"Volume\",\"value\":\"100ml\"},{\"id\":\"9\",\"name\":\"Packaging\",\"value\":\"Blue glass bottle\"},{\"name\":\"Google Shopping Category\",\"id\":\"10\",\"value\":\"567\"}],\"product\":{\"merchandise_name\":\"Purifying Witch Hazel Toner\",\"price\":\"26.00\",\"external_code\":\"SF002\",\"product_id\":\"1\",\"internal_code\":\"SF002\"}},\"related_item\":[]},{\"main_item\":{\"product_attribute\":[],\"item_attribute\":[],\"item\":{\"quantity\":\"1\",\"value_to_pay\":\"0.00\"},\"product\":{\"merchandise_name\":\"Delivery\",\"external_code\":null,\"price\":\"0.00\",\"product_id\":\"5\",\"internal_code\":null}},\"related_item\":[]}],\"payment_successful\":\"y\",\"trans_cust_info_xml_exported\":\"n\",\"subtotal\":null,\"new_order_notify_sent\":\"n\",\"order_complete_date\":\"2020-05-07 10:27:31\",\"currency_code\":null,\"order_status_id\":\"0\",\"total\":null,\"cust_id\":\"42\"}}}',NULL,NULL,NULL,NULL),(6,304,45,11700,'2020-05-16 07:34:17',4,1,NULL,'{\"order\":{\"retailer_id\":\"11700\",\"customer\":{\"cust_name\":\"Pamela \",\"customer_payment_method_id\":null,\"cust_name_2\":\"Unsworth\",\"vat_number\":null,\"customer_type_id\":\"0\",\"cust_login\":\"Pamela Unsworth \",\"password_reset_token\":null,\"address\":[{\"address_6\":null,\"two_letter_code\":\"\",\"address_id\":\"47\",\"country_name\":\"ISLE OF MAN\",\"address_type_name\":\"Customer Address\",\"address_type_id\":\"1\",\"address_1\":\"4 Christian Ave \",\"external_key\":\"45\",\"numeric_code\":null,\"three_letter_code\":null,\"tel_num\":null,\"address_3\":\"\",\"address_name\":\"\",\"postcode\":\"IM6 1EQ\",\"country_id\":\"241\",\"address_link_id\":\"46\",\"address_5\":\"\",\"address_2\":\"Kirk Michael \",\"address_4\":\"\"}],\"external_acc_no\":null,\"date_added\":\"2020-05-16 07:32:35\",\"email_address\":\"pamunsworth@hotmail.com\",\"cust_title\":\"Mrs\",\"voucher_id\":null,\"fax\":null,\"credit_limit\":null,\"password_reset_token_datetime\":null,\"extra_info\":null,\"account_name\":null,\"cust_id\":\"45\",\"default_price_band_id\":null,\"tax_rate\":\"0.00\",\"last_logged_in\":null,\"telephone\":\"07624431653\"},\"media_code\":\"11700\",\"basket\":{\"card_auth_code\":\"T78513\",\"transaction_xml_exported\":\"n\",\"item_group\":[{\"related_item\":[],\"main_item\":{\"item_attribute\":[],\"product\":{\"external_code\":\"SF004\",\"price\":\"35.00\",\"product_id\":\"3\",\"merchandise_name\":\"Fabulous Frankincense Renewal Cream\",\"internal_code\":\"SF004\"},\"product_attribute\":[{\"value\":\"0.192\",\"name\":\"Weight\",\"id\":\"6\"},{\"value\":\"191.54g\",\"name\":\"Weight Displayed\",\"id\":\"7\"},{\"id\":\"8\",\"name\":\"Volume\",\"value\":\"50ml\"},{\"value\":\"Blue glass jar\",\"name\":\"Packaging\",\"id\":\"9\"},{\"value\":\"567\",\"name\":\"Google Shopping Category\",\"id\":\"10\"}],\"item\":{\"quantity\":\"1\",\"value_to_pay\":null}}},{\"main_item\":{\"product_attribute\":[],\"item\":{\"quantity\":\"1\",\"value_to_pay\":\"0.00\"},\"item_attribute\":[],\"product\":{\"internal_code\":null,\"product_id\":\"5\",\"merchandise_name\":\"Delivery\",\"price\":\"0.00\",\"external_code\":null}},\"related_item\":[]}],\"cust_id\":\"45\",\"currency_code\":null,\"payment_method_id\":\"4\",\"new_order_notify_sent\":\"n\",\"basket_created\":\"2020-05-16 07:29:29\",\"payment_fail_why_detail\":null,\"trans_cust_info_xml_exported\":\"n\",\"requires_further_processing\":\"\",\"basket_id\":\"304\",\"ip_address\":null,\"payment_successful\":\"y\",\"order_complete_date\":\"2020-05-16 07:34:17\",\"total\":null,\"tax_amount\":null,\"email_status_change\":\"y\",\"payment_fail_why\":null,\"attributes\":[{\"attribute_name\":\"Marketing\",\"retailer_basket_attrib_id\":\"2\",\"value\":\"accept\"},{\"value\":\"Free Delivery\",\"retailer_basket_attrib_id\":\"4\",\"attribute_name\":\"Delivery Type\"},{\"value\":\"accept\",\"retailer_basket_attrib_id\":\"1\",\"attribute_name\":\"Terms & Conditions\"}],\"basket_source\":null,\"retailer_id\":\"11700\",\"retailer_order_status\":\"\",\"price_band_id\":null,\"external_trans_id\":\"6-70-39337188\",\"subtotal\":null,\"order_complete\":\"Y\",\"order_status_id\":\"0\",\"last_access\":\"2020-05-16\"}}}',NULL,NULL,NULL,NULL),(7,453,50,11700,'2020-07-16 12:56:55',4,1,NULL,'{\"order\":{\"customer\":{\"voucher_id\":null,\"email_address\":\"dhutchinson200@gmail.com\",\"customer_payment_method_id\":null,\"date_added\":\"2020-07-16 12:55:08\",\"extra_info\":null,\"password_reset_token\":null,\"cust_id\":\"50\",\"external_acc_no\":null,\"tax_rate\":\"0.00\",\"cust_title\":\"\",\"fax\":null,\"telephone\":\"312688\",\"last_logged_in\":null,\"password_reset_token_datetime\":null,\"cust_name\":\"David\",\"customer_type_id\":\"0\",\"address\":[{\"postcode\":\"IM4 4JY\",\"address_link_id\":\"51\",\"address_name\":\"\",\"external_key\":\"50\",\"numeric_code\":null,\"address_2\":\"Cronk Lane\",\"address_id\":\"52\",\"address_type_id\":\"1\",\"address_5\":\"Isle of Man\",\"country_id\":\"241\",\"address_1\":\"Newlands\",\"address_type_name\":\"Customer Address\",\"address_4\":\"Union Mills\",\"country_name\":\"ISLE OF MAN\",\"address_6\":null,\"address_3\":\"\",\"tel_num\":null,\"two_letter_code\":\"\",\"three_letter_code\":null}],\"account_name\":null,\"cust_login\":null,\"default_price_band_id\":null,\"cust_name_2\":\"Hutchinson\",\"vat_number\":null,\"credit_limit\":null},\"basket\":{\"item_group\":[{\"related_item\":[],\"main_item\":{\"item\":{\"value_to_pay\":null,\"quantity\":\"1\"},\"product_attribute\":[{\"id\":\"6\",\"value\":\"0.192\",\"name\":\"Weight\"},{\"value\":\"191.54g\",\"name\":\"Weight Displayed\",\"id\":\"7\"},{\"id\":\"8\",\"name\":\"Volume\",\"value\":\"50ml\"},{\"id\":\"9\",\"value\":\"Blue glass jar\",\"name\":\"Packaging\"},{\"name\":\"Google Shopping Category\",\"value\":\"567\",\"id\":\"10\"}],\"product\":{\"price\":\"35.00\",\"external_code\":\"SF004\",\"product_id\":\"3\",\"internal_code\":\"SF004\",\"merchandise_name\":\"Fabulous Frankincense Renewal Cream\"},\"item_attribute\":[]}},{\"related_item\":[],\"main_item\":{\"item\":{\"value_to_pay\":\"4.55\",\"quantity\":\"1\"},\"product_attribute\":[],\"product\":{\"merchandise_name\":\"Delivery\",\"internal_code\":null,\"product_id\":\"5\",\"external_code\":null,\"price\":\"0.00\"},\"item_attribute\":[]}}],\"tax_amount\":null,\"last_access\":\"2020-07-16\",\"subtotal\":null,\"transaction_xml_exported\":\"n\",\"trans_cust_info_xml_exported\":\"n\",\"external_trans_id\":\"56-70-1520044\",\"new_order_notify_sent\":\"n\",\"order_complete\":\"Y\",\"price_band_id\":null,\"currency_code\":null,\"retailer_id\":\"11700\",\"total\":null,\"ip_address\":null,\"card_auth_code\":\"016441\",\"basket_source\":null,\"order_complete_date\":\"2020-07-16 12:56:55\",\"attributes\":[{\"retailer_basket_attrib_id\":\"1\",\"value\":\"accept\",\"attribute_name\":\"Terms & Conditions\"},{\"value\":\"Standard\",\"attribute_name\":\"Delivery Type\",\"retailer_basket_attrib_id\":\"4\"}],\"requires_further_processing\":\"\",\"payment_successful\":\"y\",\"email_status_change\":\"y\",\"basket_id\":\"453\",\"basket_created\":\"2020-07-16 12:54:04\",\"payment_fail_why_detail\":null,\"payment_fail_why\":null,\"retailer_order_status\":\"\",\"order_status_id\":\"0\",\"payment_method_id\":\"4\",\"cust_id\":\"50\"},\"media_code\":\"11700\",\"retailer_id\":\"11700\"}}',NULL,NULL,NULL,NULL),(8,528,55,11700,'2020-08-03 22:49:55',4,1,NULL,'{\"order\":{\"retailer_id\":\"11700\",\"basket\":{\"transaction_xml_exported\":\"n\",\"ip_address\":null,\"basket_id\":\"528\",\"basket_source\":null,\"order_complete_date\":\"2020-08-03 22:49:55\",\"new_order_notify_sent\":\"n\",\"order_complete\":\"Y\",\"payment_fail_why_detail\":null,\"price_band_id\":null,\"currency_code\":null,\"cust_id\":\"55\",\"attributes\":[{\"retailer_basket_attrib_id\":\"1\",\"value\":\"accept\",\"attribute_name\":\"Terms & Conditions\"},{\"attribute_name\":\"Marketing\",\"value\":\"accept\",\"retailer_basket_attrib_id\":\"2\"},{\"value\":\"Standard\",\"attribute_name\":\"Delivery Type\",\"retailer_basket_attrib_id\":\"4\"}],\"subtotal\":null,\"basket_created\":\"2020-08-03 22:45:23\",\"requires_further_processing\":\"\",\"total\":null,\"trans_cust_info_xml_exported\":\"n\",\"external_trans_id\":\"55-70-1953228\",\"retailer_id\":\"11700\",\"payment_method_id\":\"4\",\"retailer_order_status\":\"\",\"order_status_id\":\"0\",\"item_group\":[{\"related_item\":[],\"main_item\":{\"product\":{\"external_code\":\"TrialKit\",\"internal_code\":\"TrialKit\",\"price\":\"20.00\",\"merchandise_name\":\"Trial Kit\",\"product_id\":\"10\"},\"product_attribute\":[{\"name\":\"Weight\",\"value\":\"1.55\",\"id\":\"6\"},{\"id\":\"7\",\"name\":\"Weight Displayed\",\"value\":\"283g\"},{\"id\":\"9\",\"value\":\"Organza bag\",\"name\":\"Packaging\"}],\"item_attribute\":[],\"item\":{\"quantity\":\"1\",\"value_to_pay\":null}}},{\"related_item\":[],\"main_item\":{\"product_attribute\":[],\"product\":{\"merchandise_name\":\"Delivery\",\"product_id\":\"5\",\"price\":\"0.00\",\"internal_code\":null,\"external_code\":null},\"item\":{\"quantity\":\"1\",\"value_to_pay\":\"5.00\"},\"item_attribute\":[]}}],\"tax_amount\":null,\"payment_successful\":\"y\",\"last_access\":\"2020-08-03\",\"payment_fail_why\":null,\"email_status_change\":\"y\",\"card_auth_code\":\"803297\"},\"customer\":{\"credit_limit\":null,\"external_acc_no\":null,\"voucher_id\":null,\"fax\":null,\"customer_type_id\":\"0\",\"default_price_band_id\":null,\"date_added\":\"2020-08-03 22:48:12\",\"telephone\":\"07624422156\",\"account_name\":null,\"extra_info\":null,\"tax_rate\":\"0.00\",\"cust_name\":\"Marion\",\"cust_id\":\"55\",\"vat_number\":null,\"password_reset_token\":null,\"cust_title\":\"Mrs\",\"cust_name_2\":\"Cottier\",\"last_logged_in\":null,\"cust_login\":null,\"email_address\":\"marionlcottier@gmail.com\",\"address\":[{\"external_key\":\"55\",\"postcode\":\"Im81ll \",\"country_id\":\"241\",\"three_letter_code\":null,\"country_name\":\"ISLE OF MAN\",\"address_type_name\":\"Customer Address\",\"address_3\":\"\",\"address_type_id\":\"1\",\"address_6\":null,\"address_link_id\":\"56\",\"tel_num\":null,\"address_1\":\"209 Kings court\",\"address_4\":\"Ramsey\",\"address_name\":\"\",\"two_letter_code\":\"\",\"address_id\":\"57\",\"address_5\":\"Isle of man\",\"numeric_code\":null,\"address_2\":\"\"},{\"external_key\":\"528\",\"postcode\":\"Im74hf\",\"country_id\":\"241\",\"three_letter_code\":null,\"country_name\":\"ISLE OF MAN\",\"address_3\":\"\",\"address_type_name\":\"Cust Ship Address(by basket_id\",\"address_type_id\":\"4\",\"address_6\":null,\"address_link_id\":\"57\",\"tel_num\":null,\"address_4\":\"Andreas\",\"address_1\":\"Barrule \",\"two_letter_code\":\"\",\"address_name\":\"Miss Marion arthur\",\"address_id\":\"58\",\"address_5\":\"\",\"numeric_code\":null,\"address_2\":\"St judes road\"}],\"customer_payment_method_id\":null,\"password_reset_token_datetime\":null},\"media_code\":\"11700\"}}',NULL,'',NULL,NULL),(9,542,58,11700,'2020-08-23 11:02:44',4,1,NULL,'{\"order\":{\"basket\":{\"price_band_id\":null,\"tax_amount\":null,\"subtotal\":null,\"requires_further_processing\":\"\",\"last_access\":\"2020-08-23\",\"order_status_id\":\"0\",\"order_complete\":\"Y\",\"order_complete_date\":\"2020-08-23 11:02:44\",\"retailer_order_status\":\"\",\"basket_source\":null,\"currency_code\":null,\"payment_fail_why\":null,\"email_status_change\":\"y\",\"payment_successful\":\"y\",\"transaction_xml_exported\":\"n\",\"payment_fail_why_detail\":null,\"cust_id\":\"58\",\"basket_created\":\"2020-08-23 10:54:41\",\"retailer_id\":\"11700\",\"basket_id\":\"542\",\"attributes\":[{\"value\":\"accept\",\"attribute_name\":\"Terms & Conditions\",\"retailer_basket_attrib_id\":\"1\"},{\"attribute_name\":\"Delivery Type\",\"value\":\"Free Delivery\",\"retailer_basket_attrib_id\":\"4\"},{\"attribute_name\":\"Marketing\",\"value\":\"accept\",\"retailer_basket_attrib_id\":\"2\"}],\"trans_cust_info_xml_exported\":\"n\",\"new_order_notify_sent\":\"n\",\"card_auth_code\":\"914625\",\"payment_method_id\":\"4\",\"total\":null,\"ip_address\":null,\"external_trans_id\":\"58-70-2501961\",\"item_group\":[{\"main_item\":{\"item\":{\"quantity\":\"1\",\"value_to_pay\":null},\"product_attribute\":[{\"id\":\"6\",\"value\":\".655\",\"name\":\"Weight\"},{\"value\":\"100ml x2, 30ml & 50ml\",\"name\":\"Volume\",\"id\":\"8\"},{\"name\":\"Packaging\",\"value\":\"Blue glass bottles & jar, blue plastic botlle\",\"id\":\"9\"},{\"name\":\"Google Shopping Category\",\"value\":\"567\",\"id\":\"10\"}],\"product\":{\"internal_code\":\"MultiProd4\",\"price\":\"114.45\",\"external_code\":\"MultiProd4\",\"merchandise_name\":\"Skinfood set of 4\",\"product_id\":\"6\"},\"item_attribute\":[]},\"related_item\":[]},{\"main_item\":{\"item_attribute\":[],\"product_attribute\":[],\"product\":{\"merchandise_name\":\"Delivery\",\"product_id\":\"5\",\"external_code\":null,\"internal_code\":null,\"price\":\"0.00\"},\"item\":{\"value_to_pay\":\"0.00\",\"quantity\":\"1\"}},\"related_item\":[]}]},\"retailer_id\":\"11700\",\"customer\":{\"password_reset_token_datetime\":null,\"cust_id\":\"58\",\"account_name\":null,\"fax\":null,\"credit_limit\":null,\"extra_info\":null,\"external_acc_no\":null,\"customer_type_id\":\"0\",\"cust_name\":\"Julie \",\"cust_title\":\"Mrs\",\"cust_login\":\"Julie.Julie.marshall1360@gmail.com \",\"last_logged_in\":null,\"vat_number\":null,\"tax_rate\":\"0.00\",\"password_reset_token\":null,\"cust_name_2\":\"Marshall \",\"default_price_band_id\":null,\"address\":[{\"address_1\":\"Thie y Cheirn \",\"country_id\":\"241\",\"address_2\":\"40 Mountain View \",\"address_name\":\"\",\"two_letter_code\":\"\",\"address_type_id\":\"1\",\"postcode\":\"IM5 1QF\",\"address_type_name\":\"Customer Address\",\"external_key\":\"58\",\"address_6\":null,\"country_name\":\"ISLE OF MAN\",\"address_3\":\"\",\"address_id\":\"61\",\"three_letter_code\":null,\"numeric_code\":null,\"tel_num\":null,\"address_4\":\"Peel \",\"address_5\":\"\",\"address_link_id\":\"60\"}],\"customer_payment_method_id\":null,\"telephone\":\"07624301290\",\"voucher_id\":null,\"email_address\":\"julie.marshall1360@gmail.com\",\"date_added\":\"2020-08-23 10:58:36\"},\"media_code\":\"11700\"}}',NULL,'',NULL,NULL),(10,540,59,11700,'2020-08-27 16:40:34',4,1,NULL,'{\"order\":{\"retailer_id\":\"11700\",\"media_code\":\"11700\",\"basket\":{\"price_band_id\":null,\"subtotal\":null,\"requires_further_processing\":\"\",\"order_complete\":\"Y\",\"trans_cust_info_xml_exported\":\"n\",\"cust_id\":\"59\",\"order_status_id\":\"0\",\"order_complete_date\":\"2020-08-27 16:40:34\",\"basket_id\":\"540\",\"ip_address\":null,\"payment_fail_why_detail\":null,\"payment_successful\":\"y\",\"payment_method_id\":\"4\",\"basket_created\":\"2020-08-19 09:02:32\",\"total\":null,\"item_group\":[{\"main_item\":{\"product_attribute\":[{\"id\":\"6\",\"name\":\"Weight\",\"value\":\".655\"},{\"id\":\"8\",\"name\":\"Volume\",\"value\":\"100ml x2, 30ml & 50ml\"},{\"id\":\"9\",\"name\":\"Packaging\",\"value\":\"Blue glass bottles & jar, blue plastic botlle\"},{\"value\":\"567\",\"id\":\"10\",\"name\":\"Google Shopping Category\"}],\"item_attribute\":[],\"item\":{\"value_to_pay\":null,\"quantity\":\"1\"},\"product\":{\"product_id\":\"6\",\"internal_code\":\"MultiProd4\",\"merchandise_name\":\"Skinfood set of 4\",\"price\":\"114.45\",\"external_code\":\"MultiProd4\"}},\"related_item\":[]},{\"main_item\":{\"item\":{\"quantity\":\"1\",\"value_to_pay\":\"0.00\"},\"product_attribute\":[],\"item_attribute\":[],\"product\":{\"external_code\":null,\"price\":\"0.00\",\"internal_code\":null,\"merchandise_name\":\"Delivery\",\"product_id\":\"5\"}},\"related_item\":[]}],\"card_auth_code\":\"196771\",\"retailer_id\":\"11700\",\"email_status_change\":\"y\",\"retailer_order_status\":\"\",\"last_access\":\"2020-08-27\",\"attributes\":[{\"attribute_name\":\"Marketing\",\"value\":\"accept\",\"retailer_basket_attrib_id\":\"2\"},{\"attribute_name\":\"Delivery Type\",\"value\":\"Free Delivery\",\"retailer_basket_attrib_id\":\"4\"},{\"attribute_name\":\"Terms & Conditions\",\"value\":\"accept\",\"retailer_basket_attrib_id\":\"1\"}],\"payment_fail_why\":null,\"tax_amount\":null,\"external_trans_id\":\"57-70-2560509\",\"basket_source\":null,\"currency_code\":null,\"new_order_notify_sent\":\"n\",\"transaction_xml_exported\":\"n\"},\"customer\":{\"extra_info\":null,\"telephone\":\"07624242678\",\"vat_number\":null,\"customer_type_id\":\"0\",\"password_reset_token\":null,\"cust_id\":\"59\",\"default_price_band_id\":null,\"cust_login\":\"rowe.lindsay@gmail.com\",\"customer_payment_method_id\":null,\"address\":[{\"address_1\":\"10 Pickard Close\",\"address_4\":\"Castletown\",\"address_name\":\"\",\"address_type_name\":\"Customer Address\",\"external_key\":\"59\",\"address_id\":\"62\",\"postcode\":\"IM91BB\",\"address_link_id\":\"61\",\"two_letter_code\":\"\",\"address_6\":null,\"address_3\":\"\",\"country_id\":\"241\",\"address_5\":\"Isle of Man\",\"address_2\":\"\",\"three_letter_code\":null,\"country_name\":\"ISLE OF MAN\",\"address_type_id\":\"1\",\"tel_num\":null,\"numeric_code\":null}],\"cust_name\":\"Lindsay\",\"password_reset_token_datetime\":null,\"credit_limit\":null,\"cust_title\":\"Mrs\",\"fax\":null,\"tax_rate\":\"0.00\",\"cust_name_2\":\"Rowe\",\"date_added\":\"2020-08-27 16:37:22\",\"email_address\":\"rowe.lindsay@gmail.com\",\"last_logged_in\":null,\"account_name\":null,\"external_acc_no\":null,\"voucher_id\":null}}}',NULL,'',NULL,NULL),(11,558,60,11700,'2020-09-02 19:51:22',4,1,NULL,'{\"order\":{\"media_code\":\"11700\",\"retailer_id\":\"11700\",\"basket\":{\"tax_amount\":null,\"payment_method_id\":\"4\",\"retailer_order_status\":\"\",\"total\":null,\"item_group\":[{\"main_item\":{\"item\":{\"quantity\":\"1\",\"value_to_pay\":null},\"product_attribute\":[{\"value\":\"1.55\",\"name\":\"Weight\",\"id\":\"6\"},{\"name\":\"Weight Displayed\",\"value\":\"283g\",\"id\":\"7\"},{\"id\":\"9\",\"name\":\"Packaging\",\"value\":\"Organza bag\"}],\"item_attribute\":[],\"product\":{\"internal_code\":\"TrialKit\",\"merchandise_name\":\"Trial Kit\",\"external_code\":\"TrialKit\",\"product_id\":\"10\",\"price\":\"20.00\"}},\"related_item\":[]},{\"related_item\":[],\"main_item\":{\"item\":{\"value_to_pay\":\"5.00\",\"quantity\":\"1\"},\"product_attribute\":[],\"item_attribute\":[],\"product\":{\"price\":\"0.00\",\"internal_code\":null,\"product_id\":\"5\",\"external_code\":null,\"merchandise_name\":\"Delivery\"}}}],\"email_status_change\":\"y\",\"external_trans_id\":\"59-70-2773933\",\"order_status_id\":\"0\",\"ip_address\":null,\"transaction_xml_exported\":\"n\",\"card_auth_code\":\"051233\",\"order_complete_date\":\"2020-09-02 19:51:22\",\"currency_code\":null,\"price_band_id\":null,\"trans_cust_info_xml_exported\":\"n\",\"retailer_id\":\"11700\",\"payment_fail_why\":null,\"subtotal\":null,\"basket_id\":\"558\",\"new_order_notify_sent\":\"n\",\"order_complete\":\"Y\",\"last_access\":\"2020-09-02\",\"basket_created\":\"2020-09-02 19:44:37\",\"payment_fail_why_detail\":null,\"requires_further_processing\":\"\",\"payment_successful\":\"y\",\"cust_id\":\"60\",\"attributes\":[{\"retailer_basket_attrib_id\":\"2\",\"value\":\"accept\",\"attribute_name\":\"Marketing\"},{\"attribute_name\":\"Terms & Conditions\",\"value\":\"accept\",\"retailer_basket_attrib_id\":\"1\"},{\"value\":\"Standard\",\"retailer_basket_attrib_id\":\"4\",\"attribute_name\":\"Delivery Type\"}],\"basket_source\":null},\"customer\":{\"voucher_id\":null,\"vat_number\":null,\"tax_rate\":\"0.00\",\"fax\":null,\"password_reset_token_datetime\":null,\"default_price_band_id\":null,\"telephone\":\"07624303977\",\"email_address\":\"eleanorbannan73@gmail.com\",\"cust_title\":\"Mrs\",\"customer_payment_method_id\":null,\"address\":[{\"address_4\":\"DOUGLAS\",\"numeric_code\":null,\"three_letter_code\":null,\"address_3\":\"FARMHILL\",\"address_link_id\":\"62\",\"address_5\":\"ISLE OF MAN\",\"address_type_name\":\"Customer Address\",\"country_name\":\"ISLE OF MAN\",\"tel_num\":null,\"address_2\":\"WOODLANDS VIEW\",\"two_letter_code\":\"\",\"postcode\":\"IM2 2BT\",\"address_type_id\":\"1\",\"address_id\":\"63\",\"country_id\":\"241\",\"address_1\":\"7\",\"external_key\":\"60\",\"address_name\":\"\",\"address_6\":null}],\"customer_type_id\":\"0\",\"cust_name_2\":\"Bannan\",\"external_acc_no\":null,\"credit_limit\":null,\"date_added\":\"2020-09-02 19:47:42\",\"extra_info\":null,\"password_reset_token\":null,\"cust_name\":\"Eleanor\",\"last_logged_in\":null,\"cust_id\":\"60\",\"cust_login\":\"eleanorbannan\",\"account_name\":null}}}',NULL,'',NULL,NULL),(12,578,61,11700,'2020-10-04 08:58:03',4,1,NULL,'{\"order\":{\"media_code\":\"11700\",\"customer\":{\"default_price_band_id\":null,\"cust_id\":\"61\",\"vat_number\":null,\"cust_name_2\":\"Wood\",\"password_reset_token_datetime\":null,\"voucher_id\":null,\"customer_payment_method_id\":null,\"email_address\":\"mawood@manx.net\",\"date_added\":\"2020-10-04 08:56:42\",\"fax\":null,\"customer_type_id\":\"0\",\"external_acc_no\":null,\"extra_info\":null,\"cust_login\":null,\"last_logged_in\":null,\"cust_name\":\"Margaret\",\"address\":[{\"address_1\":\"50 Laurel ave, birch hill park\",\"address_2\":\"\",\"address_type_id\":\"1\",\"three_letter_code\":null,\"address_id\":\"64\",\"address_name\":\"\",\"address_3\":\"\",\"postcode\":\"IM3 3JG\",\"country_name\":\"ISLE OF MAN\",\"address_4\":\"\",\"address_link_id\":\"63\",\"address_6\":null,\"two_letter_code\":\"\",\"external_key\":\"61\",\"country_id\":\"241\",\"numeric_code\":null,\"tel_num\":null,\"address_type_name\":\"Customer Address\",\"address_5\":\"\"}],\"account_name\":null,\"tax_rate\":\"0.00\",\"cust_title\":\"Mrs\",\"password_reset_token\":null,\"telephone\":\"07624 494488\",\"credit_limit\":null},\"basket\":{\"external_trans_id\":\"56-70-3961871\",\"tax_amount\":null,\"cust_id\":\"61\",\"ip_address\":null,\"payment_fail_why_detail\":null,\"retailer_order_status\":\"\",\"transaction_xml_exported\":\"n\",\"currency_code\":null,\"item_group\":[{\"main_item\":{\"product\":{\"internal_code\":\"TrialKit\",\"price\":\"20.00\",\"merchandise_name\":\"Trial Kit\",\"product_id\":\"10\",\"external_code\":\"TrialKit\"},\"item\":{\"quantity\":\"1\",\"value_to_pay\":null},\"product_attribute\":[{\"value\":\"1.55\",\"name\":\"Weight\",\"id\":\"6\"},{\"value\":\"283g\",\"id\":\"7\",\"name\":\"Weight Displayed\"},{\"value\":\"Organza bag\",\"id\":\"9\",\"name\":\"Packaging\"}],\"item_attribute\":[]},\"related_item\":[]},{\"main_item\":{\"item_attribute\":[],\"product_attribute\":[],\"product\":{\"internal_code\":null,\"price\":\"0.00\",\"merchandise_name\":\"Delivery\",\"external_code\":null,\"product_id\":\"5\"},\"item\":{\"value_to_pay\":\"5.00\",\"quantity\":\"1\"}},\"related_item\":[]}],\"basket_id\":\"578\",\"order_complete\":\"Y\",\"trans_cust_info_xml_exported\":\"n\",\"card_auth_code\":\"380775\",\"price_band_id\":null,\"payment_fail_why\":null,\"order_status_id\":\"0\",\"requires_further_processing\":\"\",\"total\":null,\"last_access\":\"2020-10-04\",\"email_status_change\":\"y\",\"payment_method_id\":\"4\",\"basket_source\":null,\"attributes\":[{\"attribute_name\":\"Delivery Type\",\"retailer_basket_attrib_id\":\"4\",\"value\":\"Standard\"},{\"attribute_name\":\"Terms & Conditions\",\"value\":\"accept\",\"retailer_basket_attrib_id\":\"1\"},{\"retailer_basket_attrib_id\":\"2\",\"value\":\"accept\",\"attribute_name\":\"Marketing\"}],\"payment_successful\":\"y\",\"new_order_notify_sent\":\"n\",\"basket_created\":\"2020-10-04 08:55:33\",\"order_complete_date\":\"2020-10-04 08:58:03\",\"retailer_id\":\"11700\",\"subtotal\":null},\"retailer_id\":\"11700\"}}',NULL,'',NULL,NULL),(13,584,62,11700,'2020-10-16 14:21:43',4,1,NULL,'{\"order\":{\"customer\":{\"cust_name_2\":\"Hutchinson\",\"password_reset_token\":null,\"date_added\":\"2020-10-16 14:20:32\",\"password_reset_token_datetime\":null,\"cust_id\":\"62\",\"default_price_band_id\":null,\"cust_title\":\"Mr\",\"credit_limit\":null,\"account_name\":null,\"fax\":null,\"tax_rate\":\"0.00\",\"telephone\":\"312688\",\"extra_info\":null,\"vat_number\":null,\"customer_payment_method_id\":null,\"cust_login\":null,\"customer_type_id\":\"0\",\"last_logged_in\":null,\"cust_name\":\"David\",\"email_address\":\"dhutchinson200@gmail.com\",\"external_acc_no\":null,\"voucher_id\":null,\"address\":[{\"numeric_code\":\"826\",\"address_name\":\"\",\"postcode\":\"im4 4jy\",\"address_4\":\"Union Mills\",\"address_6\":null,\"two_letter_code\":\"GB\",\"address_1\":\" Newlands\",\"country_id\":\"225\",\"external_key\":\"62\",\"three_letter_code\":\"GBR\",\"address_type_id\":\"1\",\"address_id\":\"65\",\"address_5\":\"Isle of man\",\"address_type_name\":\"Customer Address\",\"address_2\":\"Cronk Lane \",\"address_link_id\":\"64\",\"address_3\":\" \",\"country_name\":\"UNITED KINGDOM\",\"tel_num\":null}]},\"retailer_id\":\"11700\",\"basket\":{\"basket_source\":null,\"item_group\":[{\"related_item\":[],\"main_item\":{\"product_attribute\":[{\"id\":\"6\",\"value\":\"0.192\",\"name\":\"Weight\"},{\"value\":\"191.54g\",\"name\":\"Weight Displayed\",\"id\":\"7\"},{\"id\":\"8\",\"value\":\"50ml\",\"name\":\"Volume\"},{\"value\":\"Blue glass jar\",\"name\":\"Packaging\",\"id\":\"9\"},{\"id\":\"10\",\"name\":\"Google Shopping Category\",\"value\":\"567\"}],\"item_attribute\":[],\"item\":{\"value_to_pay\":null,\"quantity\":\"1\"},\"product\":{\"price\":\"35.00\",\"external_code\":\"SF004\",\"merchandise_name\":\"Fabulous Frankincense Renewal Cream\",\"internal_code\":\"SF004\",\"product_id\":\"3\"}}},{\"related_item\":[],\"main_item\":{\"product_attribute\":[],\"item_attribute\":[],\"item\":{\"value_to_pay\":\"4.55\",\"quantity\":\"1\"},\"product\":{\"product_id\":\"5\",\"price\":\"0.00\",\"external_code\":null,\"internal_code\":null,\"merchandise_name\":\"Delivery\"}}}],\"ip_address\":null,\"payment_successful\":\"y\",\"card_auth_code\":\"016799\",\"last_access\":\"2020-10-16\",\"new_order_notify_sent\":\"n\",\"subtotal\":null,\"external_trans_id\":\"59-70-4154010\",\"attributes\":[{\"value\":\"Standard\",\"attribute_name\":\"Delivery Type\",\"retailer_basket_attrib_id\":\"4\"},{\"value\":\"accept\",\"attribute_name\":\"Terms & Conditions\",\"retailer_basket_attrib_id\":\"1\"},{\"value\":\"accept\",\"attribute_name\":\"Marketing\",\"retailer_basket_attrib_id\":\"2\"}],\"requires_further_processing\":\"\",\"order_complete_date\":\"2020-10-16 14:21:43\",\"cust_id\":\"62\",\"basket_id\":\"584\",\"payment_fail_why\":null,\"retailer_order_status\":\"\",\"basket_created\":\"2020-10-16 14:19:09\",\"total\":null,\"transaction_xml_exported\":\"n\",\"payment_fail_why_detail\":null,\"order_complete\":\"Y\",\"currency_code\":null,\"retailer_id\":\"11700\",\"email_status_change\":\"y\",\"trans_cust_info_xml_exported\":\"n\",\"payment_method_id\":\"4\",\"order_status_id\":\"0\",\"tax_amount\":null,\"price_band_id\":null},\"media_code\":\"11700\"}}',NULL,'',NULL,NULL),(14,591,64,11700,'2020-10-29 06:57:40',4,1,NULL,'{\"order\":{\"retailer_id\":\"11700\",\"customer\":{\"password_reset_token_datetime\":null,\"cust_name\":\"Philip\",\"vat_number\":null,\"voucher_id\":null,\"extra_info\":null,\"telephone\":\"07624434409\",\"date_added\":\"2020-10-29 06:52:38\",\"cust_title\":\"Mr\",\"customer_type_id\":\"0\",\"tax_rate\":\"0.00\",\"email_address\":\"pjbcollins@hotmail.com\",\"cust_name_2\":\"Collins\",\"last_logged_in\":null,\"credit_limit\":null,\"external_acc_no\":null,\"cust_login\":\"pjbcollins@hotmail.com\",\"address\":[{\"three_letter_code\":null,\"tel_num\":null,\"address_name\":\"\",\"address_3\":\"\",\"numeric_code\":null,\"address_2\":\"Quarterbridge Road\",\"address_type_name\":\"Customer Address\",\"two_letter_code\":\"\",\"address_1\":\"Lindors\",\"country_name\":\"ISLE OF MAN\",\"postcode\":\"IM2 3RL\",\"address_6\":null,\"address_id\":\"67\",\"address_link_id\":\"66\",\"address_4\":\"Douglas\",\"external_key\":\"64\",\"address_type_id\":\"1\",\"address_5\":\"\",\"country_id\":\"241\"}],\"password_reset_token\":null,\"customer_payment_method_id\":null,\"default_price_band_id\":null,\"cust_id\":\"64\",\"account_name\":null,\"fax\":null},\"basket\":{\"total\":null,\"retailer_order_status\":\"\",\"retailer_id\":\"11700\",\"order_complete\":\"Y\",\"currency_code\":null,\"payment_successful\":\"y\",\"tax_amount\":null,\"basket_created\":\"2020-10-29 06:50:20\",\"trans_cust_info_xml_exported\":\"n\",\"price_band_id\":null,\"attributes\":[{\"attribute_name\":\"Terms & Conditions\",\"retailer_basket_attrib_id\":\"1\",\"value\":\"accept\"},{\"retailer_basket_attrib_id\":\"2\",\"attribute_name\":\"Marketing\",\"value\":\"accept\"},{\"retailer_basket_attrib_id\":\"4\",\"attribute_name\":\"Delivery Type\",\"value\":\"Standard\"}],\"basket_id\":\"591\",\"requires_further_processing\":\"\",\"external_trans_id\":\"57-70-4504293\",\"last_access\":\"2020-10-29\",\"email_status_change\":\"y\",\"item_group\":[{\"main_item\":{\"item\":{\"quantity\":\"1\",\"value_to_pay\":null},\"item_attribute\":[],\"product\":{\"internal_code\":\"SF004\",\"merchandise_name\":\"Fabulous Frankincense Renewal Cream\",\"product_id\":\"3\",\"price\":\"35.00\",\"external_code\":\"SF004\"},\"product_attribute\":[{\"name\":\"Weight\",\"value\":\"0.192\",\"id\":\"6\"},{\"value\":\"191.54g\",\"id\":\"7\",\"name\":\"Weight Displayed\"},{\"name\":\"Volume\",\"id\":\"8\",\"value\":\"50ml\"},{\"value\":\"Blue glass jar\",\"id\":\"9\",\"name\":\"Packaging\"},{\"name\":\"Google Shopping Category\",\"id\":\"10\",\"value\":\"567\"}]},\"related_item\":[]},{\"related_item\":[],\"main_item\":{\"item\":{\"value_to_pay\":\"4.55\",\"quantity\":\"1\"},\"item_attribute\":[],\"product\":{\"internal_code\":null,\"merchandise_name\":\"Delivery\",\"price\":\"0.00\",\"product_id\":\"5\",\"external_code\":null},\"product_attribute\":[]}}],\"payment_fail_why_detail\":null,\"order_complete_date\":\"2020-10-29 06:57:40\",\"cust_id\":\"64\",\"card_auth_code\":\"026667\",\"payment_fail_why\":null,\"new_order_notify_sent\":\"n\",\"transaction_xml_exported\":\"n\",\"payment_method_id\":\"4\",\"basket_source\":null,\"subtotal\":null,\"order_status_id\":\"0\",\"ip_address\":null},\"media_code\":\"11700\"}}',NULL,'',NULL,NULL),(15,605,65,11700,'2020-11-19 19:51:36',4,1,NULL,'{\"order\":{\"customer\":{\"vat_number\":null,\"cust_login\":null,\"tax_rate\":\"0.00\",\"account_name\":null,\"date_added\":\"2020-11-19 19:46:13\",\"password_reset_token\":null,\"default_price_band_id\":null,\"address\":[{\"address_link_id\":\"67\",\"address_4\":\"Reading\",\"address_1\":\"3 Ennerdale Road\",\"address_3\":\"\",\"address_type_name\":\"Customer Address\",\"numeric_code\":\"826\",\"tel_num\":null,\"three_letter_code\":\"GBR\",\"two_letter_code\":\"GB\",\"address_2\":\"\",\"country_id\":\"225\",\"address_type_id\":\"1\",\"country_name\":\"UNITED KINGDOM\",\"address_6\":null,\"postcode\":\"RG2 7HH\",\"external_key\":\"65\",\"address_id\":\"68\",\"address_5\":\"\",\"address_name\":\"\"}],\"extra_info\":null,\"cust_title\":\"Mrs\",\"telephone\":\"07725912055\",\"fax\":null,\"external_acc_no\":null,\"cust_id\":\"65\",\"password_reset_token_datetime\":null,\"email_address\":\"s_jane_19@yahoo.co.uk\",\"cust_name\":\"Sarah\",\"credit_limit\":null,\"last_logged_in\":null,\"customer_type_id\":\"0\",\"cust_name_2\":\"Billson\",\"customer_payment_method_id\":null,\"voucher_id\":null},\"media_code\":\"11700\",\"basket\":{\"basket_source\":null,\"email_status_change\":\"y\",\"trans_cust_info_xml_exported\":\"n\",\"order_status_id\":\"0\",\"price_band_id\":null,\"payment_method_id\":\"4\",\"order_complete\":\"Y\",\"basket_created\":\"2020-11-19 19:45:28\",\"transaction_xml_exported\":\"n\",\"tax_amount\":null,\"payment_fail_why\":null,\"requires_further_processing\":\"\",\"last_access\":\"2020-11-19\",\"total\":null,\"basket_id\":\"605\",\"payment_successful\":\"y\",\"card_auth_code\":\"307403\",\"attributes\":[{\"retailer_basket_attrib_id\":\"2\",\"value\":\"accept\",\"attribute_name\":\"Marketing\"},{\"retailer_basket_attrib_id\":\"4\",\"value\":\"Free Delivery\",\"attribute_name\":\"Delivery Type\"},{\"attribute_name\":\"Terms & Conditions\",\"value\":\"accept\",\"retailer_basket_attrib_id\":\"1\"}],\"ip_address\":null,\"retailer_id\":\"11700\",\"new_order_notify_sent\":\"n\",\"payment_fail_why_detail\":null,\"cust_id\":\"65\",\"external_trans_id\":\"60-70-5268638\",\"subtotal\":null,\"retailer_order_status\":\"\",\"currency_code\":null,\"item_group\":[{\"main_item\":{\"item\":{\"value_to_pay\":null,\"quantity\":\"2\"},\"product_attribute\":[{\"id\":\"6\",\"value\":\"1.55\",\"name\":\"Weight\"},{\"name\":\"Weight Displayed\",\"id\":\"7\",\"value\":\"283g\"},{\"name\":\"Packaging\",\"value\":\"Organza bag\",\"id\":\"9\"}],\"item_attribute\":[],\"product\":{\"product_id\":\"10\",\"merchandise_name\":\"Trial Kit\",\"internal_code\":\"TrialKit\",\"external_code\":\"TrialKit\",\"price\":\"20.00\"}},\"related_item\":[]},{\"main_item\":{\"product\":{\"price\":\"0.00\",\"external_code\":null,\"internal_code\":null,\"merchandise_name\":\"Delivery\",\"product_id\":\"5\"},\"item\":{\"quantity\":\"1\",\"value_to_pay\":\"0.00\"},\"item_attribute\":[],\"product_attribute\":[]},\"related_item\":[]}],\"order_complete_date\":\"2020-11-19 19:51:36\"},\"retailer_id\":\"11700\"}}',NULL,'',NULL,NULL),(16,614,68,11700,'2020-12-08 15:23:02',4,1,NULL,'{\"order\":{\"basket\":{\"external_trans_id\":\"55-70-6032217\",\"order_complete_date\":\"2020-12-08 15:23:02\",\"transaction_xml_exported\":\"n\",\"basket_created\":\"2020-12-08 15:10:36\",\"trans_cust_info_xml_exported\":\"n\",\"payment_method_id\":\"4\",\"tax_amount\":null,\"ip_address\":null,\"subtotal\":null,\"basket_id\":\"614\",\"new_order_notify_sent\":\"n\",\"cust_id\":\"68\",\"currency_code\":null,\"last_access\":\"2020-12-08\",\"payment_fail_why\":null,\"total\":null,\"retailer_order_status\":\"\",\"attributes\":[{\"value\":\"accept\",\"attribute_name\":\"Terms & Conditions\",\"retailer_basket_attrib_id\":\"1\"},{\"retailer_basket_attrib_id\":\"4\",\"attribute_name\":\"Delivery Type\",\"value\":\"Free Delivery\"}],\"payment_fail_why_detail\":null,\"basket_source\":null,\"price_band_id\":null,\"order_status_id\":\"0\",\"item_group\":[{\"main_item\":{\"product_attribute\":[{\"name\":\"Weight\",\"value\":\"0.303\",\"id\":\"6\"},{\"name\":\"Volume\",\"value\":\"30ml & 50ml\",\"id\":\"8\"},{\"name\":\"Packaging\",\"value\":\"Blue glass bottle & jar\",\"id\":\"9\"},{\"value\":\"567\",\"id\":\"10\",\"name\":\"Google Shopping Category\"}],\"item_attribute\":[],\"product\":{\"price\":\"72.00\",\"merchandise_name\":\"Fabulous Frankincense Serum and Renewal Cream Duo\",\"product_id\":\"8\",\"external_code\":\"MultiProd2\",\"internal_code\":\"MultiProd2\"},\"item\":{\"quantity\":\"1\",\"value_to_pay\":null}},\"related_item\":[]},{\"related_item\":[],\"main_item\":{\"item\":{\"quantity\":\"1\",\"value_to_pay\":null},\"product\":{\"merchandise_name\":\"Purifying Witch Hazel Toner\",\"product_id\":\"1\",\"price\":\"26.00\",\"internal_code\":\"SF002\",\"external_code\":\"SF002\"},\"item_attribute\":[],\"product_attribute\":[{\"id\":\"6\",\"value\":\"0.198\",\"name\":\"Weight\"},{\"name\":\"Weight Displayed\",\"value\":\"198.06g\",\"id\":\"7\"},{\"id\":\"8\",\"value\":\"100ml\",\"name\":\"Volume\"},{\"id\":\"9\",\"value\":\"Blue glass bottle\",\"name\":\"Packaging\"},{\"name\":\"Google Shopping Category\",\"id\":\"10\",\"value\":\"567\"}]}},{\"main_item\":{\"product_attribute\":[],\"item_attribute\":[],\"item\":{\"value_to_pay\":\"0.00\",\"quantity\":\"1\"},\"product\":{\"internal_code\":null,\"external_code\":null,\"merchandise_name\":\"Delivery\",\"product_id\":\"5\",\"price\":\"0.00\"}},\"related_item\":[]}],\"card_auth_code\":\"008381\",\"payment_successful\":\"y\",\"order_complete\":\"Y\",\"email_status_change\":\"y\",\"retailer_id\":\"11700\",\"requires_further_processing\":\"\"},\"retailer_id\":\"11700\",\"customer\":{\"cust_title\":\"Miss\",\"default_price_band_id\":null,\"cust_id\":\"68\",\"tax_rate\":\"0.00\",\"account_name\":null,\"email_address\":\"janandbill79@tiscali.co.uk\",\"password_reset_token\":null,\"telephone\":\"01539558250\",\"cust_name_2\":\"Butler\",\"address\":[{\"address_1\":\"79 Main Street\",\"external_key\":\"68\",\"address_3\":\"\",\"two_letter_code\":\"GB\",\"country_name\":\"UNITED KINGDOM\",\"three_letter_code\":\"GBR\",\"postcode\":\"LA11 7LB\",\"address_6\":null,\"country_id\":\"225\",\"address_name\":\"\",\"address_4\":\"Grange-Over-Sands\",\"address_2\":\"Flookburgh\",\"address_type_name\":\"Customer Address\",\"address_type_id\":\"1\",\"address_link_id\":\"71\",\"numeric_code\":\"826\",\"address_id\":\"72\",\"address_5\":\"CUMBRIA\",\"tel_num\":null}],\"cust_name\":\"Kerry\",\"credit_limit\":null,\"date_added\":\"2020-12-08 15:18:14\",\"customer_type_id\":\"0\",\"fax\":null,\"cust_login\":null,\"voucher_id\":null,\"external_acc_no\":null,\"extra_info\":null,\"customer_payment_method_id\":null,\"last_logged_in\":null,\"vat_number\":null,\"password_reset_token_datetime\":null},\"media_code\":\"11700\"}}',NULL,'',NULL,NULL),(17,620,69,11700,'2020-12-15 07:38:59',4,1,NULL,'{\"order\":{\"media_code\":\"11700\",\"retailer_id\":\"11700\",\"customer\":{\"cust_title\":\"Mr\",\"cust_login\":null,\"tax_rate\":\"0.00\",\"last_logged_in\":null,\"customer_type_id\":\"0\",\"fax\":null,\"default_price_band_id\":null,\"vat_number\":null,\"email_address\":\"pauldaboxer@hotmail.co.uk\",\"password_reset_token_datetime\":null,\"cust_name\":\"Paul\",\"external_acc_no\":null,\"voucher_id\":null,\"cust_id\":\"69\",\"date_added\":\"2020-12-15 07:37:33\",\"cust_name_2\":\"Beckett\",\"customer_payment_method_id\":null,\"telephone\":\"07624450241\",\"account_name\":null,\"extra_info\":null,\"credit_limit\":null,\"password_reset_token\":null,\"address\":[{\"postcode\":\"IM4 4NJ\",\"country_name\":\"ISLE OF MAN\",\"address_name\":\"\",\"address_2\":\"12 Cronk Road\",\"address_1\":\"Silver Creek House\",\"numeric_code\":null,\"tel_num\":null,\"address_type_name\":\"Customer Address\",\"address_type_id\":\"1\",\"address_5\":\"Isle of Man\",\"address_4\":\"Union Mills\",\"country_id\":\"241\",\"address_6\":null,\"external_key\":\"69\",\"address_3\":\"\",\"address_link_id\":\"72\",\"two_letter_code\":\"\",\"address_id\":\"73\",\"three_letter_code\":null}]},\"basket\":{\"attributes\":[{\"attribute_name\":\"Terms & Conditions\",\"retailer_basket_attrib_id\":\"1\",\"value\":\"accept\"},{\"value\":\"Free Delivery\",\"retailer_basket_attrib_id\":\"4\",\"attribute_name\":\"Delivery Type\"}],\"basket_created\":\"2020-12-15 07:36:06\",\"payment_method_id\":\"4\",\"requires_further_processing\":\"\",\"payment_fail_why_detail\":null,\"payment_fail_why\":null,\"last_access\":\"2020-12-15\",\"card_auth_code\":\"016931\",\"order_complete\":\"Y\",\"cust_id\":\"69\",\"payment_successful\":\"y\",\"tax_amount\":null,\"total\":null,\"email_status_change\":\"y\",\"trans_cust_info_xml_exported\":\"n\",\"retailer_order_status\":\"\",\"basket_source\":null,\"new_order_notify_sent\":\"n\",\"subtotal\":null,\"retailer_id\":\"11700\",\"transaction_xml_exported\":\"n\",\"basket_id\":\"620\",\"item_group\":[{\"main_item\":{\"product\":{\"product_id\":\"3\",\"internal_code\":\"SF004\",\"merchandise_name\":\"Fabulous Frankincense Renewal Cream\",\"price\":\"35.00\",\"external_code\":\"SF004\"},\"product_attribute\":[{\"name\":\"Weight\",\"value\":\"0.192\",\"id\":\"6\"},{\"id\":\"7\",\"name\":\"Weight Displayed\",\"value\":\"191.54g\"},{\"name\":\"Volume\",\"value\":\"50ml\",\"id\":\"8\"},{\"id\":\"9\",\"name\":\"Packaging\",\"value\":\"Blue glass jar\"},{\"id\":\"10\",\"value\":\"567\",\"name\":\"Google Shopping Category\"}],\"item_attribute\":[],\"item\":{\"quantity\":\"1\",\"value_to_pay\":null}},\"related_item\":[]},{\"main_item\":{\"product_attribute\":[{\"name\":\"Weight\",\"value\":\"0.117\",\"id\":\"6\"},{\"id\":\"7\",\"value\":\"117g\",\"name\":\"Weight Displayed\"},{\"name\":\"Volume\",\"value\":\"100ml\",\"id\":\"8\"},{\"id\":\"9\",\"name\":\"Packaging\",\"value\":\"Blue plastic bottle\"},{\"name\":\"Google Shopping Category\",\"value\":\"567\",\"id\":\"10\"}],\"product\":{\"price\":\"26.00\",\"merchandise_name\":\"Radiance Boost Cleanser\",\"internal_code\":\"SF001\",\"product_id\":\"4\",\"external_code\":\"SF001\"},\"item\":{\"quantity\":\"1\",\"value_to_pay\":null},\"item_attribute\":[]},\"related_item\":[]},{\"main_item\":{\"product_attribute\":[{\"id\":\"6\",\"value\":\"0.198\",\"name\":\"Weight\"},{\"id\":\"7\",\"name\":\"Weight Displayed\",\"value\":\"198.06g\"},{\"id\":\"8\",\"name\":\"Volume\",\"value\":\"100ml\"},{\"id\":\"9\",\"name\":\"Packaging\",\"value\":\"Blue glass bottle\"},{\"name\":\"Google Shopping Category\",\"value\":\"567\",\"id\":\"10\"}],\"product\":{\"merchandise_name\":\"Purifying Witch Hazel Toner\",\"price\":\"26.00\",\"product_id\":\"1\",\"internal_code\":\"SF002\",\"external_code\":\"SF002\"},\"item\":{\"quantity\":\"1\",\"value_to_pay\":null},\"item_attribute\":[]},\"related_item\":[]},{\"main_item\":{\"item_attribute\":[],\"item\":{\"quantity\":\"1\",\"value_to_pay\":\"0.00\"},\"product\":{\"product_id\":\"5\",\"internal_code\":null,\"merchandise_name\":\"Delivery\",\"price\":\"0.00\",\"external_code\":null},\"product_attribute\":[]},\"related_item\":[]}],\"order_status_id\":\"0\",\"currency_code\":null,\"external_trans_id\":\"58-70-6336332\",\"order_complete_date\":\"2020-12-15 07:38:59\",\"ip_address\":null,\"price_band_id\":null}}}',NULL,'',NULL,NULL),(18,636,70,11700,'2021-01-09 09:43:41',4,1,NULL,'{\"order\":{\"basket\":{\"item_group\":[{\"main_item\":{\"item_attribute\":[],\"product_attribute\":[{\"id\":\"6\",\"name\":\"Weight\",\"value\":\"1.55\"},{\"value\":\"283g\",\"name\":\"Weight Displayed\",\"id\":\"7\"},{\"name\":\"Packaging\",\"value\":\"Organza bag\",\"id\":\"9\"}],\"product\":{\"price\":\"20.00\",\"merchandise_name\":\"Trial Kit\",\"external_code\":\"TrialKit\",\"product_id\":\"10\",\"internal_code\":\"TrialKit\"},\"item\":{\"quantity\":\"1\",\"value_to_pay\":null}},\"related_item\":[]},{\"main_item\":{\"product\":{\"price\":\"0.00\",\"merchandise_name\":\"Delivery\",\"external_code\":null,\"product_id\":\"5\",\"internal_code\":null},\"item\":{\"quantity\":\"1\",\"value_to_pay\":\"5.00\"},\"product_attribute\":[],\"item_attribute\":[]},\"related_item\":[]}],\"transaction_xml_exported\":\"n\",\"ip_address\":null,\"subtotal\":null,\"order_complete_date\":\"2021-01-09 09:43:41\",\"cust_id\":\"70\",\"new_order_notify_sent\":\"n\",\"attributes\":[{\"retailer_basket_attrib_id\":\"1\",\"attribute_name\":\"Terms & Conditions\",\"value\":\"accept\"},{\"value\":\"Standard\",\"retailer_basket_attrib_id\":\"4\",\"attribute_name\":\"Delivery Type\"}],\"payment_successful\":\"y\",\"payment_method_id\":\"4\",\"basket_source\":null,\"basket_created\":\"2021-01-09 09:40:21\",\"order_complete\":\"Y\",\"retailer_order_status\":\"\",\"tax_amount\":null,\"email_status_change\":\"y\",\"requires_further_processing\":\"\",\"payment_fail_why\":null,\"card_auth_code\":\"006719\",\"basket_id\":\"636\",\"currency_code\":null,\"external_trans_id\":\"57-70-7294627\",\"total\":null,\"last_access\":\"2021-01-09\",\"trans_cust_info_xml_exported\":\"n\",\"retailer_id\":\"11700\",\"payment_fail_why_detail\":null,\"price_band_id\":null,\"order_status_id\":\"0\"},\"retailer_id\":\"11700\",\"customer\":{\"credit_limit\":null,\"email_address\":\"jennymccauley@hotmail.co.uk\",\"vat_number\":null,\"tax_rate\":\"0.00\",\"external_acc_no\":null,\"last_logged_in\":null,\"extra_info\":null,\"default_price_band_id\":null,\"account_name\":null,\"cust_name\":\"Jenny\",\"voucher_id\":null,\"cust_title\":\"Mrs\",\"password_reset_token\":null,\"date_added\":\"2021-01-09 09:41:28\",\"password_reset_token_datetime\":null,\"customer_payment_method_id\":null,\"cust_login\":null,\"cust_name_2\":\"McCauley\",\"fax\":null,\"telephone\":\"07624 430744\",\"address\":[{\"postcode\":\"IM3 2EP\",\"external_key\":\"70\",\"two_letter_code\":\"\",\"address_name\":\"\",\"country_id\":\"241\",\"address_type_id\":\"1\",\"address_3\":\"\",\"address_link_id\":\"73\",\"three_letter_code\":null,\"address_1\":\"Foxrock\",\"country_name\":\"ISLE OF MAN\",\"address_id\":\"74\",\"address_type_name\":\"Customer Address\",\"address_6\":null,\"address_4\":\"\",\"address_5\":\"\",\"tel_num\":null,\"numeric_code\":null,\"address_2\":\"4 Manor Park\"}],\"customer_type_id\":\"0\",\"cust_id\":\"70\"},\"media_code\":\"11700\"}}',NULL,'',NULL,NULL),(19,638,71,11700,'2021-01-09 10:09:12',4,1,NULL,'{\"order\":{\"customer\":{\"tax_rate\":\"0.00\",\"cust_login\":null,\"email_address\":\"ronniedixon123@hotmail.co.uk\",\"cust_name_2\":\"Dixon \",\"date_added\":\"2021-01-09 10:06:45\",\"customer_type_id\":\"0\",\"address\":[{\"address_name\":\"\",\"country_name\":\"ISLE OF MAN\",\"country_id\":\"241\",\"three_letter_code\":null,\"address_type_id\":\"1\",\"address_1\":\"31 close kennish\",\"address_6\":null,\"numeric_code\":null,\"address_2\":\"Ballavagher \",\"address_5\":\"\",\"address_type_name\":\"Customer Address\",\"external_key\":\"71\",\"address_3\":\"\",\"two_letter_code\":\"\",\"address_4\":\"Douglas\",\"address_id\":\"75\",\"address_link_id\":\"74\",\"tel_num\":null,\"postcode\":\"IM2 2HJ\"}],\"account_name\":null,\"external_acc_no\":null,\"voucher_id\":null,\"fax\":null,\"cust_id\":\"71\",\"cust_name\":\"Veronica\",\"last_logged_in\":null,\"credit_limit\":null,\"password_reset_token_datetime\":null,\"cust_title\":\"Mrs\",\"password_reset_token\":null,\"telephone\":\"07624 212663\",\"customer_payment_method_id\":null,\"default_price_band_id\":null,\"extra_info\":null,\"vat_number\":null},\"retailer_id\":\"11700\",\"basket\":{\"retailer_order_status\":\"\",\"order_complete_date\":\"2021-01-09 10:09:12\",\"price_band_id\":null,\"retailer_id\":\"11700\",\"basket_created\":\"2021-01-09 10:04:36\",\"basket_source\":null,\"item_group\":[{\"main_item\":{\"product\":{\"price\":\"20.00\",\"internal_code\":\"TrialKit\",\"external_code\":\"TrialKit\",\"merchandise_name\":\"Trial Kit\",\"product_id\":\"10\"},\"item\":{\"value_to_pay\":null,\"quantity\":\"1\"},\"item_attribute\":[],\"product_attribute\":[{\"value\":\"1.55\",\"id\":\"6\",\"name\":\"Weight\"},{\"id\":\"7\",\"name\":\"Weight Displayed\",\"value\":\"283g\"},{\"id\":\"9\",\"name\":\"Packaging\",\"value\":\"Organza bag\"}]},\"related_item\":[]},{\"related_item\":[],\"main_item\":{\"product\":{\"external_code\":null,\"merchandise_name\":\"Delivery\",\"product_id\":\"5\",\"price\":\"0.00\",\"internal_code\":null},\"product_attribute\":[],\"item_attribute\":[],\"item\":{\"quantity\":\"1\",\"value_to_pay\":\"5.00\"}}}],\"payment_successful\":\"y\",\"card_auth_code\":\"125949\",\"trans_cust_info_xml_exported\":\"n\",\"external_trans_id\":\"60-70-7339506\",\"order_complete\":\"Y\",\"transaction_xml_exported\":\"n\",\"total\":null,\"currency_code\":null,\"order_status_id\":\"0\",\"subtotal\":null,\"cust_id\":\"71\",\"basket_id\":\"638\",\"requires_further_processing\":\"\",\"tax_amount\":null,\"last_access\":\"2021-01-09\",\"payment_fail_why\":null,\"email_status_change\":\"y\",\"new_order_notify_sent\":\"n\",\"payment_fail_why_detail\":null,\"attributes\":[{\"value\":\"accept\",\"attribute_name\":\"Marketing\",\"retailer_basket_attrib_id\":\"2\"},{\"attribute_name\":\"Terms & Conditions\",\"retailer_basket_attrib_id\":\"1\",\"value\":\"accept\"},{\"attribute_name\":\"Delivery Type\",\"retailer_basket_attrib_id\":\"4\",\"value\":\"Standard\"}],\"ip_address\":null,\"payment_method_id\":\"4\"},\"media_code\":\"11700\"}}',NULL,'',NULL,NULL),(20,640,72,11700,'2021-01-09 14:46:39',4,1,NULL,'{\"order\":{\"customer\":{\"date_added\":\"2021-01-09 14:44:56\",\"voucher_id\":null,\"cust_title\":\"Miss\",\"external_acc_no\":null,\"vat_number\":null,\"customer_type_id\":\"0\",\"tax_rate\":\"0.00\",\"telephone\":\"07624426527\",\"fax\":null,\"extra_info\":null,\"last_logged_in\":null,\"default_price_band_id\":null,\"password_reset_token_datetime\":null,\"cust_login\":null,\"password_reset_token\":null,\"address\":[{\"address_3\":\"Lezayre \",\"address_type_name\":\"Customer Address\",\"postcode\":\"IM7 2EA \",\"three_letter_code\":null,\"address_id\":\"76\",\"address_name\":\"\",\"country_id\":\"241\",\"external_key\":\"72\",\"address_5\":\"Isle of Man \",\"country_name\":\"ISLE OF MAN\",\"address_2\":\"Jurby Road \",\"numeric_code\":null,\"address_4\":\"\",\"address_1\":\"Fergus Lea \",\"two_letter_code\":\"\",\"address_link_id\":\"75\",\"address_6\":null,\"address_type_id\":\"1\",\"tel_num\":null}],\"cust_id\":\"72\",\"credit_limit\":null,\"customer_payment_method_id\":null,\"cust_name_2\":\"Teare\",\"email_address\":\"jackieteare@manx.net\",\"cust_name\":\"Jackie\",\"account_name\":null},\"retailer_id\":\"11700\",\"media_code\":\"11700\",\"basket\":{\"requires_further_processing\":\"\",\"payment_successful\":\"y\",\"cust_id\":\"72\",\"retailer_id\":\"11700\",\"last_access\":\"2021-01-09\",\"attributes\":[{\"value\":\"accept\",\"attribute_name\":\"Terms & Conditions\",\"retailer_basket_attrib_id\":\"1\"},{\"retailer_basket_attrib_id\":\"4\",\"attribute_name\":\"Delivery Type\",\"value\":\"Standard\"}],\"retailer_order_status\":\"\",\"external_trans_id\":\"60-70-7348539\",\"trans_cust_info_xml_exported\":\"n\",\"item_group\":[{\"main_item\":{\"product\":{\"internal_code\":\"TrialKit\",\"price\":\"20.00\",\"merchandise_name\":\"Trial Kit\",\"external_code\":\"TrialKit\",\"product_id\":\"10\"},\"item\":{\"quantity\":\"1\",\"value_to_pay\":null},\"item_attribute\":[],\"product_attribute\":[{\"id\":\"6\",\"value\":\"1.55\",\"name\":\"Weight\"},{\"id\":\"7\",\"name\":\"Weight Displayed\",\"value\":\"283g\"},{\"id\":\"9\",\"value\":\"Organza bag\",\"name\":\"Packaging\"}]},\"related_item\":[]},{\"related_item\":[],\"main_item\":{\"product\":{\"product_id\":\"5\",\"external_code\":null,\"merchandise_name\":\"Delivery\",\"internal_code\":null,\"price\":\"0.00\"},\"item\":{\"value_to_pay\":\"5.00\",\"quantity\":\"1\"},\"item_attribute\":[],\"product_attribute\":[]}}],\"basket_created\":\"2021-01-09 14:43:09\",\"card_auth_code\":\"020653\",\"order_complete\":\"Y\",\"basket_id\":\"640\",\"total\":null,\"payment_method_id\":\"4\",\"currency_code\":null,\"ip_address\":null,\"order_complete_date\":\"2021-01-09 14:46:39\",\"price_band_id\":null,\"transaction_xml_exported\":\"n\",\"tax_amount\":null,\"order_status_id\":\"0\",\"new_order_notify_sent\":\"n\",\"email_status_change\":\"y\",\"subtotal\":null,\"basket_source\":null,\"payment_fail_why_detail\":null,\"payment_fail_why\":null}}}',NULL,'',NULL,NULL),(21,644,73,11700,'2021-01-13 15:12:41',4,1,NULL,'{\"order\":{\"retailer_id\":\"11700\",\"basket\":{\"payment_method_id\":\"4\",\"attributes\":[{\"attribute_name\":\"Terms & Conditions\",\"value\":\"accept\",\"retailer_basket_attrib_id\":\"1\"},{\"value\":\"Standard\",\"retailer_basket_attrib_id\":\"4\",\"attribute_name\":\"Delivery Type\"}],\"basket_id\":\"644\",\"order_status_id\":\"0\",\"ip_address\":null,\"cust_id\":\"73\",\"external_trans_id\":\"58-70-7536889\",\"card_auth_code\":\"013109\",\"email_status_change\":\"y\",\"trans_cust_info_xml_exported\":\"n\",\"last_access\":\"2021-01-13\",\"retailer_order_status\":\"\",\"total\":null,\"currency_code\":null,\"tax_amount\":null,\"order_complete\":\"Y\",\"payment_successful\":\"y\",\"payment_fail_why_detail\":null,\"item_group\":[{\"related_item\":[],\"main_item\":{\"product_attribute\":[{\"value\":\"0.192\",\"name\":\"Weight\",\"id\":\"6\"},{\"id\":\"7\",\"name\":\"Weight Displayed\",\"value\":\"191.54g\"},{\"id\":\"8\",\"name\":\"Volume\",\"value\":\"50ml\"},{\"value\":\"Blue glass jar\",\"id\":\"9\",\"name\":\"Packaging\"},{\"value\":\"567\",\"id\":\"10\",\"name\":\"Google Shopping Category\"}],\"item_attribute\":[],\"item\":{\"quantity\":\"1\",\"value_to_pay\":null},\"product\":{\"external_code\":\"SFRC001\",\"product_id\":\"3\",\"merchandise_name\":\"Fabulous Frankincense Renewal Cream\",\"price\":\"35.00\",\"internal_code\":\"SFRC001\"}}},{\"main_item\":{\"item\":{\"value_to_pay\":\"4.55\",\"quantity\":\"1\"},\"item_attribute\":[],\"product\":{\"internal_code\":null,\"external_code\":null,\"price\":\"0.00\",\"merchandise_name\":\"Delivery\",\"product_id\":\"5\"},\"product_attribute\":[]},\"related_item\":[]}],\"price_band_id\":null,\"subtotal\":null,\"new_order_notify_sent\":\"n\",\"transaction_xml_exported\":\"n\",\"basket_created\":\"2021-01-13 15:09:48\",\"basket_source\":null,\"retailer_id\":\"11700\",\"payment_fail_why\":null,\"order_complete_date\":\"2021-01-13 15:12:41\",\"requires_further_processing\":\"\"},\"customer\":{\"cust_login\":null,\"customer_payment_method_id\":null,\"email_address\":\"dhutchinson200@gmail.com\",\"account_name\":null,\"voucher_id\":null,\"date_added\":\"2021-01-13 15:11:26\",\"password_reset_token\":null,\"external_acc_no\":null,\"vat_number\":null,\"last_logged_in\":null,\"cust_name\":\"David\",\"cust_name_2\":\"Hutchinson\",\"customer_type_id\":\"0\",\"default_price_band_id\":null,\"credit_limit\":null,\"cust_title\":\"Mr\",\"address\":[{\"tel_num\":null,\"numeric_code\":null,\"address_id\":\"77\",\"address_6\":null,\"external_key\":\"73\",\"address_3\":\"\",\"address_5\":\"\",\"country_name\":\"ISLE OF MAN\",\"address_2\":\"Cronk Lane\",\"three_letter_code\":null,\"two_letter_code\":\"\",\"address_4\":\"Union Mills\",\"address_type_id\":\"1\",\"address_1\":\"Newlands\",\"postcode\":\"IM4 4JY\",\"address_name\":\"\",\"address_type_name\":\"Customer Address\",\"address_link_id\":\"76\",\"country_id\":\"241\"}],\"fax\":null,\"telephone\":\"07624312688\",\"tax_rate\":\"0.00\",\"cust_id\":\"73\",\"extra_info\":null,\"password_reset_token_datetime\":null},\"media_code\":\"11700\"}}',NULL,'',NULL,NULL),(22,649,74,11700,'2021-01-19 10:22:45',4,1,NULL,'{\"order\":{\"basket\":{\"transaction_xml_exported\":\"n\",\"external_trans_id\":\"58-70-7737143\",\"attributes\":[{\"value\":\"accept\",\"retailer_basket_attrib_id\":\"2\",\"attribute_name\":\"Marketing\"},{\"attribute_name\":\"Delivery Type\",\"retailer_basket_attrib_id\":\"4\",\"value\":\"Free Delivery\"},{\"attribute_name\":\"Terms & Conditions\",\"retailer_basket_attrib_id\":\"1\",\"value\":\"accept\"}],\"item_group\":[{\"main_item\":{\"product\":{\"price\":\"72.00\",\"internal_code\":\"SFMP2\",\"product_id\":\"8\",\"merchandise_name\":\"Fabulous Frankincense Serum and Renewal Cream Duo\",\"external_code\":\"SFMP2\"},\"product_attribute\":[{\"value\":\"0.303\",\"id\":\"6\",\"name\":\"Weight\"},{\"value\":\"30ml & 50ml\",\"name\":\"Volume\",\"id\":\"8\"},{\"value\":\"Blue glass bottle & jar\",\"id\":\"9\",\"name\":\"Packaging\"},{\"id\":\"10\",\"name\":\"Google Shopping Category\",\"value\":\"567\"}],\"item\":{\"quantity\":\"1\",\"value_to_pay\":null},\"item_attribute\":[]},\"related_item\":[]},{\"main_item\":{\"product\":{\"external_code\":null,\"internal_code\":null,\"price\":\"0.00\",\"product_id\":\"5\",\"merchandise_name\":\"Delivery\"},\"product_attribute\":[],\"item\":{\"quantity\":\"1\",\"value_to_pay\":\"0.00\"},\"item_attribute\":[]},\"related_item\":[]}],\"basket_id\":\"649\",\"payment_method_id\":\"4\",\"order_complete\":\"Y\",\"trans_cust_info_xml_exported\":\"n\",\"card_auth_code\":\"T03325\",\"currency_code\":null,\"cust_id\":\"74\",\"payment_fail_why_detail\":null,\"retailer_id\":\"11700\",\"basket_source\":null,\"last_access\":\"2021-01-19\",\"payment_fail_why\":null,\"total\":null,\"tax_amount\":null,\"order_complete_date\":\"2021-01-19 10:22:45\",\"subtotal\":null,\"ip_address\":null,\"price_band_id\":null,\"order_status_id\":\"0\",\"retailer_order_status\":\"\",\"requires_further_processing\":\"\",\"email_status_change\":\"y\",\"payment_successful\":\"y\",\"basket_created\":\"2021-01-19 10:18:08\",\"new_order_notify_sent\":\"n\"},\"retailer_id\":\"11700\",\"customer\":{\"cust_title\":\"Mrs\",\"email_address\":\"just@manx.net\",\"default_price_band_id\":null,\"external_acc_no\":null,\"voucher_id\":null,\"vat_number\":null,\"cust_id\":\"74\",\"tax_rate\":\"0.00\",\"address\":[{\"three_letter_code\":null,\"address_type_name\":\"Customer Address\",\"numeric_code\":null,\"country_id\":\"241\",\"country_name\":\"ISLE OF MAN\",\"address_5\":\"\",\"address_id\":\"78\",\"address_1\":\"9 Queens Terrace\",\"address_6\":null,\"tel_num\":null,\"address_2\":\"\",\"address_4\":\"Douglas\",\"address_type_id\":\"1\",\"postcode\":\"IM1 4BZ\",\"address_name\":\"\",\"external_key\":\"74\",\"address_link_id\":\"77\",\"address_3\":\"\",\"two_letter_code\":\"\"}],\"fax\":null,\"password_reset_token\":null,\"last_logged_in\":null,\"cust_name\":\"Justine\",\"credit_limit\":null,\"telephone\":\"07624402624\",\"cust_name_2\":\"Howard\",\"customer_type_id\":\"0\",\"date_added\":\"2021-01-19 10:19:55\",\"password_reset_token_datetime\":null,\"account_name\":null,\"cust_login\":\"Just5550\",\"customer_payment_method_id\":null,\"extra_info\":null},\"media_code\":\"11700\"}}',NULL,'',NULL,NULL),(23,650,75,11700,'2021-01-19 19:19:20',4,1,NULL,'{\"order\":{\"retailer_id\":\"11700\",\"basket\":{\"payment_successful\":\"y\",\"ip_address\":null,\"basket_source\":null,\"cust_id\":\"75\",\"order_status_id\":\"0\",\"basket_created\":\"2021-01-19 19:16:00\",\"total\":null,\"email_status_change\":\"y\",\"subtotal\":null,\"trans_cust_info_xml_exported\":\"n\",\"retailer_id\":\"11700\",\"tax_amount\":null,\"card_auth_code\":\"019301\",\"payment_fail_why\":null,\"transaction_xml_exported\":\"n\",\"payment_fail_why_detail\":null,\"item_group\":[{\"related_item\":[],\"main_item\":{\"item_attribute\":[],\"product_attribute\":[{\"name\":\"Weight\",\"id\":\"6\",\"value\":\"0.117\"},{\"name\":\"Weight Displayed\",\"value\":\"117g\",\"id\":\"7\"},{\"id\":\"8\",\"value\":\"100ml\",\"name\":\"Volume\"},{\"id\":\"9\",\"value\":\"Blue plastic bottle\",\"name\":\"Packaging\"},{\"name\":\"Google Shopping Category\",\"id\":\"10\",\"value\":\"567\"}],\"item\":{\"value_to_pay\":null,\"quantity\":\"1\"},\"product\":{\"product_id\":\"4\",\"external_code\":\"SFC001\",\"merchandise_name\":\"Radiance Boost Cleanser\",\"internal_code\":\"SFC001\",\"price\":\"26.00\"}}},{\"related_item\":[],\"main_item\":{\"product_attribute\":[],\"item\":{\"quantity\":\"1\",\"value_to_pay\":\"4.55\"},\"item_attribute\":[],\"product\":{\"product_id\":\"5\",\"merchandise_name\":\"Delivery\",\"external_code\":null,\"internal_code\":null,\"price\":\"0.00\"}}}],\"order_complete_date\":\"2021-01-19 19:19:20\",\"order_complete\":\"Y\",\"payment_method_id\":\"4\",\"new_order_notify_sent\":\"n\",\"requires_further_processing\":\"\",\"attributes\":[{\"value\":\"accept\",\"retailer_basket_attrib_id\":\"1\",\"attribute_name\":\"Terms & Conditions\"},{\"retailer_basket_attrib_id\":\"4\",\"attribute_name\":\"Delivery Type\",\"value\":\"Standard\"}],\"retailer_order_status\":\"\",\"external_trans_id\":\"57-70-7661261\",\"basket_id\":\"650\",\"last_access\":\"2021-01-19\",\"currency_code\":null,\"price_band_id\":null},\"media_code\":\"11700\",\"customer\":{\"fax\":null,\"cust_name_2\":\"Mckeeman\",\"tax_rate\":\"0.00\",\"customer_type_id\":\"0\",\"last_logged_in\":null,\"vat_number\":null,\"date_added\":\"2021-01-19 19:17:28\",\"password_reset_token\":null,\"extra_info\":null,\"password_reset_token_datetime\":null,\"external_acc_no\":null,\"voucher_id\":null,\"customer_payment_method_id\":null,\"address\":[{\"address_1\":\"2 sea holly walk\",\"three_letter_code\":\"GBR\",\"address_link_id\":\"78\",\"country_id\":\"225\",\"country_name\":\"UNITED KINGDOM\",\"address_2\":\"Camber\",\"address_6\":null,\"address_type_name\":\"Customer Address\",\"tel_num\":null,\"address_type_id\":\"1\",\"address_3\":\"\",\"address_id\":\"79\",\"postcode\":\"Tn317uw\",\"numeric_code\":\"826\",\"address_name\":\"\",\"two_letter_code\":\"GB\",\"external_key\":\"75\",\"address_4\":\"Rye\",\"address_5\":\"East sussex\"}],\"account_name\":null,\"cust_name\":\"Sean\",\"cust_login\":null,\"cust_id\":\"75\",\"cust_title\":\"Mr\",\"email_address\":\"sean.mck59@yahoo.com\",\"default_price_band_id\":null,\"telephone\":\"07974334301\",\"credit_limit\":null}}}',NULL,'',NULL,NULL),(24,653,76,11700,'2021-01-22 12:24:30',4,1,NULL,'{\"order\":{\"media_code\":\"11700\",\"basket\":{\"subtotal\":null,\"last_access\":\"2021-01-22\",\"ip_address\":null,\"tax_amount\":null,\"item_group\":[{\"related_item\":[],\"main_item\":{\"item_attribute\":[],\"item\":{\"value_to_pay\":null,\"quantity\":\"1\"},\"product_attribute\":[{\"value\":\"0.581\",\"name\":\"Weight\",\"id\":\"6\"},{\"name\":\"Volume\",\"value\":\"100ml  x2 & 50ml\",\"id\":\"8\"},{\"value\":\"Blue glass bottle & jar, blue plastic botlle\",\"name\":\"Packaging\",\"id\":\"9\"},{\"id\":\"10\",\"name\":\"Google Shopping Category\",\"value\":\"567\"}],\"product\":{\"internal_code\":\"SFMP3\",\"external_code\":\"SFMP3\",\"product_id\":\"7\",\"merchandise_name\":\"Skinfood set of 3\",\"price\":\"73.95\"}}},{\"main_item\":{\"product_attribute\":[],\"item\":{\"value_to_pay\":\"0.00\",\"quantity\":\"1\"},\"item_attribute\":[],\"product\":{\"internal_code\":null,\"merchandise_name\":\"Delivery\",\"product_id\":\"5\",\"external_code\":null,\"price\":\"0.00\"}},\"related_item\":[]}],\"card_auth_code\":\"194789\",\"basket_id\":\"653\",\"requires_further_processing\":\"\",\"basket_created\":\"2021-01-22 12:20:52\",\"total\":null,\"external_trans_id\":\"56-70-7226011\",\"payment_successful\":\"y\",\"price_band_id\":null,\"currency_code\":null,\"new_order_notify_sent\":\"n\",\"retailer_id\":\"11700\",\"order_complete_date\":\"2021-01-22 12:24:30\",\"payment_fail_why_detail\":null,\"order_status_id\":\"0\",\"email_status_change\":\"y\",\"payment_fail_why\":null,\"cust_id\":\"76\",\"attributes\":[{\"value\":\"accept\",\"retailer_basket_attrib_id\":\"2\",\"attribute_name\":\"Marketing\"},{\"retailer_basket_attrib_id\":\"4\",\"attribute_name\":\"Delivery Type\",\"value\":\"Free Delivery\"},{\"value\":\"accept\",\"retailer_basket_attrib_id\":\"1\",\"attribute_name\":\"Terms & Conditions\"}],\"transaction_xml_exported\":\"n\",\"basket_source\":null,\"order_complete\":\"Y\",\"payment_method_id\":\"4\",\"trans_cust_info_xml_exported\":\"n\",\"retailer_order_status\":\"\"},\"retailer_id\":\"11700\",\"customer\":{\"credit_limit\":null,\"fax\":null,\"cust_title\":\"Mrs\",\"password_reset_token\":null,\"external_acc_no\":null,\"password_reset_token_datetime\":null,\"customer_type_id\":\"0\",\"cust_login\":null,\"voucher_id\":null,\"cust_name\":\"Lindsay\",\"tax_rate\":\"0.00\",\"cust_name_2\":\"Rowe\",\"email_address\":\"rowe.lindsay@gmail.com\",\"date_added\":\"2021-01-22 12:23:26\",\"default_price_band_id\":null,\"telephone\":\"07624242678\",\"last_logged_in\":null,\"customer_payment_method_id\":null,\"vat_number\":null,\"extra_info\":null,\"cust_id\":\"76\",\"address\":[{\"address_6\":null,\"country_name\":\"UNITED KINGDOM\",\"address_type_name\":\"Customer Address\",\"address_link_id\":\"79\",\"address_2\":\"Castletown\",\"numeric_code\":\"826\",\"two_letter_code\":\"GB\",\"address_id\":\"80\",\"address_1\":\"10 Pickard Close\",\"postcode\":\"IM91bb\",\"address_type_id\":\"1\",\"address_4\":\"Isle of Man\",\"address_3\":\"\",\"tel_num\":null,\"address_name\":\"\",\"country_id\":\"225\",\"external_key\":\"76\",\"address_5\":\"Isle of Man\",\"three_letter_code\":\"GBR\"}],\"account_name\":null}}}',NULL,'',NULL,NULL),(25,668,77,11700,'2021-01-28 14:39:28',4,1,NULL,'{\"order\":{\"retailer_id\":\"11700\",\"customer\":{\"fax\":null,\"cust_name\":\"Elaine \",\"address\":[{\"country_id\":\"241\",\"three_letter_code\":null,\"address_1\":\"8 Governors Hill\",\"country_name\":\"ISLE OF MAN\",\"external_key\":\"77\",\"address_3\":\"\",\"address_2\":\"\",\"address_6\":null,\"address_type_id\":\"1\",\"address_name\":\"\",\"two_letter_code\":\"\",\"address_5\":\"Isle of Man \",\"numeric_code\":null,\"tel_num\":null,\"address_type_name\":\"Customer Address\",\"postcode\":\"IM2 7AW\",\"address_link_id\":\"80\",\"address_id\":\"81\",\"address_4\":\"Douglas \"}],\"credit_limit\":null,\"vat_number\":null,\"external_acc_no\":null,\"cust_title\":\"Miss\",\"default_price_band_id\":null,\"account_name\":null,\"email_address\":\"laineyread@hotmail.com\",\"password_reset_token_datetime\":null,\"voucher_id\":null,\"customer_payment_method_id\":null,\"cust_id\":\"77\",\"cust_name_2\":\"Read\",\"extra_info\":null,\"customer_type_id\":\"0\",\"last_logged_in\":null,\"date_added\":\"2021-01-28 14:36:52\",\"cust_login\":\"laineyread@hotmail.com\",\"telephone\":\"07624 203585\",\"tax_rate\":\"0.00\",\"password_reset_token\":null},\"basket\":{\"payment_successful\":\"y\",\"trans_cust_info_xml_exported\":\"n\",\"cust_id\":\"77\",\"currency_code\":null,\"external_trans_id\":\"58-70-8079607\",\"attributes\":[{\"attribute_name\":\"Delivery Type\",\"retailer_basket_attrib_id\":\"4\",\"value\":\"Standard\"},{\"retailer_basket_attrib_id\":\"2\",\"value\":\"accept\",\"attribute_name\":\"Marketing\"},{\"attribute_name\":\"Terms & Conditions\",\"value\":\"accept\",\"retailer_basket_attrib_id\":\"1\"}],\"new_order_notify_sent\":\"n\",\"retailer_id\":\"11700\",\"item_group\":[{\"related_item\":[],\"main_item\":{\"item\":{\"quantity\":\"1\",\"value_to_pay\":\"4.55\"},\"product_attribute\":[],\"item_attribute\":[],\"product\":{\"external_code\":null,\"merchandise_name\":\"Delivery\",\"price\":\"0.00\",\"product_id\":\"5\",\"internal_code\":null}}}],\"price_band_id\":null,\"order_status_id\":\"0\",\"order_complete\":\"Y\",\"payment_method_id\":\"4\",\"payment_fail_why_detail\":null,\"order_complete_date\":\"2021-01-28 14:39:28\",\"subtotal\":null,\"ip_address\":null,\"tax_amount\":null,\"basket_source\":null,\"basket_created\":\"2021-01-28 14:35:10\",\"requires_further_processing\":\"\",\"card_auth_code\":\"T63877\",\"total\":null,\"payment_fail_why\":null,\"email_status_change\":\"y\",\"last_access\":\"2021-01-28\",\"basket_id\":\"668\",\"retailer_order_status\":\"\",\"transaction_xml_exported\":\"n\"},\"media_code\":\"11700\"}}',NULL,'',NULL,NULL),(26,802,78,11700,'2021-03-18 06:52:29',4,1,NULL,'{\"order\":{\"retailer_id\":\"11700\",\"customer\":{\"extra_info\":null,\"external_acc_no\":null,\"cust_login\":null,\"vat_number\":null,\"email_address\":\"June.whiteman@icloud.com\",\"address\":[{\"address_type_name\":\"Customer Address\",\"address_6\":null,\"address_link_id\":\"81\",\"address_5\":\"\",\"address_3\":\"\",\"external_key\":\"78\",\"address_type_id\":\"1\",\"address_id\":\"82\",\"country_id\":\"241\",\"address_name\":\"\",\"address_1\":\"Westside Cottage, Billown Mansion\",\"address_2\":\"\",\"two_letter_code\":\"\",\"postcode\":\"IM9 3DL\",\"address_4\":\"\",\"tel_num\":null,\"country_name\":\"ISLE OF MAN\",\"three_letter_code\":null,\"numeric_code\":null}],\"last_logged_in\":null,\"credit_limit\":null,\"voucher_id\":null,\"cust_title\":\"Mrs\",\"cust_id\":\"78\",\"password_reset_token_datetime\":null,\"default_price_band_id\":null,\"date_added\":\"2021-03-18 06:49:44\",\"tax_rate\":\"0.00\",\"cust_name_2\":\"Whiteman\",\"account_name\":null,\"customer_payment_method_id\":null,\"password_reset_token\":null,\"fax\":null,\"telephone\":\"07624461913\",\"customer_type_id\":\"0\",\"cust_name\":\"June\"},\"basket\":{\"trans_cust_info_xml_exported\":\"n\",\"subtotal\":null,\"payment_fail_why\":null,\"retailer_order_status\":\"\",\"requires_further_processing\":\"\",\"basket_created\":\"2021-03-18 06:45:26\",\"email_status_change\":\"y\",\"ip_address\":null,\"price_band_id\":null,\"basket_source\":null,\"tax_amount\":null,\"basket_id\":\"802\",\"total\":null,\"card_auth_code\":\"018766\",\"order_status_id\":\"0\",\"last_access\":\"2021-03-18\",\"payment_successful\":\"y\",\"transaction_xml_exported\":\"n\",\"payment_method_id\":\"4\",\"external_trans_id\":\"55-70-9589574\",\"item_group\":[{\"related_item\":[],\"main_item\":{\"item\":{\"quantity\":\"1\",\"value_to_pay\":null},\"product_attribute\":[{\"value\":\"0.117\",\"name\":\"Weight\",\"id\":\"6\"},{\"value\":\"117g\",\"name\":\"Weight Displayed\",\"id\":\"7\"},{\"id\":\"8\",\"name\":\"Volume\",\"value\":\"100ml\"},{\"value\":\"Blue plastic bottle\",\"name\":\"Packaging\",\"id\":\"9\"},{\"value\":\"567\",\"name\":\"Google Shopping Category\",\"id\":\"10\"}],\"item_attribute\":[],\"product\":{\"merchandise_name\":\"Radiance Boost Cleanser\",\"product_id\":\"4\",\"external_code\":\"SFC001\",\"price\":\"26.00\",\"internal_code\":\"SFC001\"}}},{\"related_item\":[],\"main_item\":{\"product\":{\"product_id\":\"5\",\"price\":\"0.00\",\"external_code\":null,\"internal_code\":null,\"merchandise_name\":\"Delivery\"},\"item_attribute\":[],\"product_attribute\":[],\"item\":{\"quantity\":\"1\",\"value_to_pay\":\"4.55\"}}}],\"retailer_id\":\"11700\",\"new_order_notify_sent\":\"n\",\"cust_id\":\"78\",\"currency_code\":null,\"order_complete\":\"Y\",\"attributes\":[{\"value\":\"accept\",\"attribute_name\":\"Terms & Conditions\",\"retailer_basket_attrib_id\":\"1\"},{\"value\":\"Standard\",\"retailer_basket_attrib_id\":\"4\",\"attribute_name\":\"Delivery Type\"}],\"payment_fail_why_detail\":null,\"order_complete_date\":\"2021-03-18 06:52:29\"},\"media_code\":\"11700\"}}',NULL,'',NULL,NULL),(27,830,79,11700,'2021-03-27 18:20:14',4,1,NULL,'{\"order\":{\"media_code\":\"11700\",\"retailer_id\":\"11700\",\"basket\":{\"tax_amount\":null,\"last_access\":\"2021-03-27\",\"payment_method_id\":\"4\",\"external_trans_id\":\"60-70-10981700\",\"new_order_notify_sent\":\"n\",\"basket_created\":\"2021-03-27 18:15:48\",\"item_group\":[{\"related_item\":[],\"main_item\":{\"item_attribute\":[],\"product_attribute\":[{\"value\":\"0.192\",\"name\":\"Weight\",\"id\":\"6\"},{\"id\":\"7\",\"value\":\"191.54g\",\"name\":\"Weight Displayed\"},{\"id\":\"8\",\"value\":\"50ml\",\"name\":\"Volume\"},{\"id\":\"9\",\"value\":\"Blue glass jar\",\"name\":\"Packaging\"},{\"name\":\"Google Shopping Category\",\"value\":\"567\",\"id\":\"10\"}],\"item\":{\"quantity\":\"1\",\"value_to_pay\":null},\"product\":{\"price\":\"35.00\",\"product_id\":\"3\",\"merchandise_name\":\"Fabulous Frankincense Renewal Cream\",\"internal_code\":\"SFRC001\",\"external_code\":\"SFRC001\"}}},{\"main_item\":{\"item_attribute\":[],\"product_attribute\":[],\"item\":{\"value_to_pay\":\"4.55\",\"quantity\":\"1\"},\"product\":{\"product_id\":\"5\",\"price\":\"0.00\",\"merchandise_name\":\"Delivery\",\"external_code\":null,\"internal_code\":null}},\"related_item\":[]}],\"order_complete_date\":\"2021-03-27 18:20:14\",\"total\":null,\"payment_fail_why_detail\":null,\"price_band_id\":null,\"retailer_order_status\":\"\",\"trans_cust_info_xml_exported\":\"n\",\"retailer_id\":\"11700\",\"currency_code\":null,\"transaction_xml_exported\":\"n\",\"ip_address\":null,\"attributes\":[{\"retailer_basket_attrib_id\":\"2\",\"value\":\"accept\",\"attribute_name\":\"Marketing\"},{\"value\":\"Standard\",\"retailer_basket_attrib_id\":\"4\",\"attribute_name\":\"Delivery Type\"},{\"value\":\"accept\",\"retailer_basket_attrib_id\":\"1\",\"attribute_name\":\"Terms & Conditions\"}],\"email_status_change\":\"y\",\"basket_source\":null,\"subtotal\":null,\"requires_further_processing\":\"\",\"cust_id\":\"79\",\"order_complete\":\"Y\",\"payment_fail_why\":null,\"card_auth_code\":\"793711\",\"order_status_id\":\"0\",\"payment_successful\":\"y\",\"basket_id\":\"830\"},\"customer\":{\"account_name\":null,\"customer_type_id\":\"0\",\"last_logged_in\":null,\"address\":[{\"address_id\":\"83\",\"three_letter_code\":\"GBR\",\"address_name\":\"\",\"external_key\":\"79\",\"address_link_id\":\"82\",\"address_type_id\":\"1\",\"country_name\":\"UNITED KINGDOM\",\"two_letter_code\":\"GB\",\"address_5\":\"Isle of Man\",\"address_1\":\"Woodville, Castletown Road\",\"address_6\":null,\"tel_num\":null,\"address_type_name\":\"Customer Address\",\"country_id\":\"225\",\"numeric_code\":\"826\",\"address_2\":\"Castletown Road\",\"address_3\":\"\",\"address_4\":\"Port St Mary \",\"postcode\":\"IM9 5LT\"},{\"address_4\":\"Ballasalla\",\"postcode\":\"IM9 3BB\",\"address_3\":\"\",\"country_id\":\"225\",\"numeric_code\":\"826\",\"address_2\":\"Kerrowkeil Road\",\"address_6\":null,\"tel_num\":null,\"address_type_name\":\"Cust Ship Address(by basket_id\",\"address_1\":\"Upper kerrowmoar,\",\"two_letter_code\":\"GB\",\"address_5\":\"Isle of Man\",\"country_name\":\"UNITED KINGDOM\",\"address_type_id\":\"4\",\"external_key\":\"830\",\"address_name\":\"Dina Hill\",\"address_link_id\":\"83\",\"three_letter_code\":\"GBR\",\"address_id\":\"84\"}],\"default_price_band_id\":null,\"customer_payment_method_id\":null,\"telephone\":\"07624216677\",\"email_address\":\"Dina_kazan@yahoo.com\",\"vat_number\":null,\"password_reset_token\":null,\"cust_id\":\"79\",\"cust_name_2\":\"Hill\",\"cust_login\":\"Dina_kazan@yahoo.com\",\"password_reset_token_datetime\":null,\"cust_name\":\"Dina\",\"voucher_id\":null,\"date_added\":\"2021-03-27 18:18:47\",\"extra_info\":null,\"tax_rate\":\"0.00\",\"external_acc_no\":null,\"credit_limit\":null,\"fax\":null,\"cust_title\":\"Mrs\"}}}',NULL,'',NULL,NULL),(28,836,80,11700,'2021-03-29 06:13:20',4,1,NULL,'{\"order\":{\"customer\":{\"address\":[{\"address_type_name\":\"Customer Address\",\"postcode\":\"IM2 3AS\",\"address_link_id\":\"84\",\"address_5\":\"\",\"address_name\":\"\",\"three_letter_code\":null,\"address_2\":\"Woodbourne Road\",\"address_3\":\"Douglas \",\"external_key\":\"80\",\"country_name\":\"ISLE OF MAN\",\"two_letter_code\":\"\",\"country_id\":\"241\",\"address_6\":null,\"address_4\":\"\",\"address_id\":\"85\",\"address_1\":\"Rose Lodge\",\"numeric_code\":null,\"tel_num\":null,\"address_type_id\":\"1\"}],\"external_acc_no\":null,\"cust_title\":\"Mrs\",\"cust_id\":\"80\",\"cust_name\":\"LuLu\",\"credit_limit\":null,\"cust_name_2\":\"Connor\",\"password_reset_token\":null,\"tax_rate\":\"0.00\",\"cust_login\":null,\"voucher_id\":null,\"fax\":null,\"customer_type_id\":\"0\",\"password_reset_token_datetime\":null,\"telephone\":\"07624225225\",\"account_name\":null,\"date_added\":\"2021-03-29 05:58:24\",\"default_price_band_id\":null,\"extra_info\":null,\"vat_number\":null,\"last_logged_in\":null,\"customer_payment_method_id\":null,\"email_address\":\"louise@hrstrategic.co.uk\"},\"basket\":{\"order_status_id\":\"0\",\"email_status_change\":\"y\",\"requires_further_processing\":\"\",\"ip_address\":null,\"external_trans_id\":\"57-70-10982143\",\"payment_fail_why_detail\":null,\"total\":null,\"transaction_xml_exported\":\"n\",\"last_access\":\"2021-03-29\",\"retailer_order_status\":\"\",\"currency_code\":null,\"attributes\":[{\"attribute_name\":\"Delivery Type\",\"value\":\"Free Delivery\",\"retailer_basket_attrib_id\":\"4\"},{\"retailer_basket_attrib_id\":\"2\",\"value\":\"accept\",\"attribute_name\":\"Marketing\"},{\"value\":\"accept\",\"retailer_basket_attrib_id\":\"1\",\"attribute_name\":\"Terms & Conditions\"}],\"payment_method_id\":\"4\",\"payment_successful\":\"y\",\"trans_cust_info_xml_exported\":\"n\",\"subtotal\":null,\"payment_fail_why\":null,\"order_complete_date\":\"2021-03-29 06:13:20\",\"order_complete\":\"Y\",\"retailer_id\":\"11700\",\"new_order_notify_sent\":\"n\",\"basket_id\":\"836\",\"tax_amount\":null,\"item_group\":[{\"related_item\":[],\"main_item\":{\"item\":{\"quantity\":\"1\",\"value_to_pay\":null},\"item_attribute\":[],\"product\":{\"external_code\":\"SFS001\",\"merchandise_name\":\"Fabulous Frankincense Serum\",\"price\":\"45.00\",\"internal_code\":\"SFS001\",\"product_id\":\"2\"},\"product_attribute\":[{\"id\":\"6\",\"value\":\"0.83\",\"name\":\"Weight\"},{\"value\":\"82.41g\",\"name\":\"Weight Displayed\",\"id\":\"7\"},{\"name\":\"Volume\",\"value\":\"30ml\",\"id\":\"8\"},{\"value\":\"Blue glass bottle\",\"name\":\"Packaging\",\"id\":\"9\"},{\"id\":\"10\",\"name\":\"Google Shopping Category\",\"value\":\"567\"}]}},{\"main_item\":{\"product_attribute\":[],\"product\":{\"price\":\"0.00\",\"external_code\":null,\"merchandise_name\":\"Delivery\",\"product_id\":\"5\",\"internal_code\":null},\"item_attribute\":[],\"item\":{\"quantity\":\"1\",\"value_to_pay\":\"0.00\"}},\"related_item\":[]}],\"cust_id\":\"80\",\"basket_source\":null,\"basket_created\":\"2021-03-29 05:56:32\",\"card_auth_code\":\"T76445\",\"price_band_id\":null},\"media_code\":\"11700\",\"retailer_id\":\"11700\"}}',NULL,'',NULL,NULL),(29,842,81,11700,'2021-03-30 17:19:04',4,1,NULL,'{\"order\":{\"retailer_id\":\"11700\",\"media_code\":\"11700\",\"basket\":{\"new_order_notify_sent\":\"n\",\"payment_fail_why\":null,\"cust_id\":\"81\",\"payment_fail_why_detail\":null,\"price_band_id\":null,\"order_complete\":\"Y\",\"payment_successful\":\"y\",\"order_status_id\":\"0\",\"last_access\":\"2021-03-30\",\"trans_cust_info_xml_exported\":\"n\",\"item_group\":[{\"main_item\":{\"item_attribute\":[],\"item\":{\"value_to_pay\":null,\"quantity\":\"1\"},\"product\":{\"external_code\":\"SFMP4\",\"product_id\":\"6\",\"internal_code\":\"SFMP4\",\"merchandise_name\":\"Skinfood set of 4\",\"price\":\"114.45\"},\"product_attribute\":[{\"name\":\"Weight\",\"value\":\".655\",\"id\":\"6\"},{\"id\":\"8\",\"value\":\"100ml x2, 30ml & 50ml\",\"name\":\"Volume\"},{\"id\":\"9\",\"name\":\"Packaging\",\"value\":\"Blue glass bottles & jar, blue plastic botlle\"},{\"id\":\"10\",\"name\":\"Google Shopping Category\",\"value\":\"567\"}]},\"related_item\":[]},{\"main_item\":{\"product\":{\"price\":\"0.00\",\"merchandise_name\":\"Delivery\",\"product_id\":\"5\",\"internal_code\":null,\"external_code\":null},\"product_attribute\":[],\"item\":{\"value_to_pay\":\"0.00\",\"quantity\":\"1\"},\"item_attribute\":[]},\"related_item\":[]}],\"requires_further_processing\":\"\",\"attributes\":[{\"value\":\"accept\",\"retailer_basket_attrib_id\":\"1\",\"attribute_name\":\"Terms & Conditions\"},{\"retailer_basket_attrib_id\":\"4\",\"attribute_name\":\"Delivery Type\",\"value\":\"Free Delivery\"}],\"ip_address\":null,\"basket_source\":null,\"card_auth_code\":\"083854\",\"email_status_change\":\"y\",\"retailer_id\":\"11700\",\"retailer_order_status\":\"\",\"subtotal\":null,\"external_trans_id\":\"57-70-11061264\",\"tax_amount\":null,\"transaction_xml_exported\":\"n\",\"order_complete_date\":\"2021-03-30 17:19:04\",\"basket_id\":\"842\",\"payment_method_id\":\"4\",\"currency_code\":null,\"basket_created\":\"2021-03-30 17:13:02\",\"total\":null},\"customer\":{\"credit_limit\":null,\"cust_login\":null,\"cust_name\":\"Jenny\",\"password_reset_token\":null,\"external_acc_no\":null,\"customer_type_id\":\"0\",\"voucher_id\":null,\"cust_id\":\"81\",\"account_name\":null,\"vat_number\":null,\"password_reset_token_datetime\":null,\"extra_info\":null,\"last_logged_in\":null,\"address\":[{\"address_type_name\":\"Customer Address\",\"address_5\":\"Isle of Man \",\"external_key\":\"81\",\"address_6\":null,\"postcode\":\"IM3 2EP \",\"address_3\":\"Onchan\",\"address_id\":\"86\",\"address_2\":\"4 Manor Park \",\"tel_num\":null,\"address_name\":\"\",\"two_letter_code\":\"\",\"numeric_code\":null,\"address_link_id\":\"85\",\"three_letter_code\":null,\"country_name\":\"ISLE OF MAN\",\"address_type_id\":\"1\",\"address_4\":\"\",\"address_1\":\"Foxrock\",\"country_id\":\"241\"}],\"customer_payment_method_id\":null,\"fax\":null,\"cust_title\":\"Mrs\",\"date_added\":\"2021-03-30 17:16:06\",\"email_address\":\"jennymccauley@hitmail.co.uk\",\"cust_name_2\":\"McCauley\",\"telephone\":\"07624 430744\",\"tax_rate\":\"0.00\",\"default_price_band_id\":null}}}',NULL,'',NULL,NULL),(30,857,82,11700,'2021-04-08 19:32:34',4,1,NULL,'{\"order\":{\"basket\":{\"transaction_xml_exported\":\"n\",\"card_auth_code\":\"097025\",\"last_access\":\"2021-04-08\",\"email_status_change\":\"y\",\"trans_cust_info_xml_exported\":\"n\",\"basket_id\":\"857\",\"retailer_id\":\"11700\",\"item_group\":[{\"related_item\":[],\"main_item\":{\"item_attribute\":[],\"product\":{\"merchandise_name\":\"Radiance Boost Cleanser\",\"product_id\":\"4\",\"external_code\":\"SFC001\",\"internal_code\":\"SFC001\",\"price\":\"26.00\"},\"product_attribute\":[{\"id\":\"6\",\"name\":\"Weight\",\"value\":\"0.117\"},{\"name\":\"Weight Displayed\",\"id\":\"7\",\"value\":\"117g\"},{\"id\":\"8\",\"name\":\"Volume\",\"value\":\"100ml\"},{\"value\":\"Blue plastic bottle\",\"name\":\"Packaging\",\"id\":\"9\"},{\"value\":\"567\",\"id\":\"10\",\"name\":\"Google Shopping Category\"}],\"item\":{\"value_to_pay\":null,\"quantity\":\"1\"}}},{\"main_item\":{\"product_attribute\":[{\"value\":\"0.198\",\"name\":\"Weight\",\"id\":\"6\"},{\"name\":\"Weight Displayed\",\"id\":\"7\",\"value\":\"198.06g\"},{\"id\":\"8\",\"name\":\"Volume\",\"value\":\"100ml\"},{\"value\":\"Blue glass bottle\",\"name\":\"Packaging\",\"id\":\"9\"},{\"id\":\"10\",\"name\":\"Google Shopping Category\",\"value\":\"567\"}],\"item\":{\"value_to_pay\":null,\"quantity\":\"1\"},\"item_attribute\":[],\"product\":{\"product_id\":\"1\",\"merchandise_name\":\"Purifying Witch Hazel Toner\",\"internal_code\":\"SFT001\",\"external_code\":\"SFT001\",\"price\":\"26.00\"}},\"related_item\":[]},{\"main_item\":{\"product\":{\"product_id\":\"2\",\"merchandise_name\":\"Fabulous Frankincense Serum\",\"external_code\":\"SFS001\",\"internal_code\":\"SFS001\",\"price\":\"45.00\"},\"item_attribute\":[],\"item\":{\"quantity\":\"1\",\"value_to_pay\":null},\"product_attribute\":[{\"value\":\"0.83\",\"id\":\"6\",\"name\":\"Weight\"},{\"value\":\"82.41g\",\"name\":\"Weight Displayed\",\"id\":\"7\"},{\"id\":\"8\",\"name\":\"Volume\",\"value\":\"30ml\"},{\"value\":\"Blue glass bottle\",\"name\":\"Packaging\",\"id\":\"9\"},{\"name\":\"Google Shopping Category\",\"id\":\"10\",\"value\":\"567\"}]},\"related_item\":[]},{\"main_item\":{\"product_attribute\":[],\"item\":{\"value_to_pay\":\"0.00\",\"quantity\":\"1\"},\"product\":{\"price\":\"0.00\",\"internal_code\":null,\"external_code\":null,\"merchandise_name\":\"Delivery\",\"product_id\":\"5\"},\"item_attribute\":[]},\"related_item\":[]}],\"order_status_id\":\"0\",\"attributes\":[{\"attribute_name\":\"Marketing\",\"retailer_basket_attrib_id\":\"2\",\"value\":\"accept\"},{\"value\":\"Free Delivery\",\"retailer_basket_attrib_id\":\"4\",\"attribute_name\":\"Delivery Type\"},{\"value\":\"accept\",\"attribute_name\":\"Terms & Conditions\",\"retailer_basket_attrib_id\":\"1\"}],\"cust_id\":\"82\",\"currency_code\":null,\"requires_further_processing\":\"\",\"subtotal\":null,\"price_band_id\":null,\"payment_fail_why_detail\":null,\"order_complete_date\":\"2021-04-08 19:32:34\",\"tax_amount\":null,\"payment_successful\":\"y\",\"new_order_notify_sent\":\"n\",\"basket_source\":null,\"payment_method_id\":\"4\",\"external_trans_id\":\"56-70-11001174\",\"ip_address\":null,\"total\":null,\"payment_fail_why\":null,\"order_complete\":\"Y\",\"basket_created\":\"2021-04-08 19:20:46\",\"retailer_order_status\":\"\"},\"media_code\":\"11700\",\"retailer_id\":\"11700\",\"customer\":{\"voucher_id\":null,\"email_address\":\"mariaparsons68@gmail.com\",\"cust_name\":\"Maria\",\"cust_id\":\"82\",\"tax_rate\":\"0.00\",\"address\":[{\"three_letter_code\":null,\"address_type_name\":\"Customer Address\",\"two_letter_code\":\"\",\"address_4\":\"Douglas\",\"address_link_id\":\"86\",\"address_name\":\"\",\"address_2\":\"\",\"tel_num\":null,\"address_3\":\"\",\"country_id\":\"241\",\"address_1\":\"42 Harcroft Meadow\",\"address_id\":\"87\",\"external_key\":\"82\",\"address_type_id\":\"1\",\"address_6\":null,\"numeric_code\":null,\"address_5\":\"\",\"country_name\":\"ISLE OF MAN\",\"postcode\":\"IM2 1JT\"}],\"date_added\":\"2021-04-08 19:30:05\",\"cust_title\":\"Miss\",\"cust_name_2\":\"Parsons\",\"password_reset_token_datetime\":null,\"password_reset_token\":null,\"credit_limit\":null,\"extra_info\":null,\"customer_type_id\":\"0\",\"account_name\":null,\"external_acc_no\":null,\"vat_number\":null,\"customer_payment_method_id\":null,\"fax\":null,\"cust_login\":null,\"default_price_band_id\":null,\"last_logged_in\":null,\"telephone\":\"07624 434127\"}}}',NULL,'',NULL,NULL),(31,879,83,11700,'2021-04-17 11:18:14',4,1,NULL,'{\"order\":{\"basket\":{\"basket_id\":\"879\",\"order_status_id\":\"0\",\"subtotal\":null,\"order_complete_date\":\"2021-04-17 11:18:14\",\"attributes\":[{\"value\":\"accept\",\"attribute_name\":\"Terms & Conditions\",\"retailer_basket_attrib_id\":\"1\"},{\"retailer_basket_attrib_id\":\"4\",\"attribute_name\":\"Delivery Type\",\"value\":\"Free Delivery\"}],\"currency_code\":null,\"basket_created\":\"2021-04-17 11:10:53\",\"order_complete\":\"Y\",\"trans_cust_info_xml_exported\":\"n\",\"transaction_xml_exported\":\"n\",\"retailer_id\":\"11700\",\"new_order_notify_sent\":\"n\",\"payment_successful\":\"y\",\"requires_further_processing\":\"\",\"email_status_change\":\"y\",\"card_auth_code\":\"207215\",\"total\":null,\"ip_address\":null,\"item_group\":[{\"main_item\":{\"item\":{\"quantity\":\"1\",\"value_to_pay\":null},\"item_attribute\":[],\"product_attribute\":[{\"id\":\"6\",\"value\":\"0.198\",\"name\":\"Weight\"},{\"name\":\"Weight Displayed\",\"value\":\"198.06g\",\"id\":\"7\"},{\"id\":\"8\",\"name\":\"Volume\",\"value\":\"100ml\"},{\"name\":\"Packaging\",\"value\":\"Blue glass bottle\",\"id\":\"9\"},{\"id\":\"10\",\"name\":\"Google Shopping Category\",\"value\":\"567\"}],\"product\":{\"external_code\":\"SFT001\",\"internal_code\":\"SFT001\",\"price\":\"26.00\",\"merchandise_name\":\"Purifying Witch Hazel Toner\",\"product_id\":\"1\"}},\"related_item\":[]},{\"main_item\":{\"product_attribute\":[{\"value\":\"0.117\",\"name\":\"Weight\",\"id\":\"6\"},{\"name\":\"Weight Displayed\",\"value\":\"117g\",\"id\":\"7\"},{\"id\":\"8\",\"name\":\"Volume\",\"value\":\"100ml\"},{\"id\":\"9\",\"value\":\"Blue plastic bottle\",\"name\":\"Packaging\"},{\"id\":\"10\",\"value\":\"567\",\"name\":\"Google Shopping Category\"}],\"product\":{\"product_id\":\"4\",\"merchandise_name\":\"Radiance Boost Cleanser\",\"price\":\"26.00\",\"external_code\":\"SFC001\",\"internal_code\":\"SFC001\"},\"item_attribute\":[],\"item\":{\"quantity\":\"1\",\"value_to_pay\":null}},\"related_item\":[]},{\"main_item\":{\"item_attribute\":[],\"item\":{\"quantity\":\"1\",\"value_to_pay\":\"0.00\"},\"product_attribute\":[],\"product\":{\"internal_code\":null,\"external_code\":null,\"merchandise_name\":\"Delivery\",\"product_id\":\"5\",\"price\":\"0.00\"}},\"related_item\":[]}],\"payment_method_id\":\"4\",\"payment_fail_why_detail\":null,\"retailer_order_status\":\"\",\"payment_fail_why\":null,\"last_access\":\"2021-04-17\",\"basket_source\":null,\"cust_id\":\"83\",\"price_band_id\":null,\"external_trans_id\":\"58-70-11041703\",\"tax_amount\":null},\"media_code\":\"11700\",\"retailer_id\":\"11700\",\"customer\":{\"account_name\":null,\"external_acc_no\":null,\"email_address\":\"ronniedixon123@hotmail.co.uk\",\"cust_id\":\"83\",\"voucher_id\":null,\"telephone\":\"07624 212663\",\"cust_title\":\"Mrs\",\"date_added\":\"2021-04-17 11:16:14\",\"customer_payment_method_id\":null,\"cust_login\":\"ronniedixon123@hotmail.co.uk\",\"last_logged_in\":null,\"password_reset_token\":null,\"tax_rate\":\"0.00\",\"cust_name\":\"Veronica\",\"extra_info\":null,\"address\":[{\"country_name\":\"ISLE OF MAN\",\"numeric_code\":null,\"address_id\":\"88\",\"address_2\":\"Ballavagher\",\"postcode\":\"IM2 2HJ\",\"address_6\":null,\"address_type_id\":\"1\",\"address_1\":\"31 close kennish\",\"tel_num\":null,\"address_type_name\":\"Customer Address\",\"address_4\":\"\",\"address_name\":\"\",\"address_5\":\"\",\"country_id\":\"241\",\"address_3\":\"\",\"two_letter_code\":\"\",\"external_key\":\"83\",\"three_letter_code\":null,\"address_link_id\":\"87\"}],\"cust_name_2\":\"Dixon\",\"fax\":null,\"vat_number\":null,\"credit_limit\":null,\"default_price_band_id\":null,\"customer_type_id\":\"0\",\"password_reset_token_datetime\":null}}}',NULL,'',NULL,NULL),(32,900,85,11700,'2021-04-25 07:26:20',4,1,NULL,'{\"order\":{\"customer\":{\"tax_rate\":\"0.00\",\"last_logged_in\":null,\"cust_title\":\"Mrs\",\"vat_number\":null,\"email_address\":\"Dina_kazan@yahoo.com\",\"credit_limit\":null,\"password_reset_token\":null,\"cust_id\":\"85\",\"cust_login\":null,\"cust_name_2\":\"Hill\",\"telephone\":\"07624216677\",\"fax\":null,\"cust_name\":\"Dina\",\"voucher_id\":null,\"address\":[{\"address_6\":null,\"three_letter_code\":null,\"external_key\":\"85\",\"address_1\":\"Woodville \",\"country_id\":\"241\",\"address_5\":\"\",\"address_id\":\"90\",\"postcode\":\"IM9 5LT \",\"address_name\":\"\",\"address_4\":\"Port St Mary \",\"country_name\":\"ISLE OF MAN\",\"numeric_code\":null,\"address_link_id\":\"89\",\"tel_num\":null,\"address_3\":\"\",\"address_2\":\"Castletown Road \",\"two_letter_code\":\"\",\"address_type_id\":\"1\",\"address_type_name\":\"Customer Address\"},{\"three_letter_code\":null,\"address_6\":null,\"external_key\":\"900\",\"country_id\":\"241\",\"address_1\":\"Upper Kerrowmoar \",\"address_name\":\"Dina Hill\",\"address_4\":\"Ballasalla \",\"address_5\":\"\",\"address_id\":\"91\",\"postcode\":\"IM93BB\",\"tel_num\":null,\"address_3\":\"\",\"country_name\":\"ISLE OF MAN\",\"address_link_id\":\"90\",\"numeric_code\":null,\"address_type_id\":\"4\",\"address_type_name\":\"Cust Ship Address(by basket_id\",\"address_2\":\"Kerrowkeil Road \",\"two_letter_code\":\"\"}],\"external_acc_no\":null,\"password_reset_token_datetime\":null,\"account_name\":null,\"extra_info\":null,\"date_added\":\"2021-04-25 07:24:28\",\"customer_type_id\":\"0\",\"customer_payment_method_id\":null,\"default_price_band_id\":null},\"media_code\":\"11700\",\"basket\":{\"retailer_order_status\":\"\",\"basket_created\":\"2021-04-25 07:19:33\",\"price_band_id\":null,\"external_trans_id\":\"60-70-12257880\",\"requires_further_processing\":\"\",\"tax_amount\":null,\"payment_fail_why\":null,\"total\":null,\"card_auth_code\":\"335050\",\"currency_code\":null,\"payment_successful\":\"y\",\"basket_id\":\"900\",\"trans_cust_info_xml_exported\":\"n\",\"order_complete_date\":\"2021-04-25 07:26:20\",\"attributes\":[{\"attribute_name\":\"Marketing\",\"retailer_basket_attrib_id\":\"2\",\"value\":\"accept\"},{\"retailer_basket_attrib_id\":\"1\",\"value\":\"accept\",\"attribute_name\":\"Terms & Conditions\"},{\"retailer_basket_attrib_id\":\"4\",\"value\":\"Standard\",\"attribute_name\":\"Delivery Type\"}],\"transaction_xml_exported\":\"n\",\"item_group\":[{\"related_item\":[],\"main_item\":{\"product_attribute\":[{\"name\":\"Weight\",\"value\":\"0.117\",\"id\":\"6\"},{\"name\":\"Weight Displayed\",\"value\":\"117g\",\"id\":\"7\"},{\"name\":\"Volume\",\"value\":\"100ml\",\"id\":\"8\"},{\"id\":\"9\",\"value\":\"Blue plastic bottle\",\"name\":\"Packaging\"},{\"name\":\"Google Shopping Category\",\"value\":\"567\",\"id\":\"10\"}],\"item_attribute\":[],\"item\":{\"quantity\":\"1\",\"value_to_pay\":null},\"product\":{\"internal_code\":\"SFC001\",\"merchandise_name\":\"Radiance Boost Cleanser\",\"product_id\":\"4\",\"price\":\"26.00\",\"external_code\":\"SFC001\"}}},{\"related_item\":[],\"main_item\":{\"item\":{\"quantity\":\"1\",\"value_to_pay\":\"4.55\"},\"product\":{\"internal_code\":null,\"merchandise_name\":\"Delivery\",\"product_id\":\"5\",\"external_code\":null,\"price\":\"0.00\"},\"item_attribute\":[],\"product_attribute\":[]}}],\"retailer_id\":\"11700\",\"new_order_notify_sent\":\"n\",\"order_complete\":\"Y\",\"last_access\":\"2021-04-25\",\"order_status_id\":\"0\",\"payment_method_id\":\"4\",\"cust_id\":\"85\",\"ip_address\":null,\"subtotal\":null,\"email_status_change\":\"y\",\"basket_source\":null,\"payment_fail_why_detail\":null},\"retailer_id\":\"11700\"}}',NULL,'',NULL,NULL);

--
-- Table structure for table `reorder_header`
--

CREATE TABLE `reorder_header` (
  `reorder_header_id` int(11) NOT NULL AUTO_INCREMENT,
  `create_timestamp` timestamp NOT NULL DEFAULT CURRENT_TIMESTAMP,
  `completed_timestamp` datetime DEFAULT NULL,
  `emailed_timestamp` datetime DEFAULT NULL,
  `deleted` char(1) NOT NULL DEFAULT 'n',
  `name` varchar(255) DEFAULT NULL,
  `reorder_status_id` int(11) NOT NULL DEFAULT '1',
  `supplier_id` int(11) DEFAULT NULL,
  PRIMARY KEY (`reorder_header_id`)
) ENGINE=InnoDB DEFAULT CHARSET=latin1;

--
-- Dumping data for table `reorder_header`
--


--
-- Table structure for table `reorder_item`
--

CREATE TABLE `reorder_item` (
  `reorder_item_id` int(11) NOT NULL AUTO_INCREMENT,
  `reorder_header_id` int(11) NOT NULL,
  `product_id` int(11) NOT NULL,
  `num_ordered` int(11) DEFAULT NULL,
  `num_received` int(11) NOT NULL DEFAULT '0',
  PRIMARY KEY (`reorder_item_id`)
) ENGINE=InnoDB DEFAULT CHARSET=latin1;

--
-- Dumping data for table `reorder_item`
--


--
-- Table structure for table `retailer_accounts`
--

CREATE TABLE `retailer_accounts` (
  `retailer_account_id` int(11) NOT NULL AUTO_INCREMENT,
  `retailer_id` int(11) NOT NULL DEFAULT '0',
  `cust_id` int(11) NOT NULL DEFAULT '0',
  `price_band_id` int(11) DEFAULT NULL,
  PRIMARY KEY (`retailer_account_id`)
) ENGINE=MyISAM DEFAULT CHARSET=latin1;

--
-- Dumping data for table `retailer_accounts`
--


--
-- Table structure for table `retailer_card_usage`
--

CREATE TABLE `retailer_card_usage` (
  `retailer_id` int(10) NOT NULL DEFAULT '0',
  `card_type_id` int(10) NOT NULL DEFAULT '0',
  KEY `retailer_id` (`retailer_id`,`card_type_id`)
) ENGINE=MyISAM DEFAULT CHARSET=latin1 PACK_KEYS=1;

--
-- Dumping data for table `retailer_card_usage`
--


--
-- Table structure for table `retailer_info`
--

CREATE TABLE `retailer_info` (
  `retailer_info_id` int(11) NOT NULL AUTO_INCREMENT,
  `txt_email_confirmation` text,
  `txt_contact_email` varchar(255) DEFAULT NULL,
  `retailer_name` varchar(255) DEFAULT NULL,
  `delivery_instruction_json` text NOT NULL,
  PRIMARY KEY (`retailer_info_id`)
) ENGINE=MyISAM AUTO_INCREMENT=11701 DEFAULT CHARSET=latin1 PACK_KEYS=1;

--
-- Dumping data for table `retailer_info`
--

INSERT INTO `retailer_info` VALUES (11700,'Thank you, $customer_name for your recent order.\n\nYour order reference number is: $basket_id \n\n$order_summary_table \n\n$basket_attribute_table \n\nNote: The total value shown is the amount charged to your credit/debit card. \n\nThe above order will be shipped to the following address: \n\n$delivery_name \n$delivery_address \n\nYour credit/debit card has been securely processed and your order will be dispatched as per your instructions. \n \nBest Regards','info@skinfood.im','Skinfood','{\"carriers\":{\"null\":{\"delivery_product_id\":0,\"description\":\"\",\"prices\":{},\"type\":\"price\"},\"Free Delivery\":{\"description\":\"\",\"delivery_product_id\":0,\"type\":\"price\",\"prices\":{\"16\":{\"49\":999,\"9999999\":0,\"39.99\":999,\"59\":999},\"18\":{\"49\":999,\"9999999\":0,\"39.99\":999,\"59\":999},\"15\":{\"49\":999,\"59\":999,\"39.99\":999,\"9999999\":0},\"12\":{\"59\":0,\"39.99\":999,\"9999999\":0,\"49\":0},\"17\":{\"49\":999,\"39.99\":999,\"59\":999,\"9999999\":0},\"14\":{\"9999999\":0,\"39.99\":999,\"59\":0,\"49\":999},\"13\":{\"49\":0,\"39.99\":999,\"9999999\":0,\"59\":0}}},\"Standard\":{\"description\":\"\",\"delivery_product_id\":0,\"type\":\"weight\",\"prices\":{\"12\":{\"2.25\":5,\"1.5\":4.7,\"1.25\":4.55,\"10\":8.05,\"4\":5.3},\"18\":{\"1.25\":7.25,\"2.25\":8.05,\"1.5\":7.5,\"10\":13,\"4\":8.6},\"15\":{\"2.25\":8.05,\"1.5\":7.5,\"1.25\":7.25,\"4\":8.6,\"10\":13},\"16\":{\"10\":13,\"4\":8.6,\"1.25\":7.25,\"2.25\":8.05,\"1.5\":7.5},\"14\":{\"1.5\":6.6,\"2.25\":6.95,\"1.25\":6.45,\"4\":7.4,\"10\":10},\"17\":{\"4\":8.6,\"10\":13,\"2.25\":8.05,\"1.5\":7.5,\"1.25\":7.25},\"13\":{\"2.25\":5,\"1.5\":4.7,\"1.25\":4.55,\"10\":8.05,\"4\":5.3}}}}}');

--
-- Table structure for table `retailer_price_band`
--

CREATE TABLE `retailer_price_band` (
  `price_band_id` int(11) NOT NULL AUTO_INCREMENT,
  `price_band_name` varchar(255) NOT NULL DEFAULT '',
  `retailer_id` int(11) NOT NULL DEFAULT '0',
  `currency_symbol` varchar(255) DEFAULT NULL,
  `iso_currency_code` char(3) DEFAULT NULL,
  PRIMARY KEY (`price_band_id`)
) ENGINE=MyISAM DEFAULT CHARSET=latin1;

--
-- Dumping data for table `retailer_price_band`
--


--
-- Table structure for table `shopping_basket`
--

CREATE TABLE `shopping_basket` (
  `basket_id` int(11) NOT NULL AUTO_INCREMENT,
  `cust_id` int(10) NOT NULL DEFAULT '0',
  `order_complete` char(1) DEFAULT NULL,
  `retailer_id` int(10) NOT NULL DEFAULT '0',
  `order_complete_date` datetime NOT NULL DEFAULT '0000-00-00 00:00:00',
  `retailer_order_status` varchar(10) NOT NULL DEFAULT '',
  `payment_successful` char(1) DEFAULT NULL,
  `payment_fail_why` varchar(255) DEFAULT NULL,
  `last_access` date DEFAULT NULL,
  `requires_further_processing` char(1) NOT NULL DEFAULT '',
  `new_order_notify_sent` char(1) DEFAULT 'n',
  `order_status_id` int(11) NOT NULL DEFAULT '0',
  `email_status_change` char(1) NOT NULL DEFAULT 'y',
  `price_band_id` int(11) DEFAULT NULL,
  `payment_method_id` int(11) DEFAULT NULL,
  `payment_fail_why_detail` varchar(255) DEFAULT NULL,
  `external_trans_id` varchar(255) DEFAULT NULL,
  `card_auth_code` varchar(255) DEFAULT NULL,
  `trans_cust_info_xml_exported` char(1) NOT NULL DEFAULT 'n',
  `transaction_xml_exported` char(1) NOT NULL DEFAULT 'n',
  `ip_address` varchar(255) DEFAULT NULL,
  `subtotal` decimal(10,2) DEFAULT NULL,
  `currency_code` char(3) DEFAULT NULL,
  `total` decimal(10,2) DEFAULT NULL,
  `tax_amount` decimal(10,2) DEFAULT NULL,
  `basket_source` varchar(255) DEFAULT NULL,
  `basket_created` timestamp NOT NULL DEFAULT CURRENT_TIMESTAMP,
  PRIMARY KEY (`basket_id`),
  UNIQUE KEY `basket_id` (`basket_id`),
  KEY `basket_id_2` (`basket_id`),
  KEY `requires_further_processing` (`requires_further_processing`),
  KEY `trans_cust_info_xml_exported` (`trans_cust_info_xml_exported`),
  KEY `transaction_xml_exported` (`transaction_xml_exported`),
  KEY `xml_exported_both` (`trans_cust_info_xml_exported`,`transaction_xml_exported`),
  KEY `idx_cust_id` (`cust_id`),
  KEY `idx_retailer_id` (`retailer_id`)
) ENGINE=MyISAM AUTO_INCREMENT=1091 DEFAULT CHARSET=latin1 PACK_KEYS=1;

--
-- Dumping data for table `shopping_basket`
--

INSERT INTO `shopping_basket` VALUES (1,14,NULL,11700,'0000-00-00 00:00:00','',NULL,NULL,NULL,'','n',0,'y',NULL,NULL,NULL,NULL,NULL,'n','n',NULL,72.00,NULL,86.40,14.40,NULL,'2020-01-28 10:46:46'),(2,0,NULL,11700,'0000-00-00 00:00:00','',NULL,NULL,NULL,'','n',0,'y',NULL,NULL,NULL,NULL,NULL,'n','n',NULL,NULL,NULL,NULL,NULL,NULL,'2020-02-14 14:09:07'),(3,0,NULL,11700,'0000-00-00 00:00:00','',NULL,NULL,NULL,'','n',0,'y',NULL,NULL,NULL,NULL,NULL,'n','n',NULL,NULL,NULL,NULL,NULL,NULL,'2020-02-20 14:43:24'),(4,15,NULL,11700,'0000-00-00 00:00:00','',NULL,NULL,NULL,'','n',0,'y',NULL,NULL,NULL,NULL,NULL,'n','n',NULL,NULL,NULL,NULL,NULL,NULL,'2020-02-20 14:53:19'),(5,16,'Y',11700,'2020-02-24 09:57:32','','y',NULL,'2020-02-24','','n',0,'y',NULL,4,NULL,'6-9-5124777','TEST32','n','n',NULL,NULL,NULL,NULL,NULL,NULL,'2020-02-24 09:46:36'),(6,0,NULL,11700,'0000-00-00 00:00:00','',NULL,NULL,NULL,'','n',0,'y',NULL,NULL,NULL,NULL,NULL,'n','n',NULL,NULL,NULL,NULL,NULL,NULL,'2020-02-24 10:08:58'),(7,19,NULL,11700,'0000-00-00 00:00:00','',NULL,NULL,NULL,'','n',0,'y',NULL,NULL,NULL,NULL,NULL,'n','n',NULL,NULL,NULL,NULL,NULL,NULL,'2020-02-26 09:36:47'),(8,20,'Y',11700,'2020-03-08 14:54:50','','y',NULL,'2020-03-08','','n',0,'y',NULL,4,NULL,'2-9-4533966','TEST26','n','n',NULL,NULL,NULL,NULL,NULL,NULL,'2020-03-08 14:49:00'),(9,0,NULL,11700,'0000-00-00 00:00:00','',NULL,NULL,NULL,'','n',0,'y',NULL,NULL,NULL,NULL,NULL,'n','n',NULL,NULL,NULL,NULL,NULL,NULL,'2020-03-08 20:08:58'),(10,21,NULL,11700,'0000-00-00 00:00:00','',NULL,NULL,NULL,'','n',0,'y',NULL,NULL,NULL,NULL,NULL,'n','n',NULL,NULL,NULL,NULL,NULL,NULL,'2020-03-08 21:09:27'),(11,24,NULL,11700,'0000-00-00 00:00:00','',NULL,NULL,NULL,'','n',0,'y',NULL,NULL,NULL,NULL,NULL,'n','n',NULL,NULL,NULL,NULL,NULL,NULL,'2020-03-08 21:15:52'),(12,0,NULL,11700,'0000-00-00 00:00:00','',NULL,NULL,NULL,'','n',0,'y',NULL,NULL,NULL,NULL,NULL,'n','n',NULL,NULL,NULL,NULL,NULL,NULL,'2020-03-10 10:21:25'),(13,0,NULL,11700,'0000-00-00 00:00:00','',NULL,NULL,NULL,'','n',0,'y',NULL,NULL,NULL,NULL,NULL,'n','n',NULL,NULL,NULL,NULL,NULL,NULL,'2020-03-10 10:26:53'),(14,0,NULL,11700,'0000-00-00 00:00:00','',NULL,NULL,NULL,'','n',0,'y',NULL,NULL,NULL,NULL,NULL,'n','n',NULL,NULL,NULL,NULL,NULL,NULL,'2020-03-10 10:31:14'),(15,25,NULL,11700,'0000-00-00 00:00:00','',NULL,NULL,NULL,'','n',0,'y',NULL,NULL,NULL,NULL,NULL,'n','n',NULL,NULL,NULL,NULL,NULL,NULL,'2020-03-10 10:39:09'),(16,0,NULL,11700,'0000-00-00 00:00:00','',NULL,NULL,NULL,'','n',0,'y',NULL,NULL,NULL,NULL,NULL,'n','n',NULL,NULL,NULL,NULL,NULL,NULL,'2020-03-10 11:43:05'),(17,0,NULL,11700,'0000-00-00 00:00:00','',NULL,NULL,NULL,'','n',0,'y',NULL,NULL,NULL,NULL,NULL,'n','n',NULL,NULL,NULL,NULL,NULL,NULL,'2020-03-11 11:29:23'),(18,0,NULL,11700,'0000-00-00 00:00:00','',NULL,NULL,NULL,'','n',0,'y',NULL,NULL,NULL,NULL,NULL,'n','n',NULL,NULL,NULL,NULL,NULL,NULL,'2020-03-11 17:24:46'),(19,0,NULL,11700,'0000-00-00 00:00:00','',NULL,NULL,NULL,'','n',0,'y',NULL,NULL,NULL,NULL,NULL,'n','n',NULL,NULL,NULL,NULL,NULL,NULL,'2020-03-21 02:23:52'),(20,0,NULL,11700,'0000-00-00 00:00:00','',NULL,NULL,NULL,'','n',0,'y',NULL,NULL,NULL,NULL,NULL,'n','n',NULL,NULL,NULL,NULL,NULL,NULL,'2020-03-21 08:03:10'),(21,0,NULL,11700,'0000-00-00 00:00:00','',NULL,NULL,NULL,'','n',0,'y',NULL,NULL,NULL,NULL,NULL,'n','n',NULL,NULL,NULL,NULL,NULL,NULL,'2020-03-22 09:54:28'),(22,0,NULL,11700,'0000-00-00 00:00:00','',NULL,NULL,NULL,'','n',0,'y',NULL,NULL,NULL,NULL,NULL,'n','n',NULL,NULL,NULL,NULL,NULL,NULL,'2020-03-22 10:01:08'),(23,0,NULL,11700,'0000-00-00 00:00:00','',NULL,NULL,NULL,'','n',0,'y',NULL,NULL,NULL,NULL,NULL,'n','n',NULL,NULL,NULL,NULL,NULL,NULL,'2020-03-23 09:39:02'),(24,0,NULL,11700,'0000-00-00 00:00:00','',NULL,NULL,NULL,'','n',0,'y',NULL,NULL,NULL,NULL,NULL,'n','n',NULL,NULL,NULL,NULL,NULL,NULL,'2020-03-23 18:56:13'),(25,0,NULL,11700,'0000-00-00 00:00:00','',NULL,NULL,NULL,'','n',0,'y',NULL,NULL,NULL,NULL,NULL,'n','n',NULL,NULL,NULL,NULL,NULL,NULL,'2020-03-23 18:56:46'),(26,0,NULL,11700,'0000-00-00 00:00:00','',NULL,NULL,NULL,'','n',0,'y',NULL,NULL,NULL,NULL,NULL,'n','n',NULL,NULL,NULL,NULL,NULL,NULL,'2020-03-23 18:57:35'),(27,0,NULL,11700,'0000-00-00 00:00:00','',NULL,NULL,NULL,'','n',0,'y',NULL,NULL,NULL,NULL,NULL,'n','n',NULL,NULL,NULL,NULL,NULL,NULL,'2020-03-23 19:20:28'),(28,0,NULL,11700,'0000-00-00 00:00:00','',NULL,NULL,NULL,'','n',0,'y',NULL,NULL,NULL,NULL,NULL,'n','n',NULL,NULL,NULL,NULL,NULL,NULL,'2020-03-23 20:11:30'),(29,0,NULL,11700,'0000-00-00 00:00:00','',NULL,NULL,NULL,'','n',0,'y',NULL,NULL,NULL,NULL,NULL,'n','n',NULL,NULL,NULL,NULL,NULL,NULL,'2020-03-23 21:02:55'),(30,0,NULL,11700,'0000-00-00 00:00:00','',NULL,NULL,NULL,'','n',0,'y',NULL,NULL,NULL,NULL,NULL,'n','n',NULL,NULL,NULL,NULL,NULL,NULL,'2020-03-24 07:52:28'),(31,0,NULL,11700,'0000-00-00 00:00:00','',NULL,NULL,NULL,'','n',0,'y',NULL,NULL,NULL,NULL,NULL,'n','n',NULL,NULL,NULL,NULL,NULL,NULL,'2020-03-24 19:21:13'),(32,0,NULL,11700,'0000-00-00 00:00:00','',NULL,NULL,NULL,'','n',0,'y',NULL,NULL,NULL,NULL,NULL,'n','n',NULL,NULL,NULL,NULL,NULL,NULL,'2020-03-25 07:41:15'),(33,0,NULL,11700,'0000-00-00 00:00:00','',NULL,NULL,NULL,'','n',0,'y',NULL,NULL,NULL,NULL,NULL,'n','n',NULL,NULL,NULL,NULL,NULL,NULL,'2020-03-29 16:20:24'),(34,0,NULL,11700,'0000-00-00 00:00:00','',NULL,NULL,NULL,'','n',0,'y',NULL,NULL,NULL,NULL,NULL,'n','n',NULL,NULL,NULL,NULL,NULL,NULL,'2020-03-29 16:20:25'),(35,0,NULL,11700,'0000-00-00 00:00:00','',NULL,NULL,NULL,'','n',0,'y',NULL,NULL,NULL,NULL,NULL,'n','n',NULL,NULL,NULL,NULL,NULL,NULL,'2020-03-31 11:17:12'),(36,0,NULL,11700,'0000-00-00 00:00:00','',NULL,NULL,NULL,'','n',0,'y',NULL,NULL,NULL,NULL,NULL,'n','n',NULL,NULL,NULL,NULL,NULL,NULL,'2020-04-02 11:15:10'),(37,0,NULL,11700,'0000-00-00 00:00:00','',NULL,NULL,NULL,'','n',0,'y',NULL,NULL,NULL,NULL,NULL,'n','n',NULL,NULL,NULL,NULL,NULL,NULL,'2020-04-07 20:05:33'),(38,0,NULL,11700,'0000-00-00 00:00:00','',NULL,NULL,NULL,'','n',0,'y',NULL,NULL,NULL,NULL,NULL,'n','n',NULL,NULL,NULL,NULL,NULL,NULL,'2020-04-09 12:40:48'),(39,0,NULL,11700,'0000-00-00 00:00:00','',NULL,NULL,NULL,'','n',0,'y',NULL,NULL,NULL,NULL,NULL,'n','n',NULL,NULL,NULL,NULL,NULL,NULL,'2020-04-09 23:35:39'),(40,0,NULL,11700,'0000-00-00 00:00:00','',NULL,NULL,NULL,'','n',0,'y',NULL,NULL,NULL,NULL,NULL,'n','n',NULL,NULL,NULL,NULL,NULL,NULL,'2020-04-14 15:28:49'),(41,36,'Y',11700,'2020-04-21 11:45:05','','y',NULL,'2020-04-21','','n',0,'y',NULL,4,NULL,'3-70-23876766','439653','n','n',NULL,NULL,NULL,NULL,NULL,NULL,'2020-04-17 08:39:39'),(42,0,NULL,11700,'0000-00-00 00:00:00','',NULL,NULL,NULL,'','n',0,'y',NULL,NULL,NULL,NULL,NULL,'n','n',NULL,NULL,NULL,NULL,NULL,NULL,'2020-04-17 18:58:59'),(43,0,NULL,11700,'0000-00-00 00:00:00','',NULL,NULL,NULL,'','n',0,'y',NULL,NULL,NULL,NULL,NULL,'n','n',NULL,NULL,NULL,NULL,NULL,NULL,'2020-04-17 23:05:33'),(44,0,NULL,11700,'0000-00-00 00:00:00','',NULL,NULL,NULL,'','n',0,'y',NULL,NULL,NULL,NULL,NULL,'n','n',NULL,NULL,NULL,NULL,NULL,NULL,'2020-04-19 06:11:18'),(45,0,NULL,11700,'0000-00-00 00:00:00','',NULL,NULL,NULL,'','n',0,'y',NULL,NULL,NULL,NULL,NULL,'n','n',NULL,NULL,NULL,NULL,NULL,NULL,'2020-04-20 22:59:34'),(46,0,NULL,11700,'0000-00-00 00:00:00','',NULL,NULL,NULL,'','n',0,'y',NULL,NULL,NULL,NULL,NULL,'n','n',NULL,NULL,NULL,NULL,NULL,NULL,'2020-04-20 22:59:44'),(47,0,NULL,11700,'0000-00-00 00:00:00','',NULL,NULL,NULL,'','n',0,'y',NULL,NULL,NULL,NULL,NULL,'n','n',NULL,NULL,NULL,NULL,NULL,NULL,'2020-04-21 22:03:37'),(48,0,NULL,11700,'0000-00-00 00:00:00','',NULL,NULL,NULL,'','n',0,'y',NULL,NULL,NULL,NULL,NULL,'n','n',NULL,NULL,NULL,NULL,NULL,NULL,'2020-04-23 04:54:41'),(49,0,NULL,11700,'0000-00-00 00:00:00','',NULL,NULL,NULL,'','n',0,'y',NULL,NULL,NULL,NULL,NULL,'n','n',NULL,NULL,NULL,NULL,NULL,NULL,'2020-04-23 06:01:45'),(50,37,NULL,11700,'0000-00-00 00:00:00','',NULL,NULL,NULL,'','n',0,'y',NULL,NULL,NULL,NULL,NULL,'n','n',NULL,NULL,NULL,NULL,NULL,NULL,'2020-04-23 06:29:10'),(51,38,NULL,11700,'0000-00-00 00:00:00','',NULL,NULL,NULL,'','n',0,'y',NULL,NULL,NULL,NULL,NULL,'n','n',NULL,NULL,NULL,NULL,NULL,NULL,'2020-04-23 12:01:35'),(52,0,NULL,11700,'0000-00-00 00:00:00','',NULL,NULL,NULL,'','n',0,'y',NULL,NULL,NULL,NULL,NULL,'n','n',NULL,NULL,NULL,NULL,NULL,NULL,'2020-04-23 22:24:46'),(53,0,NULL,11700,'0000-00-00 00:00:00','',NULL,NULL,NULL,'','n',0,'y',NULL,NULL,NULL,NULL,NULL,'n','n',NULL,NULL,NULL,NULL,NULL,NULL,'2020-04-24 01:33:48'),(54,0,NULL,11700,'0000-00-00 00:00:00','',NULL,NULL,NULL,'','n',0,'y',NULL,NULL,NULL,NULL,NULL,'n','n',NULL,NULL,NULL,NULL,NULL,NULL,'2020-04-24 01:52:11'),(55,0,NULL,11700,'0000-00-00 00:00:00','',NULL,NULL,NULL,'','n',0,'y',NULL,NULL,NULL,NULL,NULL,'n','n',NULL,NULL,NULL,NULL,NULL,NULL,'2020-04-24 02:52:27'),(56,0,NULL,11700,'0000-00-00 00:00:00','',NULL,NULL,NULL,'','n',0,'y',NULL,NULL,NULL,NULL,NULL,'n','n',NULL,NULL,NULL,NULL,NULL,NULL,'2020-04-24 03:58:47'),(57,0,NULL,11700,'0000-00-00 00:00:00','',NULL,NULL,NULL,'','n',0,'y',NULL,NULL,NULL,NULL,NULL,'n','n',NULL,NULL,NULL,NULL,NULL,NULL,'2020-04-24 04:11:35'),(58,0,NULL,11700,'0000-00-00 00:00:00','',NULL,NULL,NULL,'','n',0,'y',NULL,NULL,NULL,NULL,NULL,'n','n',NULL,NULL,NULL,NULL,NULL,NULL,'2020-04-26 18:33:53'),(59,0,NULL,11700,'0000-00-00 00:00:00','',NULL,NULL,NULL,'','n',0,'y',NULL,NULL,NULL,NULL,NULL,'n','n',NULL,NULL,NULL,NULL,NULL,NULL,'2020-04-26 23:06:50'),(60,0,NULL,11700,'0000-00-00 00:00:00','',NULL,NULL,NULL,'','n',0,'y',NULL,NULL,NULL,NULL,NULL,'n','n',NULL,NULL,NULL,NULL,NULL,NULL,'2020-04-28 10:51:18'),(61,0,NULL,11700,'0000-00-00 00:00:00','',NULL,NULL,NULL,'','n',0,'y',NULL,NULL,NULL,NULL,NULL,'n','n',NULL,NULL,NULL,NULL,NULL,NULL,'2020-04-28 22:16:15'),(62,0,NULL,11700,'0000-00-00 00:00:00','',NULL,NULL,NULL,'','n',0,'y',NULL,NULL,NULL,NULL,NULL,'n','n',NULL,NULL,NULL,NULL,NULL,NULL,'2020-04-29 00:15:59'),(63,0,NULL,11700,'0000-00-00 00:00:00','',NULL,NULL,NULL,'','n',0,'y',NULL,NULL,NULL,NULL,NULL,'n','n',NULL,NULL,NULL,NULL,NULL,NULL,'2020-04-29 06:51:38'),(64,39,NULL,11700,'0000-00-00 00:00:00','',NULL,NULL,NULL,'','n',0,'y',NULL,NULL,NULL,NULL,NULL,'n','n',NULL,NULL,NULL,NULL,NULL,NULL,'2020-04-29 12:36:46'),(65,40,NULL,11700,'0000-00-00 00:00:00','',NULL,NULL,NULL,'','n',0,'y',NULL,NULL,NULL,NULL,NULL,'n','n',NULL,NULL,NULL,NULL,NULL,NULL,'2020-04-29 13:07:51'),(66,0,NULL,11700,'0000-00-00 00:00:00','',NULL,NULL,NULL,'','n',0,'y',NULL,NULL,NULL,NULL,NULL,'n','n',NULL,NULL,NULL,NULL,NULL,NULL,'2020-04-29 14:07:48'),(67,0,NULL,11700,'0000-00-00 00:00:00','',NULL,NULL,NULL,'','n',0,'y',NULL,NULL,NULL,NULL,NULL,'n','n',NULL,NULL,NULL,NULL,NULL,NULL,'2020-04-29 16:57:30'),(68,0,NULL,11700,'0000-00-00 00:00:00','',NULL,NULL,NULL,'','n',0,'y',NULL,NULL,NULL,NULL,NULL,'n','n',NULL,NULL,NULL,NULL,NULL,NULL,'2020-05-02 08:12:57'),(69,0,NULL,11700,'0000-00-00 00:00:00','',NULL,NULL,NULL,'','n',0,'y',NULL,NULL,NULL,NULL,NULL,'n','n',NULL,NULL,NULL,NULL,NULL,NULL,'2020-05-03 02:33:51'),(70,0,NULL,11700,'0000-00-00 00:00:00','',NULL,NULL,NULL,'','n',0,'y',NULL,NULL,NULL,NULL,NULL,'n','n',NULL,NULL,NULL,NULL,NULL,NULL,'2020-05-03 04:18:01'),(71,0,NULL,11700,'0000-00-00 00:00:00','',NULL,NULL,NULL,'','n',0,'y',NULL,NULL,NULL,NULL,NULL,'n','n',NULL,NULL,NULL,NULL,NULL,NULL,'2020-05-03 18:56:28'),(72,41,'Y',11700,'2020-05-04 10:52:15','','y',NULL,'2020-05-04','','n',0,'y',NULL,4,NULL,'3-70-24244701','004239','n','n',NULL,NULL,NULL,NULL,NULL,NULL,'2020-05-04 10:49:13'),(73,0,NULL,11700,'0000-00-00 00:00:00','',NULL,NULL,NULL,'','n',0,'y',NULL,NULL,NULL,NULL,NULL,'n','n',NULL,NULL,NULL,NULL,NULL,NULL,'2020-05-05 13:38:12'),(74,0,NULL,11700,'0000-00-00 00:00:00','',NULL,NULL,NULL,'','n',0,'y',NULL,NULL,NULL,NULL,NULL,'n','n',NULL,NULL,NULL,NULL,NULL,NULL,'2020-05-06 08:35:58'),(75,0,NULL,11700,'0000-00-00 00:00:00','',NULL,NULL,NULL,'','n',0,'y',NULL,NULL,NULL,NULL,NULL,'n','n',NULL,NULL,NULL,NULL,NULL,NULL,'2020-05-06 20:25:19'),(76,0,NULL,11700,'0000-00-00 00:00:00','',NULL,NULL,NULL,'','n',0,'y',NULL,NULL,NULL,NULL,NULL,'n','n',NULL,NULL,NULL,NULL,NULL,NULL,'2020-05-06 20:25:26'),(77,0,NULL,11700,'0000-00-00 00:00:00','',NULL,NULL,NULL,'','n',0,'y',NULL,NULL,NULL,NULL,NULL,'n','n',NULL,NULL,NULL,NULL,NULL,NULL,'2020-05-06 20:25:27'),(78,0,NULL,11700,'0000-00-00 00:00:00','',NULL,NULL,NULL,'','n',0,'y',NULL,NULL,NULL,NULL,NULL,'n','n',NULL,NULL,NULL,NULL,NULL,NULL,'2020-05-06 20:25:29'),(79,0,NULL,11700,'0000-00-00 00:00:00','',NULL,NULL,NULL,'','n',0,'y',NULL,NULL,NULL,NULL,NULL,'n','n',NULL,NULL,NULL,NULL,NULL,NULL,'2020-05-06 20:25:30'),(80,0,NULL,11700,'0000-00-00 00:00:00','',NULL,NULL,NULL,'','n',0,'y',NULL,NULL,NULL,NULL,NULL,'n','n',NULL,NULL,NULL,NULL,NULL,NULL,'2020-05-06 20:25:31'),(81,0,NULL,11700,'0000-00-00 00:00:00','',NULL,NULL,NULL,'','n',0,'y',NULL,NULL,NULL,NULL,NULL,'n','n',NULL,NULL,NULL,NULL,NULL,NULL,'2020-05-06 20:25:32'),(82,0,NULL,11700,'0000-00-00 00:00:00','',NULL,NULL,NULL,'','n',0,'y',NULL,NULL,NULL,NULL,NULL,'n','n',NULL,NULL,NULL,NULL,NULL,NULL,'2020-05-06 20:25:33'),(83,0,NULL,11700,'0000-00-00 00:00:00','',NULL,NULL,NULL,'','n',0,'y',NULL,NULL,NULL,NULL,NULL,'n','n',NULL,NULL,NULL,NULL,NULL,NULL,'2020-05-06 20:25:34'),(84,0,NULL,11700,'0000-00-00 00:00:00','',NULL,NULL,NULL,'','n',0,'y',NULL,NULL,NULL,NULL,NULL,'n','n',NULL,NULL,NULL,NULL,NULL,NULL,'2020-05-06 20:25:35'),(85,0,NULL,11700,'0000-00-00 00:00:00','',NULL,NULL,NULL,'','n',0,'y',NULL,NULL,NULL,NULL,NULL,'n','n',NULL,NULL,NULL,NULL,NULL,NULL,'2020-05-06 20:25:36'),(86,0,NULL,11700,'0000-00-00 00:00:00','',NULL,NULL,NULL,'','n',0,'y',NULL,NULL,NULL,NULL,NULL,'n','n',NULL,NULL,NULL,NULL,NULL,NULL,'2020-05-06 20:25:37'),(87,0,NULL,11700,'0000-00-00 00:00:00','',NULL,NULL,NULL,'','n',0,'y',NULL,NULL,NULL,NULL,NULL,'n','n',NULL,NULL,NULL,NULL,NULL,NULL,'2020-05-06 20:25:38'),(88,0,NULL,11700,'0000-00-00 00:00:00','',NULL,NULL,NULL,'','n',0,'y',NULL,NULL,NULL,NULL,NULL,'n','n',NULL,NULL,NULL,NULL,NULL,NULL,'2020-05-06 20:25:39'),(89,0,NULL,11700,'0000-00-00 00:00:00','',NULL,NULL,NULL,'','n',0,'y',NULL,NULL,NULL,NULL,NULL,'n','n',NULL,NULL,NULL,NULL,NULL,NULL,'2020-05-06 20:25:40'),(90,0,NULL,11700,'0000-00-00 00:00:00','',NULL,NULL,NULL,'','n',0,'y',NULL,NULL,NULL,NULL,NULL,'n','n',NULL,NULL,NULL,NULL,NULL,NULL,'2020-05-06 20:25:43'),(91,0,NULL,11700,'0000-00-00 00:00:00','',NULL,NULL,NULL,'','n',0,'y',NULL,NULL,NULL,NULL,NULL,'n','n',NULL,NULL,NULL,NULL,NULL,NULL,'2020-05-06 20:25:44'),(92,0,NULL,11700,'0000-00-00 00:00:00','',NULL,NULL,NULL,'','n',0,'y',NULL,NULL,NULL,NULL,NULL,'n','n',NULL,NULL,NULL,NULL,NULL,NULL,'2020-05-06 20:25:45'),(93,0,NULL,11700,'0000-00-00 00:00:00','',NULL,NULL,NULL,'','n',0,'y',NULL,NULL,NULL,NULL,NULL,'n','n',NULL,NULL,NULL,NULL,NULL,NULL,'2020-05-06 20:25:46'),(94,0,NULL,11700,'0000-00-00 00:00:00','',NULL,NULL,NULL,'','n',0,'y',NULL,NULL,NULL,NULL,NULL,'n','n',NULL,NULL,NULL,NULL,NULL,NULL,'2020-05-06 20:25:47'),(95,0,NULL,11700,'0000-00-00 00:00:00','',NULL,NULL,NULL,'','n',0,'y',NULL,NULL,NULL,NULL,NULL,'n','n',NULL,NULL,NULL,NULL,NULL,NULL,'2020-05-06 20:25:48'),(96,0,NULL,11700,'0000-00-00 00:00:00','',NULL,NULL,NULL,'','n',0,'y',NULL,NULL,NULL,NULL,NULL,'n','n',NULL,NULL,NULL,NULL,NULL,NULL,'2020-05-06 20:25:49'),(97,0,NULL,11700,'0000-00-00 00:00:00','',NULL,NULL,NULL,'','n',0,'y',NULL,NULL,NULL,NULL,NULL,'n','n',NULL,NULL,NULL,NULL,NULL,NULL,'2020-05-06 20:25:50'),(98,0,NULL,11700,'0000-00-00 00:00:00','',NULL,NULL,NULL,'','n',0,'y',NULL,NULL,NULL,NULL,NULL,'n','n',NULL,NULL,NULL,NULL,NULL,NULL,'2020-05-06 20:25:51'),(99,0,NULL,11700,'0000-00-00 00:00:00','',NULL,NULL,NULL,'','n',0,'y',NULL,NULL,NULL,NULL,NULL,'n','n',NULL,NULL,NULL,NULL,NULL,NULL,'2020-05-06 20:25:52'),(100,0,NULL,11700,'0000-00-00 00:00:00','',NULL,NULL,NULL,'','n',0,'y',NULL,NULL,NULL,NULL,NULL,'n','n',NULL,NULL,NULL,NULL,NULL,NULL,'2020-05-06 20:25:53'),(101,0,NULL,11700,'0000-00-00 00:00:00','',NULL,NULL,NULL,'','n',0,'y',NULL,NULL,NULL,NULL,NULL,'n','n',NULL,NULL,NULL,NULL,NULL,NULL,'2020-05-06 20:25:54'),(102,0,NULL,11700,'0000-00-00 00:00:00','',NULL,NULL,NULL,'','n',0,'y',NULL,NULL,NULL,NULL,NULL,'n','n',NULL,NULL,NULL,NULL,NULL,NULL,'2020-05-06 20:25:55'),(103,0,NULL,11700,'0000-00-00 00:00:00','',NULL,NULL,NULL,'','n',0,'y',NULL,NULL,NULL,NULL,NULL,'n','n',NULL,NULL,NULL,NULL,NULL,NULL,'2020-05-06 20:25:56'),(104,0,NULL,11700,'0000-00-00 00:00:00','',NULL,NULL,NULL,'','n',0,'y',NULL,NULL,NULL,NULL,NULL,'n','n',NULL,NULL,NULL,NULL,NULL,NULL,'2020-05-06 20:25:57'),(105,0,NULL,11700,'0000-00-00 00:00:00','',NULL,NULL,NULL,'','n',0,'y',NULL,NULL,NULL,NULL,NULL,'n','n',NULL,NULL,NULL,NULL,NULL,NULL,'2020-05-06 20:25:58'),(106,0,NULL,11700,'0000-00-00 00:00:00','',NULL,NULL,NULL,'','n',0,'y',NULL,NULL,NULL,NULL,NULL,'n','n',NULL,NULL,NULL,NULL,NULL,NULL,'2020-05-06 20:25:59'),(107,0,NULL,11700,'0000-00-00 00:00:00','',NULL,NULL,NULL,'','n',0,'y',NULL,NULL,NULL,NULL,NULL,'n','n',NULL,NULL,NULL,NULL,NULL,NULL,'2020-05-06 20:26:00'),(108,0,NULL,11700,'0000-00-00 00:00:00','',NULL,NULL,NULL,'','n',0,'y',NULL,NULL,NULL,NULL,NULL,'n','n',NULL,NULL,NULL,NULL,NULL,NULL,'2020-05-06 20:26:01'),(109,0,NULL,11700,'0000-00-00 00:00:00','',NULL,NULL,NULL,'','n',0,'y',NULL,NULL,NULL,NULL,NULL,'n','n',NULL,NULL,NULL,NULL,NULL,NULL,'2020-05-06 20:26:02'),(110,0,NULL,11700,'0000-00-00 00:00:00','',NULL,NULL,NULL,'','n',0,'y',NULL,NULL,NULL,NULL,NULL,'n','n',NULL,NULL,NULL,NULL,NULL,NULL,'2020-05-06 20:26:03'),(111,0,NULL,11700,'0000-00-00 00:00:00','',NULL,NULL,NULL,'','n',0,'y',NULL,NULL,NULL,NULL,NULL,'n','n',NULL,NULL,NULL,NULL,NULL,NULL,'2020-05-06 20:26:04'),(112,0,NULL,11700,'0000-00-00 00:00:00','',NULL,NULL,NULL,'','n',0,'y',NULL,NULL,NULL,NULL,NULL,'n','n',NULL,NULL,NULL,NULL,NULL,NULL,'2020-05-06 20:26:05'),(113,0,NULL,11700,'0000-00-00 00:00:00','',NULL,NULL,NULL,'','n',0,'y',NULL,NULL,NULL,NULL,NULL,'n','n',NULL,NULL,NULL,NULL,NULL,NULL,'2020-05-06 20:26:06'),(114,0,NULL,11700,'0000-00-00 00:00:00','',NULL,NULL,NULL,'','n',0,'y',NULL,NULL,NULL,NULL,NULL,'n','n',NULL,NULL,NULL,NULL,NULL,NULL,'2020-05-06 20:26:11'),(115,0,NULL,11700,'0000-00-00 00:00:00','',NULL,NULL,NULL,'','n',0,'y',NULL,NULL,NULL,NULL,NULL,'n','n',NULL,NULL,NULL,NULL,NULL,NULL,'2020-05-06 20:26:12'),(116,0,NULL,11700,'0000-00-00 00:00:00','',NULL,NULL,NULL,'','n',0,'y',NULL,NULL,NULL,NULL,NULL,'n','n',NULL,NULL,NULL,NULL,NULL,NULL,'2020-05-06 20:26:13'),(117,0,NULL,11700,'0000-00-00 00:00:00','',NULL,NULL,NULL,'','n',0,'y',NULL,NULL,NULL,NULL,NULL,'n','n',NULL,NULL,NULL,NULL,NULL,NULL,'2020-05-06 20:26:14'),(118,0,NULL,11700,'0000-00-00 00:00:00','',NULL,NULL,NULL,'','n',0,'y',NULL,NULL,NULL,NULL,NULL,'n','n',NULL,NULL,NULL,NULL,NULL,NULL,'2020-05-06 20:26:15'),(119,0,NULL,11700,'0000-00-00 00:00:00','',NULL,NULL,NULL,'','n',0,'y',NULL,NULL,NULL,NULL,NULL,'n','n',NULL,NULL,NULL,NULL,NULL,NULL,'2020-05-06 20:26:16'),(120,0,NULL,11700,'0000-00-00 00:00:00','',NULL,NULL,NULL,'','n',0,'y',NULL,NULL,NULL,NULL,NULL,'n','n',NULL,NULL,NULL,NULL,NULL,NULL,'2020-05-06 20:26:17'),(121,0,NULL,11700,'0000-00-00 00:00:00','',NULL,NULL,NULL,'','n',0,'y',NULL,NULL,NULL,NULL,NULL,'n','n',NULL,NULL,NULL,NULL,NULL,NULL,'2020-05-06 20:26:18'),(122,0,NULL,11700,'0000-00-00 00:00:00','',NULL,NULL,NULL,'','n',0,'y',NULL,NULL,NULL,NULL,NULL,'n','n',NULL,NULL,NULL,NULL,NULL,NULL,'2020-05-06 20:26:19'),(123,0,NULL,11700,'0000-00-00 00:00:00','',NULL,NULL,NULL,'','n',0,'y',NULL,NULL,NULL,NULL,NULL,'n','n',NULL,NULL,NULL,NULL,NULL,NULL,'2020-05-06 20:26:20'),(124,0,NULL,11700,'0000-00-00 00:00:00','',NULL,NULL,NULL,'','n',0,'y',NULL,NULL,NULL,NULL,NULL,'n','n',NULL,NULL,NULL,NULL,NULL,NULL,'2020-05-06 20:26:21'),(125,0,NULL,11700,'0000-00-00 00:00:00','',NULL,NULL,NULL,'','n',0,'y',NULL,NULL,NULL,NULL,NULL,'n','n',NULL,NULL,NULL,NULL,NULL,NULL,'2020-05-06 20:26:22'),(126,0,NULL,11700,'0000-00-00 00:00:00','',NULL,NULL,NULL,'','n',0,'y',NULL,NULL,NULL,NULL,NULL,'n','n',NULL,NULL,NULL,NULL,NULL,NULL,'2020-05-06 20:26:23'),(127,0,NULL,11700,'0000-00-00 00:00:00','',NULL,NULL,NULL,'','n',0,'y',NULL,NULL,NULL,NULL,NULL,'n','n',NULL,NULL,NULL,NULL,NULL,NULL,'2020-05-06 20:26:24'),(128,0,NULL,11700,'0000-00-00 00:00:00','',NULL,NULL,NULL,'','n',0,'y',NULL,NULL,NULL,NULL,NULL,'n','n',NULL,NULL,NULL,NULL,NULL,NULL,'2020-05-06 20:26:25'),(129,0,NULL,11700,'0000-00-00 00:00:00','',NULL,NULL,NULL,'','n',0,'y',NULL,NULL,NULL,NULL,NULL,'n','n',NULL,NULL,NULL,NULL,NULL,NULL,'2020-05-06 20:26:26'),(130,0,NULL,11700,'0000-00-00 00:00:00','',NULL,NULL,NULL,'','n',0,'y',NULL,NULL,NULL,NULL,NULL,'n','n',NULL,NULL,NULL,NULL,NULL,NULL,'2020-05-06 20:26:27'),(131,0,NULL,11700,'0000-00-00 00:00:00','',NULL,NULL,NULL,'','n',0,'y',NULL,NULL,NULL,NULL,NULL,'n','n',NULL,NULL,NULL,NULL,NULL,NULL,'2020-05-06 20:26:28'),(132,0,NULL,11700,'0000-00-00 00:00:00','',NULL,NULL,NULL,'','n',0,'y',NULL,NULL,NULL,NULL,NULL,'n','n',NULL,NULL,NULL,NULL,NULL,NULL,'2020-05-06 20:26:29'),(133,0,NULL,11700,'0000-00-00 00:00:00','',NULL,NULL,NULL,'','n',0,'y',NULL,NULL,NULL,NULL,NULL,'n','n',NULL,NULL,NULL,NULL,NULL,NULL,'2020-05-06 20:26:30'),(134,0,NULL,11700,'0000-00-00 00:00:00','',NULL,NULL,NULL,'','n',0,'y',NULL,NULL,NULL,NULL,NULL,'n','n',NULL,NULL,NULL,NULL,NULL,NULL,'2020-05-06 20:26:31'),(135,0,NULL,11700,'0000-00-00 00:00:00','',NULL,NULL,NULL,'','n',0,'y',NULL,NULL,NULL,NULL,NULL,'n','n',NULL,NULL,NULL,NULL,NULL,NULL,'2020-05-06 20:26:32'),(136,0,NULL,11700,'0000-00-00 00:00:00','',NULL,NULL,NULL,'','n',0,'y',NULL,NULL,NULL,NULL,NULL,'n','n',NULL,NULL,NULL,NULL,NULL,NULL,'2020-05-06 20:26:33'),(137,0,NULL,11700,'0000-00-00 00:00:00','',NULL,NULL,NULL,'','n',0,'y',NULL,NULL,NULL,NULL,NULL,'n','n',NULL,NULL,NULL,NULL,NULL,NULL,'2020-05-06 20:26:34'),(138,0,NULL,11700,'0000-00-00 00:00:00','',NULL,NULL,NULL,'','n',0,'y',NULL,NULL,NULL,NULL,NULL,'n','n',NULL,NULL,NULL,NULL,NULL,NULL,'2020-05-06 20:26:35'),(139,0,NULL,11700,'0000-00-00 00:00:00','',NULL,NULL,NULL,'','n',0,'y',NULL,NULL,NULL,NULL,NULL,'n','n',NULL,NULL,NULL,NULL,NULL,NULL,'2020-05-06 20:26:36'),(140,0,NULL,11700,'0000-00-00 00:00:00','',NULL,NULL,NULL,'','n',0,'y',NULL,NULL,NULL,NULL,NULL,'n','n',NULL,NULL,NULL,NULL,NULL,NULL,'2020-05-06 20:26:37'),(141,0,NULL,11700,'0000-00-00 00:00:00','',NULL,NULL,NULL,'','n',0,'y',NULL,NULL,NULL,NULL,NULL,'n','n',NULL,NULL,NULL,NULL,NULL,NULL,'2020-05-06 20:26:38'),(142,0,NULL,11700,'0000-00-00 00:00:00','',NULL,NULL,NULL,'','n',0,'y',NULL,NULL,NULL,NULL,NULL,'n','n',NULL,NULL,NULL,NULL,NULL,NULL,'2020-05-06 20:26:39'),(143,0,NULL,11700,'0000-00-00 00:00:00','',NULL,NULL,NULL,'','n',0,'y',NULL,NULL,NULL,NULL,NULL,'n','n',NULL,NULL,NULL,NULL,NULL,NULL,'2020-05-06 20:26:40'),(144,0,NULL,11700,'0000-00-00 00:00:00','',NULL,NULL,NULL,'','n',0,'y',NULL,NULL,NULL,NULL,NULL,'n','n',NULL,NULL,NULL,NULL,NULL,NULL,'2020-05-06 20:26:41'),(145,0,NULL,11700,'0000-00-00 00:00:00','',NULL,NULL,NULL,'','n',0,'y',NULL,NULL,NULL,NULL,NULL,'n','n',NULL,NULL,NULL,NULL,NULL,NULL,'2020-05-06 20:26:42'),(146,0,NULL,11700,'0000-00-00 00:00:00','',NULL,NULL,NULL,'','n',0,'y',NULL,NULL,NULL,NULL,NULL,'n','n',NULL,NULL,NULL,NULL,NULL,NULL,'2020-05-06 20:26:43'),(147,0,NULL,11700,'0000-00-00 00:00:00','',NULL,NULL,NULL,'','n',0,'y',NULL,NULL,NULL,NULL,NULL,'n','n',NULL,NULL,NULL,NULL,NULL,NULL,'2020-05-06 20:26:44'),(148,0,NULL,11700,'0000-00-00 00:00:00','',NULL,NULL,NULL,'','n',0,'y',NULL,NULL,NULL,NULL,NULL,'n','n',NULL,NULL,NULL,NULL,NULL,NULL,'2020-05-06 20:26:45'),(149,0,NULL,11700,'0000-00-00 00:00:00','',NULL,NULL,NULL,'','n',0,'y',NULL,NULL,NULL,NULL,NULL,'n','n',NULL,NULL,NULL,NULL,NULL,NULL,'2020-05-06 20:26:46'),(150,0,NULL,11700,'0000-00-00 00:00:00','',NULL,NULL,NULL,'','n',0,'y',NULL,NULL,NULL,NULL,NULL,'n','n',NULL,NULL,NULL,NULL,NULL,NULL,'2020-05-06 20:26:47'),(151,0,NULL,11700,'0000-00-00 00:00:00','',NULL,NULL,NULL,'','n',0,'y',NULL,NULL,NULL,NULL,NULL,'n','n',NULL,NULL,NULL,NULL,NULL,NULL,'2020-05-06 20:26:48'),(152,0,NULL,11700,'0000-00-00 00:00:00','',NULL,NULL,NULL,'','n',0,'y',NULL,NULL,NULL,NULL,NULL,'n','n',NULL,NULL,NULL,NULL,NULL,NULL,'2020-05-06 20:26:49'),(153,0,NULL,11700,'0000-00-00 00:00:00','',NULL,NULL,NULL,'','n',0,'y',NULL,NULL,NULL,NULL,NULL,'n','n',NULL,NULL,NULL,NULL,NULL,NULL,'2020-05-06 20:26:50'),(154,0,NULL,11700,'0000-00-00 00:00:00','',NULL,NULL,NULL,'','n',0,'y',NULL,NULL,NULL,NULL,NULL,'n','n',NULL,NULL,NULL,NULL,NULL,NULL,'2020-05-06 20:26:51'),(155,0,NULL,11700,'0000-00-00 00:00:00','',NULL,NULL,NULL,'','n',0,'y',NULL,NULL,NULL,NULL,NULL,'n','n',NULL,NULL,NULL,NULL,NULL,NULL,'2020-05-06 20:26:52'),(156,0,NULL,11700,'0000-00-00 00:00:00','',NULL,NULL,NULL,'','n',0,'y',NULL,NULL,NULL,NULL,NULL,'n','n',NULL,NULL,NULL,NULL,NULL,NULL,'2020-05-06 20:26:53'),(157,0,NULL,11700,'0000-00-00 00:00:00','',NULL,NULL,NULL,'','n',0,'y',NULL,NULL,NULL,NULL,NULL,'n','n',NULL,NULL,NULL,NULL,NULL,NULL,'2020-05-06 20:26:54'),(158,0,NULL,11700,'0000-00-00 00:00:00','',NULL,NULL,NULL,'','n',0,'y',NULL,NULL,NULL,NULL,NULL,'n','n',NULL,NULL,NULL,NULL,NULL,NULL,'2020-05-06 20:26:55'),(159,0,NULL,11700,'0000-00-00 00:00:00','',NULL,NULL,NULL,'','n',0,'y',NULL,NULL,NULL,NULL,NULL,'n','n',NULL,NULL,NULL,NULL,NULL,NULL,'2020-05-06 20:26:56'),(160,0,NULL,11700,'0000-00-00 00:00:00','',NULL,NULL,NULL,'','n',0,'y',NULL,NULL,NULL,NULL,NULL,'n','n',NULL,NULL,NULL,NULL,NULL,NULL,'2020-05-06 20:26:57'),(161,0,NULL,11700,'0000-00-00 00:00:00','',NULL,NULL,NULL,'','n',0,'y',NULL,NULL,NULL,NULL,NULL,'n','n',NULL,NULL,NULL,NULL,NULL,NULL,'2020-05-06 20:26:58'),(162,0,NULL,11700,'0000-00-00 00:00:00','',NULL,NULL,NULL,'','n',0,'y',NULL,NULL,NULL,NULL,NULL,'n','n',NULL,NULL,NULL,NULL,NULL,NULL,'2020-05-06 20:26:59'),(163,0,NULL,11700,'0000-00-00 00:00:00','',NULL,NULL,NULL,'','n',0,'y',NULL,NULL,NULL,NULL,NULL,'n','n',NULL,NULL,NULL,NULL,NULL,NULL,'2020-05-06 20:27:00'),(164,0,NULL,11700,'0000-00-00 00:00:00','',NULL,NULL,NULL,'','n',0,'y',NULL,NULL,NULL,NULL,NULL,'n','n',NULL,NULL,NULL,NULL,NULL,NULL,'2020-05-06 20:27:01'),(165,0,NULL,11700,'0000-00-00 00:00:00','',NULL,NULL,NULL,'','n',0,'y',NULL,NULL,NULL,NULL,NULL,'n','n',NULL,NULL,NULL,NULL,NULL,NULL,'2020-05-06 20:27:02'),(166,0,NULL,11700,'0000-00-00 00:00:00','',NULL,NULL,NULL,'','n',0,'y',NULL,NULL,NULL,NULL,NULL,'n','n',NULL,NULL,NULL,NULL,NULL,NULL,'2020-05-06 20:27:03'),(167,0,NULL,11700,'0000-00-00 00:00:00','',NULL,NULL,NULL,'','n',0,'y',NULL,NULL,NULL,NULL,NULL,'n','n',NULL,NULL,NULL,NULL,NULL,NULL,'2020-05-06 20:27:04'),(168,0,NULL,11700,'0000-00-00 00:00:00','',NULL,NULL,NULL,'','n',0,'y',NULL,NULL,NULL,NULL,NULL,'n','n',NULL,NULL,NULL,NULL,NULL,NULL,'2020-05-06 20:27:05'),(169,0,NULL,11700,'0000-00-00 00:00:00','',NULL,NULL,NULL,'','n',0,'y',NULL,NULL,NULL,NULL,NULL,'n','n',NULL,NULL,NULL,NULL,NULL,NULL,'2020-05-06 20:27:06'),(170,0,NULL,11700,'0000-00-00 00:00:00','',NULL,NULL,NULL,'','n',0,'y',NULL,NULL,NULL,NULL,NULL,'n','n',NULL,NULL,NULL,NULL,NULL,NULL,'2020-05-06 20:27:07'),(171,0,NULL,11700,'0000-00-00 00:00:00','',NULL,NULL,NULL,'','n',0,'y',NULL,NULL,NULL,NULL,NULL,'n','n',NULL,NULL,NULL,NULL,NULL,NULL,'2020-05-06 20:27:08'),(172,0,NULL,11700,'0000-00-00 00:00:00','',NULL,NULL,NULL,'','n',0,'y',NULL,NULL,NULL,NULL,NULL,'n','n',NULL,NULL,NULL,NULL,NULL,NULL,'2020-05-06 20:27:09'),(173,0,NULL,11700,'0000-00-00 00:00:00','',NULL,NULL,NULL,'','n',0,'y',NULL,NULL,NULL,NULL,NULL,'n','n',NULL,NULL,NULL,NULL,NULL,NULL,'2020-05-06 20:27:10'),(174,0,NULL,11700,'0000-00-00 00:00:00','',NULL,NULL,NULL,'','n',0,'y',NULL,NULL,NULL,NULL,NULL,'n','n',NULL,NULL,NULL,NULL,NULL,NULL,'2020-05-06 20:27:11'),(175,0,NULL,11700,'0000-00-00 00:00:00','',NULL,NULL,NULL,'','n',0,'y',NULL,NULL,NULL,NULL,NULL,'n','n',NULL,NULL,NULL,NULL,NULL,NULL,'2020-05-06 20:27:12'),(176,0,NULL,11700,'0000-00-00 00:00:00','',NULL,NULL,NULL,'','n',0,'y',NULL,NULL,NULL,NULL,NULL,'n','n',NULL,NULL,NULL,NULL,NULL,NULL,'2020-05-06 20:27:13'),(177,0,NULL,11700,'0000-00-00 00:00:00','',NULL,NULL,NULL,'','n',0,'y',NULL,NULL,NULL,NULL,NULL,'n','n',NULL,NULL,NULL,NULL,NULL,NULL,'2020-05-06 20:27:14'),(178,0,NULL,11700,'0000-00-00 00:00:00','',NULL,NULL,NULL,'','n',0,'y',NULL,NULL,NULL,NULL,NULL,'n','n',NULL,NULL,NULL,NULL,NULL,NULL,'2020-05-06 20:27:15'),(179,0,NULL,11700,'0000-00-00 00:00:00','',NULL,NULL,NULL,'','n',0,'y',NULL,NULL,NULL,NULL,NULL,'n','n',NULL,NULL,NULL,NULL,NULL,NULL,'2020-05-06 20:27:16'),(180,0,NULL,11700,'0000-00-00 00:00:00','',NULL,NULL,NULL,'','n',0,'y',NULL,NULL,NULL,NULL,NULL,'n','n',NULL,NULL,NULL,NULL,NULL,NULL,'2020-05-06 20:27:17'),(181,0,NULL,11700,'0000-00-00 00:00:00','',NULL,NULL,NULL,'','n',0,'y',NULL,NULL,NULL,NULL,NULL,'n','n',NULL,NULL,NULL,NULL,NULL,NULL,'2020-05-06 20:27:18'),(182,0,NULL,11700,'0000-00-00 00:00:00','',NULL,NULL,NULL,'','n',0,'y',NULL,NULL,NULL,NULL,NULL,'n','n',NULL,NULL,NULL,NULL,NULL,NULL,'2020-05-06 20:27:19'),(183,0,NULL,11700,'0000-00-00 00:00:00','',NULL,NULL,NULL,'','n',0,'y',NULL,NULL,NULL,NULL,NULL,'n','n',NULL,NULL,NULL,NULL,NULL,NULL,'2020-05-06 20:27:20'),(184,0,NULL,11700,'0000-00-00 00:00:00','',NULL,NULL,NULL,'','n',0,'y',NULL,NULL,NULL,NULL,NULL,'n','n',NULL,NULL,NULL,NULL,NULL,NULL,'2020-05-06 20:27:21'),(185,0,NULL,11700,'0000-00-00 00:00:00','',NULL,NULL,NULL,'','n',0,'y',NULL,NULL,NULL,NULL,NULL,'n','n',NULL,NULL,NULL,NULL,NULL,NULL,'2020-05-06 20:27:22'),(186,0,NULL,11700,'0000-00-00 00:00:00','',NULL,NULL,NULL,'','n',0,'y',NULL,NULL,NULL,NULL,NULL,'n','n',NULL,NULL,NULL,NULL,NULL,NULL,'2020-05-06 20:27:23'),(187,0,NULL,11700,'0000-00-00 00:00:00','',NULL,NULL,NULL,'','n',0,'y',NULL,NULL,NULL,NULL,NULL,'n','n',NULL,NULL,NULL,NULL,NULL,NULL,'2020-05-06 20:27:24'),(188,0,NULL,11700,'0000-00-00 00:00:00','',NULL,NULL,NULL,'','n',0,'y',NULL,NULL,NULL,NULL,NULL,'n','n',NULL,NULL,NULL,NULL,NULL,NULL,'2020-05-06 20:27:25'),(189,0,NULL,11700,'0000-00-00 00:00:00','',NULL,NULL,NULL,'','n',0,'y',NULL,NULL,NULL,NULL,NULL,'n','n',NULL,NULL,NULL,NULL,NULL,NULL,'2020-05-06 20:27:26'),(190,0,NULL,11700,'0000-00-00 00:00:00','',NULL,NULL,NULL,'','n',0,'y',NULL,NULL,NULL,NULL,NULL,'n','n',NULL,NULL,NULL,NULL,NULL,NULL,'2020-05-06 20:27:27'),(191,0,NULL,11700,'0000-00-00 00:00:00','',NULL,NULL,NULL,'','n',0,'y',NULL,NULL,NULL,NULL,NULL,'n','n',NULL,NULL,NULL,NULL,NULL,NULL,'2020-05-06 20:27:28'),(192,0,NULL,11700,'0000-00-00 00:00:00','',NULL,NULL,NULL,'','n',0,'y',NULL,NULL,NULL,NULL,NULL,'n','n',NULL,NULL,NULL,NULL,NULL,NULL,'2020-05-06 20:27:29'),(193,0,NULL,11700,'0000-00-00 00:00:00','',NULL,NULL,NULL,'','n',0,'y',NULL,NULL,NULL,NULL,NULL,'n','n',NULL,NULL,NULL,NULL,NULL,NULL,'2020-05-06 20:27:30'),(194,0,NULL,11700,'0000-00-00 00:00:00','',NULL,NULL,NULL,'','n',0,'y',NULL,NULL,NULL,NULL,NULL,'n','n',NULL,NULL,NULL,NULL,NULL,NULL,'2020-05-06 20:27:31'),(195,0,NULL,11700,'0000-00-00 00:00:00','',NULL,NULL,NULL,'','n',0,'y',NULL,NULL,NULL,NULL,NULL,'n','n',NULL,NULL,NULL,NULL,NULL,NULL,'2020-05-06 20:27:32'),(196,0,NULL,11700,'0000-00-00 00:00:00','',NULL,NULL,NULL,'','n',0,'y',NULL,NULL,NULL,NULL,NULL,'n','n',NULL,NULL,NULL,NULL,NULL,NULL,'2020-05-06 20:27:33'),(197,0,NULL,11700,'0000-00-00 00:00:00','',NULL,NULL,NULL,'','n',0,'y',NULL,NULL,NULL,NULL,NULL,'n','n',NULL,NULL,NULL,NULL,NULL,NULL,'2020-05-06 20:27:34'),(198,0,NULL,11700,'0000-00-00 00:00:00','',NULL,NULL,NULL,'','n',0,'y',NULL,NULL,NULL,NULL,NULL,'n','n',NULL,NULL,NULL,NULL,NULL,NULL,'2020-05-06 20:27:35'),(199,0,NULL,11700,'0000-00-00 00:00:00','',NULL,NULL,NULL,'','n',0,'y',NULL,NULL,NULL,NULL,NULL,'n','n',NULL,NULL,NULL,NULL,NULL,NULL,'2020-05-06 20:27:36'),(200,0,NULL,11700,'0000-00-00 00:00:00','',NULL,NULL,NULL,'','n',0,'y',NULL,NULL,NULL,NULL,NULL,'n','n',NULL,NULL,NULL,NULL,NULL,NULL,'2020-05-06 20:27:37'),(201,0,NULL,11700,'0000-00-00 00:00:00','',NULL,NULL,NULL,'','n',0,'y',NULL,NULL,NULL,NULL,NULL,'n','n',NULL,NULL,NULL,NULL,NULL,NULL,'2020-05-06 20:27:38'),(202,0,NULL,11700,'0000-00-00 00:00:00','',NULL,NULL,NULL,'','n',0,'y',NULL,NULL,NULL,NULL,NULL,'n','n',NULL,NULL,NULL,NULL,NULL,NULL,'2020-05-06 20:27:39'),(203,0,NULL,11700,'0000-00-00 00:00:00','',NULL,NULL,NULL,'','n',0,'y',NULL,NULL,NULL,NULL,NULL,'n','n',NULL,NULL,NULL,NULL,NULL,NULL,'2020-05-06 20:27:40'),(204,0,NULL,11700,'0000-00-00 00:00:00','',NULL,NULL,NULL,'','n',0,'y',NULL,NULL,NULL,NULL,NULL,'n','n',NULL,NULL,NULL,NULL,NULL,NULL,'2020-05-06 20:27:41'),(205,0,NULL,11700,'0000-00-00 00:00:00','',NULL,NULL,NULL,'','n',0,'y',NULL,NULL,NULL,NULL,NULL,'n','n',NULL,NULL,NULL,NULL,NULL,NULL,'2020-05-06 20:27:42'),(206,0,NULL,11700,'0000-00-00 00:00:00','',NULL,NULL,NULL,'','n',0,'y',NULL,NULL,NULL,NULL,NULL,'n','n',NULL,NULL,NULL,NULL,NULL,NULL,'2020-05-06 20:27:43'),(207,0,NULL,11700,'0000-00-00 00:00:00','',NULL,NULL,NULL,'','n',0,'y',NULL,NULL,NULL,NULL,NULL,'n','n',NULL,NULL,NULL,NULL,NULL,NULL,'2020-05-06 20:27:44'),(208,0,NULL,11700,'0000-00-00 00:00:00','',NULL,NULL,NULL,'','n',0,'y',NULL,NULL,NULL,NULL,NULL,'n','n',NULL,NULL,NULL,NULL,NULL,NULL,'2020-05-06 20:27:45'),(209,0,NULL,11700,'0000-00-00 00:00:00','',NULL,NULL,NULL,'','n',0,'y',NULL,NULL,NULL,NULL,NULL,'n','n',NULL,NULL,NULL,NULL,NULL,NULL,'2020-05-06 20:27:46'),(210,0,NULL,11700,'0000-00-00 00:00:00','',NULL,NULL,NULL,'','n',0,'y',NULL,NULL,NULL,NULL,NULL,'n','n',NULL,NULL,NULL,NULL,NULL,NULL,'2020-05-06 20:27:47'),(211,0,NULL,11700,'0000-00-00 00:00:00','',NULL,NULL,NULL,'','n',0,'y',NULL,NULL,NULL,NULL,NULL,'n','n',NULL,NULL,NULL,NULL,NULL,NULL,'2020-05-06 20:27:48'),(212,0,NULL,11700,'0000-00-00 00:00:00','',NULL,NULL,NULL,'','n',0,'y',NULL,NULL,NULL,NULL,NULL,'n','n',NULL,NULL,NULL,NULL,NULL,NULL,'2020-05-06 20:27:49'),(213,0,NULL,11700,'0000-00-00 00:00:00','',NULL,NULL,NULL,'','n',0,'y',NULL,NULL,NULL,NULL,NULL,'n','n',NULL,NULL,NULL,NULL,NULL,NULL,'2020-05-06 20:27:50'),(214,0,NULL,11700,'0000-00-00 00:00:00','',NULL,NULL,NULL,'','n',0,'y',NULL,NULL,NULL,NULL,NULL,'n','n',NULL,NULL,NULL,NULL,NULL,NULL,'2020-05-06 20:27:51'),(215,0,NULL,11700,'0000-00-00 00:00:00','',NULL,NULL,NULL,'','n',0,'y',NULL,NULL,NULL,NULL,NULL,'n','n',NULL,NULL,NULL,NULL,NULL,NULL,'2020-05-06 20:27:52'),(216,0,NULL,11700,'0000-00-00 00:00:00','',NULL,NULL,NULL,'','n',0,'y',NULL,NULL,NULL,NULL,NULL,'n','n',NULL,NULL,NULL,NULL,NULL,NULL,'2020-05-06 20:27:53'),(217,0,NULL,11700,'0000-00-00 00:00:00','',NULL,NULL,NULL,'','n',0,'y',NULL,NULL,NULL,NULL,NULL,'n','n',NULL,NULL,NULL,NULL,NULL,NULL,'2020-05-06 20:27:54'),(218,0,NULL,11700,'0000-00-00 00:00:00','',NULL,NULL,NULL,'','n',0,'y',NULL,NULL,NULL,NULL,NULL,'n','n',NULL,NULL,NULL,NULL,NULL,NULL,'2020-05-06 20:27:55'),(219,0,NULL,11700,'0000-00-00 00:00:00','',NULL,NULL,NULL,'','n',0,'y',NULL,NULL,NULL,NULL,NULL,'n','n',NULL,NULL,NULL,NULL,NULL,NULL,'2020-05-06 20:27:56'),(220,0,NULL,11700,'0000-00-00 00:00:00','',NULL,NULL,NULL,'','n',0,'y',NULL,NULL,NULL,NULL,NULL,'n','n',NULL,NULL,NULL,NULL,NULL,NULL,'2020-05-06 20:27:57'),(221,0,NULL,11700,'0000-00-00 00:00:00','',NULL,NULL,NULL,'','n',0,'y',NULL,NULL,NULL,NULL,NULL,'n','n',NULL,NULL,NULL,NULL,NULL,NULL,'2020-05-06 20:27:58'),(222,0,NULL,11700,'0000-00-00 00:00:00','',NULL,NULL,NULL,'','n',0,'y',NULL,NULL,NULL,NULL,NULL,'n','n',NULL,NULL,NULL,NULL,NULL,NULL,'2020-05-06 20:27:59'),(223,0,NULL,11700,'0000-00-00 00:00:00','',NULL,NULL,NULL,'','n',0,'y',NULL,NULL,NULL,NULL,NULL,'n','n',NULL,NULL,NULL,NULL,NULL,NULL,'2020-05-06 20:28:00'),(224,0,NULL,11700,'0000-00-00 00:00:00','',NULL,NULL,NULL,'','n',0,'y',NULL,NULL,NULL,NULL,NULL,'n','n',NULL,NULL,NULL,NULL,NULL,NULL,'2020-05-06 20:28:01'),(225,0,NULL,11700,'0000-00-00 00:00:00','',NULL,NULL,NULL,'','n',0,'y',NULL,NULL,NULL,NULL,NULL,'n','n',NULL,NULL,NULL,NULL,NULL,NULL,'2020-05-06 20:28:02'),(226,0,NULL,11700,'0000-00-00 00:00:00','',NULL,NULL,NULL,'','n',0,'y',NULL,NULL,NULL,NULL,NULL,'n','n',NULL,NULL,NULL,NULL,NULL,NULL,'2020-05-06 20:28:03'),(227,0,NULL,11700,'0000-00-00 00:00:00','',NULL,NULL,NULL,'','n',0,'y',NULL,NULL,NULL,NULL,NULL,'n','n',NULL,NULL,NULL,NULL,NULL,NULL,'2020-05-06 20:28:04'),(228,0,NULL,11700,'0000-00-00 00:00:00','',NULL,NULL,NULL,'','n',0,'y',NULL,NULL,NULL,NULL,NULL,'n','n',NULL,NULL,NULL,NULL,NULL,NULL,'2020-05-06 20:28:05'),(229,0,NULL,11700,'0000-00-00 00:00:00','',NULL,NULL,NULL,'','n',0,'y',NULL,NULL,NULL,NULL,NULL,'n','n',NULL,NULL,NULL,NULL,NULL,NULL,'2020-05-06 20:28:06'),(230,0,NULL,11700,'0000-00-00 00:00:00','',NULL,NULL,NULL,'','n',0,'y',NULL,NULL,NULL,NULL,NULL,'n','n',NULL,NULL,NULL,NULL,NULL,NULL,'2020-05-06 20:28:07'),(231,0,NULL,11700,'0000-00-00 00:00:00','',NULL,NULL,NULL,'','n',0,'y',NULL,NULL,NULL,NULL,NULL,'n','n',NULL,NULL,NULL,NULL,NULL,NULL,'2020-05-06 20:28:08'),(232,0,NULL,11700,'0000-00-00 00:00:00','',NULL,NULL,NULL,'','n',0,'y',NULL,NULL,NULL,NULL,NULL,'n','n',NULL,NULL,NULL,NULL,NULL,NULL,'2020-05-06 20:28:09'),(233,0,NULL,11700,'0000-00-00 00:00:00','',NULL,NULL,NULL,'','n',0,'y',NULL,NULL,NULL,NULL,NULL,'n','n',NULL,NULL,NULL,NULL,NULL,NULL,'2020-05-06 20:28:10'),(234,0,NULL,11700,'0000-00-00 00:00:00','',NULL,NULL,NULL,'','n',0,'y',NULL,NULL,NULL,NULL,NULL,'n','n',NULL,NULL,NULL,NULL,NULL,NULL,'2020-05-06 20:28:11'),(235,0,NULL,11700,'0000-00-00 00:00:00','',NULL,NULL,NULL,'','n',0,'y',NULL,NULL,NULL,NULL,NULL,'n','n',NULL,NULL,NULL,NULL,NULL,NULL,'2020-05-06 20:28:12'),(236,0,NULL,11700,'0000-00-00 00:00:00','',NULL,NULL,NULL,'','n',0,'y',NULL,NULL,NULL,NULL,NULL,'n','n',NULL,NULL,NULL,NULL,NULL,NULL,'2020-05-06 20:28:13'),(237,0,NULL,11700,'0000-00-00 00:00:00','',NULL,NULL,NULL,'','n',0,'y',NULL,NULL,NULL,NULL,NULL,'n','n',NULL,NULL,NULL,NULL,NULL,NULL,'2020-05-06 20:28:14'),(238,0,NULL,11700,'0000-00-00 00:00:00','',NULL,NULL,NULL,'','n',0,'y',NULL,NULL,NULL,NULL,NULL,'n','n',NULL,NULL,NULL,NULL,NULL,NULL,'2020-05-06 20:28:15'),(239,0,NULL,11700,'0000-00-00 00:00:00','',NULL,NULL,NULL,'','n',0,'y',NULL,NULL,NULL,NULL,NULL,'n','n',NULL,NULL,NULL,NULL,NULL,NULL,'2020-05-06 20:28:16'),(240,0,NULL,11700,'0000-00-00 00:00:00','',NULL,NULL,NULL,'','n',0,'y',NULL,NULL,NULL,NULL,NULL,'n','n',NULL,NULL,NULL,NULL,NULL,NULL,'2020-05-06 20:28:17'),(241,0,NULL,11700,'0000-00-00 00:00:00','',NULL,NULL,NULL,'','n',0,'y',NULL,NULL,NULL,NULL,NULL,'n','n',NULL,NULL,NULL,NULL,NULL,NULL,'2020-05-06 20:28:18'),(242,0,NULL,11700,'0000-00-00 00:00:00','',NULL,NULL,NULL,'','n',0,'y',NULL,NULL,NULL,NULL,NULL,'n','n',NULL,NULL,NULL,NULL,NULL,NULL,'2020-05-06 20:28:19'),(243,0,NULL,11700,'0000-00-00 00:00:00','',NULL,NULL,NULL,'','n',0,'y',NULL,NULL,NULL,NULL,NULL,'n','n',NULL,NULL,NULL,NULL,NULL,NULL,'2020-05-06 20:28:20'),(244,0,NULL,11700,'0000-00-00 00:00:00','',NULL,NULL,NULL,'','n',0,'y',NULL,NULL,NULL,NULL,NULL,'n','n',NULL,NULL,NULL,NULL,NULL,NULL,'2020-05-06 20:28:21'),(245,0,NULL,11700,'0000-00-00 00:00:00','',NULL,NULL,NULL,'','n',0,'y',NULL,NULL,NULL,NULL,NULL,'n','n',NULL,NULL,NULL,NULL,NULL,NULL,'2020-05-06 20:28:22'),(246,0,NULL,11700,'0000-00-00 00:00:00','',NULL,NULL,NULL,'','n',0,'y',NULL,NULL,NULL,NULL,NULL,'n','n',NULL,NULL,NULL,NULL,NULL,NULL,'2020-05-06 20:28:23'),(247,0,NULL,11700,'0000-00-00 00:00:00','',NULL,NULL,NULL,'','n',0,'y',NULL,NULL,NULL,NULL,NULL,'n','n',NULL,NULL,NULL,NULL,NULL,NULL,'2020-05-06 20:28:24'),(248,0,NULL,11700,'0000-00-00 00:00:00','',NULL,NULL,NULL,'','n',0,'y',NULL,NULL,NULL,NULL,NULL,'n','n',NULL,NULL,NULL,NULL,NULL,NULL,'2020-05-06 20:28:25'),(249,0,NULL,11700,'0000-00-00 00:00:00','',NULL,NULL,NULL,'','n',0,'y',NULL,NULL,NULL,NULL,NULL,'n','n',NULL,NULL,NULL,NULL,NULL,NULL,'2020-05-06 20:28:26'),(250,0,NULL,11700,'0000-00-00 00:00:00','',NULL,NULL,NULL,'','n',0,'y',NULL,NULL,NULL,NULL,NULL,'n','n',NULL,NULL,NULL,NULL,NULL,NULL,'2020-05-06 20:28:27'),(251,0,NULL,11700,'0000-00-00 00:00:00','',NULL,NULL,NULL,'','n',0,'y',NULL,NULL,NULL,NULL,NULL,'n','n',NULL,NULL,NULL,NULL,NULL,NULL,'2020-05-06 20:28:28'),(252,0,NULL,11700,'0000-00-00 00:00:00','',NULL,NULL,NULL,'','n',0,'y',NULL,NULL,NULL,NULL,NULL,'n','n',NULL,NULL,NULL,NULL,NULL,NULL,'2020-05-06 20:28:29'),(253,0,NULL,11700,'0000-00-00 00:00:00','',NULL,NULL,NULL,'','n',0,'y',NULL,NULL,NULL,NULL,NULL,'n','n',NULL,NULL,NULL,NULL,NULL,NULL,'2020-05-06 20:28:30'),(254,0,NULL,11700,'0000-00-00 00:00:00','',NULL,NULL,NULL,'','n',0,'y',NULL,NULL,NULL,NULL,NULL,'n','n',NULL,NULL,NULL,NULL,NULL,NULL,'2020-05-06 20:28:31'),(255,0,NULL,11700,'0000-00-00 00:00:00','',NULL,NULL,NULL,'','n',0,'y',NULL,NULL,NULL,NULL,NULL,'n','n',NULL,NULL,NULL,NULL,NULL,NULL,'2020-05-06 20:28:32'),(256,0,NULL,11700,'0000-00-00 00:00:00','',NULL,NULL,NULL,'','n',0,'y',NULL,NULL,NULL,NULL,NULL,'n','n',NULL,NULL,NULL,NULL,NULL,NULL,'2020-05-06 20:28:33'),(257,0,NULL,11700,'0000-00-00 00:00:00','',NULL,NULL,NULL,'','n',0,'y',NULL,NULL,NULL,NULL,NULL,'n','n',NULL,NULL,NULL,NULL,NULL,NULL,'2020-05-06 20:28:34'),(258,0,NULL,11700,'0000-00-00 00:00:00','',NULL,NULL,NULL,'','n',0,'y',NULL,NULL,NULL,NULL,NULL,'n','n',NULL,NULL,NULL,NULL,NULL,NULL,'2020-05-06 20:28:35'),(259,0,NULL,11700,'0000-00-00 00:00:00','',NULL,NULL,NULL,'','n',0,'y',NULL,NULL,NULL,NULL,NULL,'n','n',NULL,NULL,NULL,NULL,NULL,NULL,'2020-05-06 20:28:36'),(260,0,NULL,11700,'0000-00-00 00:00:00','',NULL,NULL,NULL,'','n',0,'y',NULL,NULL,NULL,NULL,NULL,'n','n',NULL,NULL,NULL,NULL,NULL,NULL,'2020-05-06 20:28:37'),(261,0,NULL,11700,'0000-00-00 00:00:00','',NULL,NULL,NULL,'','n',0,'y',NULL,NULL,NULL,NULL,NULL,'n','n',NULL,NULL,NULL,NULL,NULL,NULL,'2020-05-06 20:28:38'),(262,0,NULL,11700,'0000-00-00 00:00:00','',NULL,NULL,NULL,'','n',0,'y',NULL,NULL,NULL,NULL,NULL,'n','n',NULL,NULL,NULL,NULL,NULL,NULL,'2020-05-06 20:28:39'),(263,0,NULL,11700,'0000-00-00 00:00:00','',NULL,NULL,NULL,'','n',0,'y',NULL,NULL,NULL,NULL,NULL,'n','n',NULL,NULL,NULL,NULL,NULL,NULL,'2020-05-06 20:28:40'),(264,0,NULL,11700,'0000-00-00 00:00:00','',NULL,NULL,NULL,'','n',0,'y',NULL,NULL,NULL,NULL,NULL,'n','n',NULL,NULL,NULL,NULL,NULL,NULL,'2020-05-06 20:28:41'),(265,0,NULL,11700,'0000-00-00 00:00:00','',NULL,NULL,NULL,'','n',0,'y',NULL,NULL,NULL,NULL,NULL,'n','n',NULL,NULL,NULL,NULL,NULL,NULL,'2020-05-06 20:28:42'),(266,0,NULL,11700,'0000-00-00 00:00:00','',NULL,NULL,NULL,'','n',0,'y',NULL,NULL,NULL,NULL,NULL,'n','n',NULL,NULL,NULL,NULL,NULL,NULL,'2020-05-06 20:28:43'),(267,0,NULL,11700,'0000-00-00 00:00:00','',NULL,NULL,NULL,'','n',0,'y',NULL,NULL,NULL,NULL,NULL,'n','n',NULL,NULL,NULL,NULL,NULL,NULL,'2020-05-06 20:28:44'),(268,0,NULL,11700,'0000-00-00 00:00:00','',NULL,NULL,NULL,'','n',0,'y',NULL,NULL,NULL,NULL,NULL,'n','n',NULL,NULL,NULL,NULL,NULL,NULL,'2020-05-06 20:28:45'),(269,0,NULL,11700,'0000-00-00 00:00:00','',NULL,NULL,NULL,'','n',0,'y',NULL,NULL,NULL,NULL,NULL,'n','n',NULL,NULL,NULL,NULL,NULL,NULL,'2020-05-06 20:28:46'),(270,0,NULL,11700,'0000-00-00 00:00:00','',NULL,NULL,NULL,'','n',0,'y',NULL,NULL,NULL,NULL,NULL,'n','n',NULL,NULL,NULL,NULL,NULL,NULL,'2020-05-06 20:28:47'),(271,0,NULL,11700,'0000-00-00 00:00:00','',NULL,NULL,NULL,'','n',0,'y',NULL,NULL,NULL,NULL,NULL,'n','n',NULL,NULL,NULL,NULL,NULL,NULL,'2020-05-06 20:28:48'),(272,0,NULL,11700,'0000-00-00 00:00:00','',NULL,NULL,NULL,'','n',0,'y',NULL,NULL,NULL,NULL,NULL,'n','n',NULL,NULL,NULL,NULL,NULL,NULL,'2020-05-06 20:28:49'),(273,0,NULL,11700,'0000-00-00 00:00:00','',NULL,NULL,NULL,'','n',0,'y',NULL,NULL,NULL,NULL,NULL,'n','n',NULL,NULL,NULL,NULL,NULL,NULL,'2020-05-06 20:28:50'),(274,0,NULL,11700,'0000-00-00 00:00:00','',NULL,NULL,NULL,'','n',0,'y',NULL,NULL,NULL,NULL,NULL,'n','n',NULL,NULL,NULL,NULL,NULL,NULL,'2020-05-06 20:28:51'),(275,0,NULL,11700,'0000-00-00 00:00:00','',NULL,NULL,NULL,'','n',0,'y',NULL,NULL,NULL,NULL,NULL,'n','n',NULL,NULL,NULL,NULL,NULL,NULL,'2020-05-06 20:28:52'),(276,0,NULL,11700,'0000-00-00 00:00:00','',NULL,NULL,NULL,'','n',0,'y',NULL,NULL,NULL,NULL,NULL,'n','n',NULL,NULL,NULL,NULL,NULL,NULL,'2020-05-06 20:28:53'),(277,0,NULL,11700,'0000-00-00 00:00:00','',NULL,NULL,NULL,'','n',0,'y',NULL,NULL,NULL,NULL,NULL,'n','n',NULL,NULL,NULL,NULL,NULL,NULL,'2020-05-06 20:28:54'),(278,0,NULL,11700,'0000-00-00 00:00:00','',NULL,NULL,NULL,'','n',0,'y',NULL,NULL,NULL,NULL,NULL,'n','n',NULL,NULL,NULL,NULL,NULL,NULL,'2020-05-06 20:28:55'),(279,0,NULL,11700,'0000-00-00 00:00:00','',NULL,NULL,NULL,'','n',0,'y',NULL,NULL,NULL,NULL,NULL,'n','n',NULL,NULL,NULL,NULL,NULL,NULL,'2020-05-06 20:28:56'),(280,0,NULL,11700,'0000-00-00 00:00:00','',NULL,NULL,NULL,'','n',0,'y',NULL,NULL,NULL,NULL,NULL,'n','n',NULL,NULL,NULL,NULL,NULL,NULL,'2020-05-06 20:28:57'),(281,0,NULL,11700,'0000-00-00 00:00:00','',NULL,NULL,NULL,'','n',0,'y',NULL,NULL,NULL,NULL,NULL,'n','n',NULL,NULL,NULL,NULL,NULL,NULL,'2020-05-06 20:28:58'),(282,0,NULL,11700,'0000-00-00 00:00:00','',NULL,NULL,NULL,'','n',0,'y',NULL,NULL,NULL,NULL,NULL,'n','n',NULL,NULL,NULL,NULL,NULL,NULL,'2020-05-06 20:28:59'),(283,0,NULL,11700,'0000-00-00 00:00:00','',NULL,NULL,NULL,'','n',0,'y',NULL,NULL,NULL,NULL,NULL,'n','n',NULL,NULL,NULL,NULL,NULL,NULL,'2020-05-06 20:29:00'),(284,0,NULL,11700,'0000-00-00 00:00:00','',NULL,NULL,NULL,'','n',0,'y',NULL,NULL,NULL,NULL,NULL,'n','n',NULL,NULL,NULL,NULL,NULL,NULL,'2020-05-06 20:29:01'),(285,0,NULL,11700,'0000-00-00 00:00:00','',NULL,NULL,NULL,'','n',0,'y',NULL,NULL,NULL,NULL,NULL,'n','n',NULL,NULL,NULL,NULL,NULL,NULL,'2020-05-06 20:29:02'),(286,0,NULL,11700,'0000-00-00 00:00:00','',NULL,NULL,NULL,'','n',0,'y',NULL,NULL,NULL,NULL,NULL,'n','n',NULL,NULL,NULL,NULL,NULL,NULL,'2020-05-06 20:29:03'),(287,0,NULL,11700,'0000-00-00 00:00:00','',NULL,NULL,NULL,'','n',0,'y',NULL,NULL,NULL,NULL,NULL,'n','n',NULL,NULL,NULL,NULL,NULL,NULL,'2020-05-06 20:29:04'),(288,0,NULL,11700,'0000-00-00 00:00:00','',NULL,NULL,NULL,'','n',0,'y',NULL,NULL,NULL,NULL,NULL,'n','n',NULL,NULL,NULL,NULL,NULL,NULL,'2020-05-06 20:29:05'),(289,0,NULL,11700,'0000-00-00 00:00:00','',NULL,NULL,NULL,'','n',0,'y',NULL,NULL,NULL,NULL,NULL,'n','n',NULL,NULL,NULL,NULL,NULL,NULL,'2020-05-06 20:29:06'),(290,42,'Y',11700,'2020-05-07 10:27:31','','y',NULL,'2020-05-07','','n',0,'y',NULL,4,NULL,'3-70-24326113','007629','n','n',NULL,NULL,NULL,NULL,NULL,NULL,'2020-05-07 10:22:06'),(291,0,NULL,11700,'0000-00-00 00:00:00','',NULL,NULL,NULL,'','n',0,'y',NULL,NULL,NULL,NULL,NULL,'n','n',NULL,NULL,NULL,NULL,NULL,NULL,'2020-05-07 10:43:19'),(292,0,NULL,11700,'0000-00-00 00:00:00','',NULL,NULL,NULL,'','n',0,'y',NULL,NULL,NULL,NULL,NULL,'n','n',NULL,NULL,NULL,NULL,NULL,NULL,'2020-05-08 12:45:24'),(293,0,NULL,11700,'0000-00-00 00:00:00','',NULL,NULL,NULL,'','n',0,'y',NULL,NULL,NULL,NULL,NULL,'n','n',NULL,NULL,NULL,NULL,NULL,NULL,'2020-05-08 22:59:54'),(294,0,NULL,11700,'0000-00-00 00:00:00','',NULL,NULL,NULL,'','n',0,'y',NULL,NULL,NULL,NULL,NULL,'n','n',NULL,NULL,NULL,NULL,NULL,NULL,'2020-05-09 13:21:44'),(295,0,NULL,11700,'0000-00-00 00:00:00','',NULL,NULL,NULL,'','n',0,'y',NULL,NULL,NULL,NULL,NULL,'n','n',NULL,NULL,NULL,NULL,NULL,NULL,'2020-05-09 13:21:59'),(296,0,NULL,11700,'0000-00-00 00:00:00','',NULL,NULL,NULL,'','n',0,'y',NULL,NULL,NULL,NULL,NULL,'n','n',NULL,NULL,NULL,NULL,NULL,NULL,'2020-05-09 17:23:59'),(297,0,NULL,11700,'0000-00-00 00:00:00','',NULL,NULL,NULL,'','n',0,'y',NULL,NULL,NULL,NULL,NULL,'n','n',NULL,NULL,NULL,NULL,NULL,NULL,'2020-05-11 00:23:05'),(298,0,NULL,11700,'0000-00-00 00:00:00','',NULL,NULL,NULL,'','n',0,'y',NULL,NULL,NULL,NULL,NULL,'n','n',NULL,NULL,NULL,NULL,NULL,NULL,'2020-05-11 10:18:32'),(299,0,NULL,11700,'0000-00-00 00:00:00','',NULL,NULL,NULL,'','n',0,'y',NULL,NULL,NULL,NULL,NULL,'n','n',NULL,NULL,NULL,NULL,NULL,NULL,'2020-05-11 12:33:10'),(300,0,NULL,11700,'0000-00-00 00:00:00','',NULL,NULL,NULL,'','n',0,'y',NULL,NULL,NULL,NULL,NULL,'n','n',NULL,NULL,NULL,NULL,NULL,NULL,'2020-05-12 12:41:44'),(301,0,NULL,11700,'0000-00-00 00:00:00','',NULL,NULL,NULL,'','n',0,'y',NULL,NULL,NULL,NULL,NULL,'n','n',NULL,NULL,NULL,NULL,NULL,NULL,'2020-05-13 14:45:16'),(302,44,NULL,11700,'0000-00-00 00:00:00','',NULL,NULL,NULL,'','n',0,'y',NULL,NULL,NULL,NULL,NULL,'n','n',NULL,NULL,NULL,NULL,NULL,NULL,'2020-05-14 08:42:35'),(303,0,NULL,11700,'0000-00-00 00:00:00','',NULL,NULL,NULL,'','n',0,'y',NULL,NULL,NULL,NULL,NULL,'n','n',NULL,NULL,NULL,NULL,NULL,NULL,'2020-05-15 21:50:55'),(304,45,'Y',11700,'2020-05-16 07:34:17','','y',NULL,'2020-05-16','','n',0,'y',NULL,4,NULL,'6-70-39337188','T78513','n','n',NULL,NULL,NULL,NULL,NULL,NULL,'2020-05-16 07:29:29'),(305,0,NULL,11700,'0000-00-00 00:00:00','',NULL,NULL,NULL,'','n',0,'y',NULL,NULL,NULL,NULL,NULL,'n','n',NULL,NULL,NULL,NULL,NULL,NULL,'2020-05-16 07:37:14'),(306,0,NULL,11700,'0000-00-00 00:00:00','',NULL,NULL,NULL,'','n',0,'y',NULL,NULL,NULL,NULL,NULL,'n','n',NULL,NULL,NULL,NULL,NULL,NULL,'2020-05-16 08:57:03'),(307,0,NULL,11700,'0000-00-00 00:00:00','',NULL,NULL,NULL,'','n',0,'y',NULL,NULL,NULL,NULL,NULL,'n','n',NULL,NULL,NULL,NULL,NULL,NULL,'2020-05-17 12:26:40'),(308,48,NULL,11700,'0000-00-00 00:00:00','',NULL,NULL,NULL,'','n',0,'y',NULL,NULL,NULL,NULL,NULL,'n','n',NULL,NULL,NULL,NULL,NULL,NULL,'2020-05-17 12:44:09'),(309,47,NULL,11700,'0000-00-00 00:00:00','',NULL,NULL,NULL,'','n',0,'y',NULL,NULL,NULL,NULL,NULL,'n','n',NULL,NULL,NULL,NULL,NULL,NULL,'2020-05-18 12:01:56'),(310,0,NULL,11700,'0000-00-00 00:00:00','',NULL,NULL,NULL,'','n',0,'y',NULL,NULL,NULL,NULL,NULL,'n','n',NULL,NULL,NULL,NULL,NULL,NULL,'2020-05-18 18:06:39'),(311,0,NULL,11700,'0000-00-00 00:00:00','',NULL,NULL,NULL,'','n',0,'y',NULL,NULL,NULL,NULL,NULL,'n','n',NULL,NULL,NULL,NULL,NULL,NULL,'2020-05-19 01:31:19'),(312,0,NULL,11700,'0000-00-00 00:00:00','',NULL,NULL,NULL,'','n',0,'y',NULL,NULL,NULL,NULL,NULL,'n','n',NULL,NULL,NULL,NULL,NULL,NULL,'2020-05-19 15:21:49'),(313,0,NULL,11700,'0000-00-00 00:00:00','',NULL,NULL,NULL,'','n',0,'y',NULL,NULL,NULL,NULL,NULL,'n','n',NULL,NULL,NULL,NULL,NULL,NULL,'2020-05-20 05:54:15'),(314,0,NULL,11700,'0000-00-00 00:00:00','',NULL,NULL,NULL,'','n',0,'y',NULL,NULL,NULL,NULL,NULL,'n','n',NULL,NULL,NULL,NULL,NULL,NULL,'2020-05-20 06:23:56'),(315,0,NULL,11700,'0000-00-00 00:00:00','',NULL,NULL,NULL,'','n',0,'y',NULL,NULL,NULL,NULL,NULL,'n','n',NULL,NULL,NULL,NULL,NULL,NULL,'2020-05-20 10:01:38'),(316,0,NULL,11700,'0000-00-00 00:00:00','',NULL,NULL,NULL,'','n',0,'y',NULL,NULL,NULL,NULL,NULL,'n','n',NULL,NULL,NULL,NULL,NULL,NULL,'2020-05-20 12:51:02'),(317,0,NULL,11700,'0000-00-00 00:00:00','',NULL,NULL,NULL,'','n',0,'y',NULL,NULL,NULL,NULL,NULL,'n','n',NULL,NULL,NULL,NULL,NULL,NULL,'2020-05-20 19:04:15'),(318,0,NULL,11700,'0000-00-00 00:00:00','',NULL,NULL,NULL,'','n',0,'y',NULL,NULL,NULL,NULL,NULL,'n','n',NULL,NULL,NULL,NULL,NULL,NULL,'2020-05-21 01:46:55'),(319,0,NULL,11700,'0000-00-00 00:00:00','',NULL,NULL,NULL,'','n',0,'y',NULL,NULL,NULL,NULL,NULL,'n','n',NULL,NULL,NULL,NULL,NULL,NULL,'2020-05-21 10:08:05'),(320,0,NULL,11700,'0000-00-00 00:00:00','',NULL,NULL,NULL,'','n',0,'y',NULL,NULL,NULL,NULL,NULL,'n','n',NULL,NULL,NULL,NULL,NULL,NULL,'2020-05-21 10:08:18'),(321,0,NULL,11700,'0000-00-00 00:00:00','',NULL,NULL,NULL,'','n',0,'y',NULL,NULL,NULL,NULL,NULL,'n','n',NULL,NULL,NULL,NULL,NULL,NULL,'2020-05-21 18:14:22'),(322,0,NULL,11700,'0000-00-00 00:00:00','',NULL,NULL,NULL,'','n',0,'y',NULL,NULL,NULL,NULL,NULL,'n','n',NULL,NULL,NULL,NULL,NULL,NULL,'2020-05-21 18:56:37'),(323,0,NULL,11700,'0000-00-00 00:00:00','',NULL,NULL,NULL,'','n',0,'y',NULL,NULL,NULL,NULL,NULL,'n','n',NULL,NULL,NULL,NULL,NULL,NULL,'2020-05-21 20:07:16'),(324,0,NULL,11700,'0000-00-00 00:00:00','',NULL,NULL,NULL,'','n',0,'y',NULL,NULL,NULL,NULL,NULL,'n','n',NULL,NULL,NULL,NULL,NULL,NULL,'2020-05-22 10:57:02'),(325,0,NULL,11700,'0000-00-00 00:00:00','',NULL,NULL,NULL,'','n',0,'y',NULL,NULL,NULL,NULL,NULL,'n','n',NULL,NULL,NULL,NULL,NULL,NULL,'2020-05-22 14:50:34'),(326,0,NULL,11700,'0000-00-00 00:00:00','',NULL,NULL,NULL,'','n',0,'y',NULL,NULL,NULL,NULL,NULL,'n','n',NULL,NULL,NULL,NULL,NULL,NULL,'2020-05-23 20:00:26'),(327,0,NULL,11700,'0000-00-00 00:00:00','',NULL,NULL,NULL,'','n',0,'y',NULL,NULL,NULL,NULL,NULL,'n','n',NULL,NULL,NULL,NULL,NULL,NULL,'2020-05-24 17:16:14'),(328,0,NULL,11700,'0000-00-00 00:00:00','',NULL,NULL,NULL,'','n',0,'y',NULL,NULL,NULL,NULL,NULL,'n','n',NULL,NULL,NULL,NULL,NULL,NULL,'2020-05-24 20:26:47'),(329,0,NULL,11700,'0000-00-00 00:00:00','',NULL,NULL,NULL,'','n',0,'y',NULL,NULL,NULL,NULL,NULL,'n','n',NULL,NULL,NULL,NULL,NULL,NULL,'2020-05-24 22:01:35'),(330,0,NULL,11700,'0000-00-00 00:00:00','',NULL,NULL,NULL,'','n',0,'y',NULL,NULL,NULL,NULL,NULL,'n','n',NULL,NULL,NULL,NULL,NULL,NULL,'2020-05-24 22:50:29'),(331,0,NULL,11700,'0000-00-00 00:00:00','',NULL,NULL,NULL,'','n',0,'y',NULL,NULL,NULL,NULL,NULL,'n','n',NULL,NULL,NULL,NULL,NULL,NULL,'2020-05-25 10:35:07'),(332,0,NULL,11700,'0000-00-00 00:00:00','',NULL,NULL,NULL,'','n',0,'y',NULL,NULL,NULL,NULL,NULL,'n','n',NULL,NULL,NULL,NULL,NULL,NULL,'2020-05-25 12:18:27'),(333,0,NULL,11700,'0000-00-00 00:00:00','',NULL,NULL,NULL,'','n',0,'y',NULL,NULL,NULL,NULL,NULL,'n','n',NULL,NULL,NULL,NULL,NULL,NULL,'2020-05-25 19:45:56'),(334,0,NULL,11700,'0000-00-00 00:00:00','',NULL,NULL,NULL,'','n',0,'y',NULL,NULL,NULL,NULL,NULL,'n','n',NULL,NULL,NULL,NULL,NULL,NULL,'2020-05-25 21:20:22'),(335,0,NULL,11700,'0000-00-00 00:00:00','',NULL,NULL,NULL,'','n',0,'y',NULL,NULL,NULL,NULL,NULL,'n','n',NULL,NULL,NULL,NULL,NULL,NULL,'2020-05-26 03:39:36'),(336,0,NULL,11700,'0000-00-00 00:00:00','',NULL,NULL,NULL,'','n',0,'y',NULL,NULL,NULL,NULL,NULL,'n','n',NULL,NULL,NULL,NULL,NULL,NULL,'2020-05-26 09:41:04'),(337,0,NULL,11700,'0000-00-00 00:00:00','',NULL,NULL,NULL,'','n',0,'y',NULL,NULL,NULL,NULL,NULL,'n','n',NULL,NULL,NULL,NULL,NULL,NULL,'2020-05-26 10:55:07'),(338,0,NULL,11700,'0000-00-00 00:00:00','',NULL,NULL,NULL,'','n',0,'y',NULL,NULL,NULL,NULL,NULL,'n','n',NULL,NULL,NULL,NULL,NULL,NULL,'2020-05-26 18:58:54'),(339,0,NULL,11700,'0000-00-00 00:00:00','',NULL,NULL,NULL,'','n',0,'y',NULL,NULL,NULL,NULL,NULL,'n','n',NULL,NULL,NULL,NULL,NULL,NULL,'2020-05-26 22:53:28'),(340,0,NULL,11700,'0000-00-00 00:00:00','',NULL,NULL,NULL,'','n',0,'y',NULL,NULL,NULL,NULL,NULL,'n','n',NULL,NULL,NULL,NULL,NULL,NULL,'2020-05-27 01:08:49'),(341,0,NULL,11700,'0000-00-00 00:00:00','',NULL,NULL,NULL,'','n',0,'y',NULL,NULL,NULL,NULL,NULL,'n','n',NULL,NULL,NULL,NULL,NULL,NULL,'2020-05-27 01:55:07'),(342,0,NULL,11700,'0000-00-00 00:00:00','',NULL,NULL,NULL,'','n',0,'y',NULL,NULL,NULL,NULL,NULL,'n','n',NULL,NULL,NULL,NULL,NULL,NULL,'2020-05-27 08:00:05'),(343,0,NULL,11700,'0000-00-00 00:00:00','',NULL,NULL,NULL,'','n',0,'y',NULL,NULL,NULL,NULL,NULL,'n','n',NULL,NULL,NULL,NULL,NULL,NULL,'2020-05-27 17:24:46'),(344,0,NULL,11700,'0000-00-00 00:00:00','',NULL,NULL,NULL,'','n',0,'y',NULL,NULL,NULL,NULL,NULL,'n','n',NULL,NULL,NULL,NULL,NULL,NULL,'2020-05-28 08:01:56'),(345,0,NULL,11700,'0000-00-00 00:00:00','',NULL,NULL,NULL,'','n',0,'y',NULL,NULL,NULL,NULL,NULL,'n','n',NULL,NULL,NULL,NULL,NULL,NULL,'2020-05-29 02:19:55'),(346,0,NULL,11700,'0000-00-00 00:00:00','',NULL,NULL,NULL,'','n',0,'y',NULL,NULL,NULL,NULL,NULL,'n','n',NULL,NULL,NULL,NULL,NULL,NULL,'2020-05-29 19:03:23'),(347,0,NULL,11700,'0000-00-00 00:00:00','',NULL,NULL,NULL,'','n',0,'y',NULL,NULL,NULL,NULL,NULL,'n','n',NULL,NULL,NULL,NULL,NULL,NULL,'2020-05-29 22:30:52'),(348,0,NULL,11700,'0000-00-00 00:00:00','',NULL,NULL,NULL,'','n',0,'y',NULL,NULL,NULL,NULL,NULL,'n','n',NULL,NULL,NULL,NULL,NULL,NULL,'2020-05-30 11:07:57'),(349,0,NULL,11700,'0000-00-00 00:00:00','',NULL,NULL,NULL,'','n',0,'y',NULL,NULL,NULL,NULL,NULL,'n','n',NULL,NULL,NULL,NULL,NULL,NULL,'2020-06-01 03:41:01'),(350,0,NULL,11700,'0000-00-00 00:00:00','',NULL,NULL,NULL,'','n',0,'y',NULL,NULL,NULL,NULL,NULL,'n','n',NULL,NULL,NULL,NULL,NULL,NULL,'2020-06-02 09:12:55'),(351,0,NULL,11700,'0000-00-00 00:00:00','',NULL,NULL,NULL,'','n',0,'y',NULL,NULL,NULL,NULL,NULL,'n','n',NULL,NULL,NULL,NULL,NULL,NULL,'2020-06-02 11:29:01'),(352,0,NULL,11700,'0000-00-00 00:00:00','',NULL,NULL,NULL,'','n',0,'y',NULL,NULL,NULL,NULL,NULL,'n','n',NULL,NULL,NULL,NULL,NULL,NULL,'2020-06-03 07:59:31'),(353,0,NULL,11700,'0000-00-00 00:00:00','',NULL,NULL,NULL,'','n',0,'y',NULL,NULL,NULL,NULL,NULL,'n','n',NULL,NULL,NULL,NULL,NULL,NULL,'2020-06-04 00:06:15'),(354,0,NULL,11700,'0000-00-00 00:00:00','',NULL,NULL,NULL,'','n',0,'y',NULL,NULL,NULL,NULL,NULL,'n','n',NULL,NULL,NULL,NULL,NULL,NULL,'2020-06-04 12:47:35'),(355,0,NULL,11700,'0000-00-00 00:00:00','',NULL,NULL,NULL,'','n',0,'y',NULL,NULL,NULL,NULL,NULL,'n','n',NULL,NULL,NULL,NULL,NULL,NULL,'2020-06-04 17:47:45'),(356,0,NULL,11700,'0000-00-00 00:00:00','',NULL,NULL,NULL,'','n',0,'y',NULL,NULL,NULL,NULL,NULL,'n','n',NULL,NULL,NULL,NULL,NULL,NULL,'2020-06-05 14:06:07'),(357,0,NULL,11700,'0000-00-00 00:00:00','',NULL,NULL,NULL,'','n',0,'y',NULL,NULL,NULL,NULL,NULL,'n','n',NULL,NULL,NULL,NULL,NULL,NULL,'2020-06-05 17:59:22'),(358,0,NULL,11700,'0000-00-00 00:00:00','',NULL,NULL,NULL,'','n',0,'y',NULL,NULL,NULL,NULL,NULL,'n','n',NULL,NULL,NULL,NULL,NULL,NULL,'2020-06-05 23:06:16'),(359,0,NULL,11700,'0000-00-00 00:00:00','',NULL,NULL,NULL,'','n',0,'y',NULL,NULL,NULL,NULL,NULL,'n','n',NULL,NULL,NULL,NULL,NULL,NULL,'2020-06-06 09:30:20'),(360,0,NULL,11700,'0000-00-00 00:00:00','',NULL,NULL,NULL,'','n',0,'y',NULL,NULL,NULL,NULL,NULL,'n','n',NULL,NULL,NULL,NULL,NULL,NULL,'2020-06-06 16:41:37'),(361,0,NULL,11700,'0000-00-00 00:00:00','',NULL,NULL,NULL,'','n',0,'y',NULL,NULL,NULL,NULL,NULL,'n','n',NULL,NULL,NULL,NULL,NULL,NULL,'2020-06-06 18:59:32'),(362,0,NULL,11700,'0000-00-00 00:00:00','',NULL,NULL,NULL,'','n',0,'y',NULL,NULL,NULL,NULL,NULL,'n','n',NULL,NULL,NULL,NULL,NULL,NULL,'2020-06-06 18:59:33'),(363,0,NULL,11700,'0000-00-00 00:00:00','',NULL,NULL,NULL,'','n',0,'y',NULL,NULL,NULL,NULL,NULL,'n','n',NULL,NULL,NULL,NULL,NULL,NULL,'2020-06-07 03:11:29'),(364,0,NULL,11700,'0000-00-00 00:00:00','',NULL,NULL,NULL,'','n',0,'y',NULL,NULL,NULL,NULL,NULL,'n','n',NULL,NULL,NULL,NULL,NULL,NULL,'2020-06-07 05:29:04'),(365,0,NULL,11700,'0000-00-00 00:00:00','',NULL,NULL,NULL,'','n',0,'y',NULL,NULL,NULL,NULL,NULL,'n','n',NULL,NULL,NULL,NULL,NULL,NULL,'2020-06-07 15:09:58'),(366,0,NULL,11700,'0000-00-00 00:00:00','',NULL,NULL,NULL,'','n',0,'y',NULL,NULL,NULL,NULL,NULL,'n','n',NULL,NULL,NULL,NULL,NULL,NULL,'2020-06-07 22:20:07'),(367,0,NULL,11700,'0000-00-00 00:00:00','',NULL,NULL,NULL,'','n',0,'y',NULL,NULL,NULL,NULL,NULL,'n','n',NULL,NULL,NULL,NULL,NULL,NULL,'2020-06-08 13:12:59'),(368,0,NULL,11700,'0000-00-00 00:00:00','',NULL,NULL,NULL,'','n',0,'y',NULL,NULL,NULL,NULL,NULL,'n','n',NULL,NULL,NULL,NULL,NULL,NULL,'2020-06-08 19:12:39'),(369,0,NULL,11700,'0000-00-00 00:00:00','',NULL,NULL,NULL,'','n',0,'y',NULL,NULL,NULL,NULL,NULL,'n','n',NULL,NULL,NULL,NULL,NULL,NULL,'2020-06-09 03:18:24'),(370,0,NULL,11700,'0000-00-00 00:00:00','',NULL,NULL,NULL,'','n',0,'y',NULL,NULL,NULL,NULL,NULL,'n','n',NULL,NULL,NULL,NULL,NULL,NULL,'2020-06-09 04:33:28'),(371,0,NULL,11700,'0000-00-00 00:00:00','',NULL,NULL,NULL,'','n',0,'y',NULL,NULL,NULL,NULL,NULL,'n','n',NULL,NULL,NULL,NULL,NULL,NULL,'2020-06-09 10:57:03'),(372,0,NULL,11700,'0000-00-00 00:00:00','',NULL,NULL,NULL,'','n',0,'y',NULL,NULL,NULL,NULL,NULL,'n','n',NULL,NULL,NULL,NULL,NULL,NULL,'2020-06-09 10:57:03'),(373,0,NULL,11700,'0000-00-00 00:00:00','',NULL,NULL,NULL,'','n',0,'y',NULL,NULL,NULL,NULL,NULL,'n','n',NULL,NULL,NULL,NULL,NULL,NULL,'2020-06-09 10:57:03'),(374,0,NULL,11700,'0000-00-00 00:00:00','',NULL,NULL,NULL,'','n',0,'y',NULL,NULL,NULL,NULL,NULL,'n','n',NULL,NULL,NULL,NULL,NULL,NULL,'2020-06-09 14:06:59'),(375,0,NULL,11700,'0000-00-00 00:00:00','',NULL,NULL,NULL,'','n',0,'y',NULL,NULL,NULL,NULL,NULL,'n','n',NULL,NULL,NULL,NULL,NULL,NULL,'2020-06-09 21:40:51'),(376,0,NULL,11700,'0000-00-00 00:00:00','',NULL,NULL,NULL,'','n',0,'y',NULL,NULL,NULL,NULL,NULL,'n','n',NULL,NULL,NULL,NULL,NULL,NULL,'2020-06-10 07:28:30'),(377,0,NULL,11700,'0000-00-00 00:00:00','',NULL,NULL,NULL,'','n',0,'y',NULL,NULL,NULL,NULL,NULL,'n','n',NULL,NULL,NULL,NULL,NULL,NULL,'2020-06-10 12:46:40'),(378,0,NULL,11700,'0000-00-00 00:00:00','',NULL,NULL,NULL,'','n',0,'y',NULL,NULL,NULL,NULL,NULL,'n','n',NULL,NULL,NULL,NULL,NULL,NULL,'2020-06-10 12:47:42'),(379,0,NULL,11700,'0000-00-00 00:00:00','',NULL,NULL,NULL,'','n',0,'y',NULL,NULL,NULL,NULL,NULL,'n','n',NULL,NULL,NULL,NULL,NULL,NULL,'2020-06-10 14:47:45'),(380,0,NULL,11700,'0000-00-00 00:00:00','',NULL,NULL,NULL,'','n',0,'y',NULL,NULL,NULL,NULL,NULL,'n','n',NULL,NULL,NULL,NULL,NULL,NULL,'2020-06-10 14:47:50'),(381,0,NULL,11700,'0000-00-00 00:00:00','',NULL,NULL,NULL,'','n',0,'y',NULL,NULL,NULL,NULL,NULL,'n','n',NULL,NULL,NULL,NULL,NULL,NULL,'2020-06-12 08:49:55'),(382,0,NULL,11700,'0000-00-00 00:00:00','',NULL,NULL,NULL,'','n',0,'y',NULL,NULL,NULL,NULL,NULL,'n','n',NULL,NULL,NULL,NULL,NULL,NULL,'2020-06-14 11:22:22'),(383,0,NULL,11700,'0000-00-00 00:00:00','',NULL,NULL,NULL,'','n',0,'y',NULL,NULL,NULL,NULL,NULL,'n','n',NULL,NULL,NULL,NULL,NULL,NULL,'2020-06-15 09:42:37'),(384,0,NULL,11700,'0000-00-00 00:00:00','',NULL,NULL,NULL,'','n',0,'y',NULL,NULL,NULL,NULL,NULL,'n','n',NULL,NULL,NULL,NULL,NULL,NULL,'2020-06-15 12:26:23'),(385,0,NULL,11700,'0000-00-00 00:00:00','',NULL,NULL,NULL,'','n',0,'y',NULL,NULL,NULL,NULL,NULL,'n','n',NULL,NULL,NULL,NULL,NULL,NULL,'2020-06-16 00:42:59'),(386,0,NULL,11700,'0000-00-00 00:00:00','',NULL,NULL,NULL,'','n',0,'y',NULL,NULL,NULL,NULL,NULL,'n','n',NULL,NULL,NULL,NULL,NULL,NULL,'2020-06-16 16:52:54'),(387,0,NULL,11700,'0000-00-00 00:00:00','',NULL,NULL,NULL,'','n',0,'y',NULL,NULL,NULL,NULL,NULL,'n','n',NULL,NULL,NULL,NULL,NULL,NULL,'2020-06-17 20:09:14'),(388,0,NULL,11700,'0000-00-00 00:00:00','',NULL,NULL,NULL,'','n',0,'y',NULL,NULL,NULL,NULL,NULL,'n','n',NULL,NULL,NULL,NULL,NULL,NULL,'2020-06-18 21:50:43'),(389,0,NULL,11700,'0000-00-00 00:00:00','',NULL,NULL,NULL,'','n',0,'y',NULL,NULL,NULL,NULL,NULL,'n','n',NULL,NULL,NULL,NULL,NULL,NULL,'2020-06-19 01:21:04'),(390,0,NULL,11700,'0000-00-00 00:00:00','',NULL,NULL,NULL,'','n',0,'y',NULL,NULL,NULL,NULL,NULL,'n','n',NULL,NULL,NULL,NULL,NULL,NULL,'2020-06-19 20:26:47'),(391,0,NULL,11700,'0000-00-00 00:00:00','',NULL,NULL,NULL,'','n',0,'y',NULL,NULL,NULL,NULL,NULL,'n','n',NULL,NULL,NULL,NULL,NULL,NULL,'2020-06-20 16:57:45'),(392,0,NULL,11700,'0000-00-00 00:00:00','',NULL,NULL,NULL,'','n',0,'y',NULL,NULL,NULL,NULL,NULL,'n','n',NULL,NULL,NULL,NULL,NULL,NULL,'2020-06-20 16:57:57'),(393,0,NULL,11700,'0000-00-00 00:00:00','',NULL,NULL,NULL,'','n',0,'y',NULL,NULL,NULL,NULL,NULL,'n','n',NULL,NULL,NULL,NULL,NULL,NULL,'2020-06-20 21:01:04'),(394,0,NULL,11700,'0000-00-00 00:00:00','',NULL,NULL,NULL,'','n',0,'y',NULL,NULL,NULL,NULL,NULL,'n','n',NULL,NULL,NULL,NULL,NULL,NULL,'2020-06-21 01:05:18'),(395,0,NULL,11700,'0000-00-00 00:00:00','',NULL,NULL,NULL,'','n',0,'y',NULL,NULL,NULL,NULL,NULL,'n','n',NULL,NULL,NULL,NULL,NULL,NULL,'2020-06-21 07:36:35'),(396,0,NULL,11700,'0000-00-00 00:00:00','',NULL,NULL,NULL,'','n',0,'y',NULL,NULL,NULL,NULL,NULL,'n','n',NULL,NULL,NULL,NULL,NULL,NULL,'2020-06-21 11:13:59'),(397,49,NULL,11700,'0000-00-00 00:00:00','',NULL,NULL,NULL,'','n',0,'y',NULL,NULL,NULL,NULL,NULL,'n','n',NULL,NULL,NULL,NULL,NULL,NULL,'2020-06-21 17:35:05'),(398,0,NULL,11700,'0000-00-00 00:00:00','',NULL,NULL,NULL,'','n',0,'y',NULL,NULL,NULL,NULL,NULL,'n','n',NULL,NULL,NULL,NULL,NULL,NULL,'2020-06-22 04:35:36'),(399,0,NULL,11700,'0000-00-00 00:00:00','',NULL,NULL,NULL,'','n',0,'y',NULL,NULL,NULL,NULL,NULL,'n','n',NULL,NULL,NULL,NULL,NULL,NULL,'2020-06-22 13:07:25'),(400,0,NULL,11700,'0000-00-00 00:00:00','',NULL,NULL,NULL,'','n',0,'y',NULL,NULL,NULL,NULL,NULL,'n','n',NULL,NULL,NULL,NULL,NULL,NULL,'2020-06-24 01:07:16'),(401,0,NULL,11700,'0000-00-00 00:00:00','',NULL,NULL,NULL,'','n',0,'y',NULL,NULL,NULL,NULL,NULL,'n','n',NULL,NULL,NULL,NULL,NULL,NULL,'2020-06-24 03:00:12'),(402,0,NULL,11700,'0000-00-00 00:00:00','',NULL,NULL,NULL,'','n',0,'y',NULL,NULL,NULL,NULL,NULL,'n','n',NULL,NULL,NULL,NULL,NULL,NULL,'2020-06-25 04:21:13'),(403,0,NULL,11700,'0000-00-00 00:00:00','',NULL,NULL,NULL,'','n',0,'y',NULL,NULL,NULL,NULL,NULL,'n','n',NULL,NULL,NULL,NULL,NULL,NULL,'2020-06-25 12:05:38'),(404,0,NULL,11700,'0000-00-00 00:00:00','',NULL,NULL,NULL,'','n',0,'y',NULL,NULL,NULL,NULL,NULL,'n','n',NULL,NULL,NULL,NULL,NULL,NULL,'2020-06-25 21:37:50'),(405,0,NULL,11700,'0000-00-00 00:00:00','',NULL,NULL,NULL,'','n',0,'y',NULL,NULL,NULL,NULL,NULL,'n','n',NULL,NULL,NULL,NULL,NULL,NULL,'2020-06-25 23:37:44'),(406,0,NULL,11700,'0000-00-00 00:00:00','',NULL,NULL,NULL,'','n',0,'y',NULL,NULL,NULL,NULL,NULL,'n','n',NULL,NULL,NULL,NULL,NULL,NULL,'2020-06-26 17:37:13'),(407,0,NULL,11700,'0000-00-00 00:00:00','',NULL,NULL,NULL,'','n',0,'y',NULL,NULL,NULL,NULL,NULL,'n','n',NULL,NULL,NULL,NULL,NULL,NULL,'2020-06-26 18:40:31'),(408,0,NULL,11700,'0000-00-00 00:00:00','',NULL,NULL,NULL,'','n',0,'y',NULL,NULL,NULL,NULL,NULL,'n','n',NULL,NULL,NULL,NULL,NULL,NULL,'2020-06-27 04:38:52'),(409,0,NULL,11700,'0000-00-00 00:00:00','',NULL,NULL,NULL,'','n',0,'y',NULL,NULL,NULL,NULL,NULL,'n','n',NULL,NULL,NULL,NULL,NULL,NULL,'2020-06-27 05:19:38'),(410,0,NULL,11700,'0000-00-00 00:00:00','',NULL,NULL,NULL,'','n',0,'y',NULL,NULL,NULL,NULL,NULL,'n','n',NULL,NULL,NULL,NULL,NULL,NULL,'2020-06-28 01:33:26'),(411,0,NULL,11700,'0000-00-00 00:00:00','',NULL,NULL,NULL,'','n',0,'y',NULL,NULL,NULL,NULL,NULL,'n','n',NULL,NULL,NULL,NULL,NULL,NULL,'2020-06-28 11:48:24'),(412,0,NULL,11700,'0000-00-00 00:00:00','',NULL,NULL,NULL,'','n',0,'y',NULL,NULL,NULL,NULL,NULL,'n','n',NULL,NULL,NULL,NULL,NULL,NULL,'2020-06-28 15:45:22'),(413,0,NULL,11700,'0000-00-00 00:00:00','',NULL,NULL,NULL,'','n',0,'y',NULL,NULL,NULL,NULL,NULL,'n','n',NULL,NULL,NULL,NULL,NULL,NULL,'2020-06-28 15:46:04'),(414,0,NULL,11700,'0000-00-00 00:00:00','',NULL,NULL,NULL,'','n',0,'y',NULL,NULL,NULL,NULL,NULL,'n','n',NULL,NULL,NULL,NULL,NULL,NULL,'2020-06-30 18:13:13'),(415,0,NULL,11700,'0000-00-00 00:00:00','',NULL,NULL,NULL,'','n',0,'y',NULL,NULL,NULL,NULL,NULL,'n','n',NULL,NULL,NULL,NULL,NULL,NULL,'2020-07-01 03:17:35'),(416,0,NULL,11700,'0000-00-00 00:00:00','',NULL,NULL,NULL,'','n',0,'y',NULL,NULL,NULL,NULL,NULL,'n','n',NULL,NULL,NULL,NULL,NULL,NULL,'2020-07-01 20:37:24'),(417,0,NULL,11700,'0000-00-00 00:00:00','',NULL,NULL,NULL,'','n',0,'y',NULL,NULL,NULL,NULL,NULL,'n','n',NULL,NULL,NULL,NULL,NULL,NULL,'2020-07-02 10:41:55'),(418,0,NULL,11700,'0000-00-00 00:00:00','',NULL,NULL,NULL,'','n',0,'y',NULL,NULL,NULL,NULL,NULL,'n','n',NULL,NULL,NULL,NULL,NULL,NULL,'2020-07-05 11:22:31'),(419,0,NULL,11700,'0000-00-00 00:00:00','',NULL,NULL,NULL,'','n',0,'y',NULL,NULL,NULL,NULL,NULL,'n','n',NULL,NULL,NULL,NULL,NULL,NULL,'2020-07-05 15:52:09'),(420,0,NULL,11700,'0000-00-00 00:00:00','',NULL,NULL,NULL,'','n',0,'y',NULL,NULL,NULL,NULL,NULL,'n','n',NULL,NULL,NULL,NULL,NULL,NULL,'2020-07-05 18:15:39'),(421,0,NULL,11700,'0000-00-00 00:00:00','',NULL,NULL,NULL,'','n',0,'y',NULL,NULL,NULL,NULL,NULL,'n','n',NULL,NULL,NULL,NULL,NULL,NULL,'2020-07-05 19:58:29'),(422,0,NULL,11700,'0000-00-00 00:00:00','',NULL,NULL,NULL,'','n',0,'y',NULL,NULL,NULL,NULL,NULL,'n','n',NULL,NULL,NULL,NULL,NULL,NULL,'2020-07-05 22:32:10'),(423,0,NULL,11700,'0000-00-00 00:00:00','',NULL,NULL,NULL,'','n',0,'y',NULL,NULL,NULL,NULL,NULL,'n','n',NULL,NULL,NULL,NULL,NULL,NULL,'2020-07-06 10:03:21'),(424,0,NULL,11700,'0000-00-00 00:00:00','',NULL,NULL,NULL,'','n',0,'y',NULL,NULL,NULL,NULL,NULL,'n','n',NULL,NULL,NULL,NULL,NULL,NULL,'2020-07-06 10:36:36'),(425,0,NULL,11700,'0000-00-00 00:00:00','',NULL,NULL,NULL,'','n',0,'y',NULL,NULL,NULL,NULL,NULL,'n','n',NULL,NULL,NULL,NULL,NULL,NULL,'2020-07-06 10:43:32'),(426,0,NULL,11700,'0000-00-00 00:00:00','',NULL,NULL,NULL,'','n',0,'y',NULL,NULL,NULL,NULL,NULL,'n','n',NULL,NULL,NULL,NULL,NULL,NULL,'2020-07-06 13:49:01'),(427,0,NULL,11700,'0000-00-00 00:00:00','',NULL,NULL,NULL,'','n',0,'y',NULL,NULL,NULL,NULL,NULL,'n','n',NULL,NULL,NULL,NULL,NULL,NULL,'2020-07-06 16:39:49'),(428,0,NULL,11700,'0000-00-00 00:00:00','',NULL,NULL,NULL,'','n',0,'y',NULL,NULL,NULL,NULL,NULL,'n','n',NULL,NULL,NULL,NULL,NULL,NULL,'2020-07-07 01:27:53'),(429,0,NULL,11700,'0000-00-00 00:00:00','',NULL,NULL,NULL,'','n',0,'y',NULL,NULL,NULL,NULL,NULL,'n','n',NULL,NULL,NULL,NULL,NULL,NULL,'2020-07-07 06:22:01'),(430,0,NULL,11700,'0000-00-00 00:00:00','',NULL,NULL,NULL,'','n',0,'y',NULL,NULL,NULL,NULL,NULL,'n','n',NULL,NULL,NULL,NULL,NULL,NULL,'2020-07-07 15:42:18'),(431,0,NULL,11700,'0000-00-00 00:00:00','',NULL,NULL,NULL,'','n',0,'y',NULL,NULL,NULL,NULL,NULL,'n','n',NULL,NULL,NULL,NULL,NULL,NULL,'2020-07-07 15:45:29'),(432,0,NULL,11700,'0000-00-00 00:00:00','',NULL,NULL,NULL,'','n',0,'y',NULL,NULL,NULL,NULL,NULL,'n','n',NULL,NULL,NULL,NULL,NULL,NULL,'2020-07-08 04:06:03'),(433,0,NULL,11700,'0000-00-00 00:00:00','',NULL,NULL,NULL,'','n',0,'y',NULL,NULL,NULL,NULL,NULL,'n','n',NULL,NULL,NULL,NULL,NULL,NULL,'2020-07-08 11:16:32'),(434,0,NULL,11700,'0000-00-00 00:00:00','',NULL,NULL,NULL,'','n',0,'y',NULL,NULL,NULL,NULL,NULL,'n','n',NULL,NULL,NULL,NULL,NULL,NULL,'2020-07-08 14:15:47'),(435,0,NULL,11700,'0000-00-00 00:00:00','',NULL,NULL,NULL,'','n',0,'y',NULL,NULL,NULL,NULL,NULL,'n','n',NULL,NULL,NULL,NULL,NULL,NULL,'2020-07-08 16:56:58'),(436,0,NULL,11700,'0000-00-00 00:00:00','',NULL,NULL,NULL,'','n',0,'y',NULL,NULL,NULL,NULL,NULL,'n','n',NULL,NULL,NULL,NULL,NULL,NULL,'2020-07-08 16:57:01'),(437,0,NULL,11700,'0000-00-00 00:00:00','',NULL,NULL,NULL,'','n',0,'y',NULL,NULL,NULL,NULL,NULL,'n','n',NULL,NULL,NULL,NULL,NULL,NULL,'2020-07-08 19:23:32'),(438,0,NULL,11700,'0000-00-00 00:00:00','',NULL,NULL,NULL,'','n',0,'y',NULL,NULL,NULL,NULL,NULL,'n','n',NULL,NULL,NULL,NULL,NULL,NULL,'2020-07-09 10:40:22'),(439,0,NULL,11700,'0000-00-00 00:00:00','',NULL,NULL,NULL,'','n',0,'y',NULL,NULL,NULL,NULL,NULL,'n','n',NULL,NULL,NULL,NULL,NULL,NULL,'2020-07-11 03:56:21'),(440,0,NULL,11700,'0000-00-00 00:00:00','',NULL,NULL,NULL,'','n',0,'y',NULL,NULL,NULL,NULL,NULL,'n','n',NULL,NULL,NULL,NULL,NULL,NULL,'2020-07-12 03:21:09'),(441,0,NULL,11700,'0000-00-00 00:00:00','',NULL,NULL,NULL,'','n',0,'y',NULL,NULL,NULL,NULL,NULL,'n','n',NULL,NULL,NULL,NULL,NULL,NULL,'2020-07-12 12:15:15'),(442,0,NULL,11700,'0000-00-00 00:00:00','',NULL,NULL,NULL,'','n',0,'y',NULL,NULL,NULL,NULL,NULL,'n','n',NULL,NULL,NULL,NULL,NULL,NULL,'2020-07-12 13:11:48'),(443,0,NULL,11700,'0000-00-00 00:00:00','',NULL,NULL,NULL,'','n',0,'y',NULL,NULL,NULL,NULL,NULL,'n','n',NULL,NULL,NULL,NULL,NULL,NULL,'2020-07-12 22:27:10'),(444,0,NULL,11700,'0000-00-00 00:00:00','',NULL,NULL,NULL,'','n',0,'y',NULL,NULL,NULL,NULL,NULL,'n','n',NULL,NULL,NULL,NULL,NULL,NULL,'2020-07-14 14:08:47'),(445,0,NULL,11700,'0000-00-00 00:00:00','',NULL,NULL,NULL,'','n',0,'y',NULL,NULL,NULL,NULL,NULL,'n','n',NULL,NULL,NULL,NULL,NULL,NULL,'2020-07-14 15:05:18'),(446,0,NULL,11700,'0000-00-00 00:00:00','',NULL,NULL,NULL,'','n',0,'y',NULL,NULL,NULL,NULL,NULL,'n','n',NULL,NULL,NULL,NULL,NULL,NULL,'2020-07-14 16:08:29'),(447,0,NULL,11700,'0000-00-00 00:00:00','',NULL,NULL,NULL,'','n',0,'y',NULL,NULL,NULL,NULL,NULL,'n','n',NULL,NULL,NULL,NULL,NULL,NULL,'2020-07-16 12:51:05'),(448,0,NULL,11700,'0000-00-00 00:00:00','',NULL,NULL,NULL,'','n',0,'y',NULL,NULL,NULL,NULL,NULL,'n','n',NULL,NULL,NULL,NULL,NULL,NULL,'2020-07-16 12:51:16'),(449,0,NULL,11700,'0000-00-00 00:00:00','',NULL,NULL,NULL,'','n',0,'y',NULL,NULL,NULL,NULL,NULL,'n','n',NULL,NULL,NULL,NULL,NULL,NULL,'2020-07-16 12:51:26'),(450,0,NULL,11700,'0000-00-00 00:00:00','',NULL,NULL,NULL,'','n',0,'y',NULL,NULL,NULL,NULL,NULL,'n','n',NULL,NULL,NULL,NULL,NULL,NULL,'2020-07-16 12:51:34'),(451,0,NULL,11700,'0000-00-00 00:00:00','',NULL,NULL,NULL,'','n',0,'y',NULL,NULL,NULL,NULL,NULL,'n','n',NULL,NULL,NULL,NULL,NULL,NULL,'2020-07-16 12:52:58'),(452,0,NULL,11700,'0000-00-00 00:00:00','',NULL,NULL,NULL,'','n',0,'y',NULL,NULL,NULL,NULL,NULL,'n','n',NULL,NULL,NULL,NULL,NULL,NULL,'2020-07-16 12:53:28'),(453,50,'Y',11700,'2020-07-16 12:56:55','','y',NULL,'2020-07-16','','n',0,'y',NULL,4,NULL,'56-70-1520044','016441','n','n',NULL,NULL,NULL,NULL,NULL,NULL,'2020-07-16 12:54:04'),(454,0,NULL,11700,'0000-00-00 00:00:00','',NULL,NULL,NULL,'','n',0,'y',NULL,NULL,NULL,NULL,NULL,'n','n',NULL,NULL,NULL,NULL,NULL,NULL,'2020-07-16 13:20:43'),(455,0,NULL,11700,'0000-00-00 00:00:00','',NULL,NULL,NULL,'','n',0,'y',NULL,NULL,NULL,NULL,NULL,'n','n',NULL,NULL,NULL,NULL,NULL,NULL,'2020-07-17 01:26:22'),(456,0,NULL,11700,'0000-00-00 00:00:00','',NULL,NULL,NULL,'','n',0,'y',NULL,NULL,NULL,NULL,NULL,'n','n',NULL,NULL,NULL,NULL,NULL,NULL,'2020-07-17 02:57:22'),(457,0,NULL,11700,'0000-00-00 00:00:00','',NULL,NULL,NULL,'','n',0,'y',NULL,NULL,NULL,NULL,NULL,'n','n',NULL,NULL,NULL,NULL,NULL,NULL,'2020-07-17 02:57:23'),(458,0,NULL,11700,'0000-00-00 00:00:00','',NULL,NULL,NULL,'','n',0,'y',NULL,NULL,NULL,NULL,NULL,'n','n',NULL,NULL,NULL,NULL,NULL,NULL,'2020-07-17 02:57:25'),(459,0,NULL,11700,'0000-00-00 00:00:00','',NULL,NULL,NULL,'','n',0,'y',NULL,NULL,NULL,NULL,NULL,'n','n',NULL,NULL,NULL,NULL,NULL,NULL,'2020-07-17 02:57:26'),(460,0,NULL,11700,'0000-00-00 00:00:00','',NULL,NULL,NULL,'','n',0,'y',NULL,NULL,NULL,NULL,NULL,'n','n',NULL,NULL,NULL,NULL,NULL,NULL,'2020-07-17 02:57:26'),(461,0,NULL,11700,'0000-00-00 00:00:00','',NULL,NULL,NULL,'','n',0,'y',NULL,NULL,NULL,NULL,NULL,'n','n',NULL,NULL,NULL,NULL,NULL,NULL,'2020-07-17 02:57:27'),(462,0,NULL,11700,'0000-00-00 00:00:00','',NULL,NULL,NULL,'','n',0,'y',NULL,NULL,NULL,NULL,NULL,'n','n',NULL,NULL,NULL,NULL,NULL,NULL,'2020-07-17 02:57:28'),(463,0,NULL,11700,'0000-00-00 00:00:00','',NULL,NULL,NULL,'','n',0,'y',NULL,NULL,NULL,NULL,NULL,'n','n',NULL,NULL,NULL,NULL,NULL,NULL,'2020-07-17 02:57:29'),(464,0,NULL,11700,'0000-00-00 00:00:00','',NULL,NULL,NULL,'','n',0,'y',NULL,NULL,NULL,NULL,NULL,'n','n',NULL,NULL,NULL,NULL,NULL,NULL,'2020-07-17 02:57:30'),(465,0,NULL,11700,'0000-00-00 00:00:00','',NULL,NULL,NULL,'','n',0,'y',NULL,NULL,NULL,NULL,NULL,'n','n',NULL,NULL,NULL,NULL,NULL,NULL,'2020-07-17 02:57:34'),(466,0,NULL,11700,'0000-00-00 00:00:00','',NULL,NULL,NULL,'','n',0,'y',NULL,NULL,NULL,NULL,NULL,'n','n',NULL,NULL,NULL,NULL,NULL,NULL,'2020-07-17 02:57:35'),(467,0,NULL,11700,'0000-00-00 00:00:00','',NULL,NULL,NULL,'','n',0,'y',NULL,NULL,NULL,NULL,NULL,'n','n',NULL,NULL,NULL,NULL,NULL,NULL,'2020-07-17 02:57:36'),(468,0,NULL,11700,'0000-00-00 00:00:00','',NULL,NULL,NULL,'','n',0,'y',NULL,NULL,NULL,NULL,NULL,'n','n',NULL,NULL,NULL,NULL,NULL,NULL,'2020-07-17 14:59:59'),(469,0,NULL,11700,'0000-00-00 00:00:00','',NULL,NULL,NULL,'','n',0,'y',NULL,NULL,NULL,NULL,NULL,'n','n',NULL,NULL,NULL,NULL,NULL,NULL,'2020-07-17 19:31:01'),(470,0,NULL,11700,'0000-00-00 00:00:00','',NULL,NULL,NULL,'','n',0,'y',NULL,NULL,NULL,NULL,NULL,'n','n',NULL,NULL,NULL,NULL,NULL,NULL,'2020-07-19 05:30:55'),(471,0,NULL,11700,'0000-00-00 00:00:00','',NULL,NULL,NULL,'','n',0,'y',NULL,NULL,NULL,NULL,NULL,'n','n',NULL,NULL,NULL,NULL,NULL,NULL,'2020-07-20 01:37:22'),(472,0,NULL,11700,'0000-00-00 00:00:00','',NULL,NULL,NULL,'','n',0,'y',NULL,NULL,NULL,NULL,NULL,'n','n',NULL,NULL,NULL,NULL,NULL,NULL,'2020-07-20 15:41:15'),(473,0,NULL,11700,'0000-00-00 00:00:00','',NULL,NULL,NULL,'','n',0,'y',NULL,NULL,NULL,NULL,NULL,'n','n',NULL,NULL,NULL,NULL,NULL,NULL,'2020-07-20 17:32:27'),(474,0,NULL,11700,'0000-00-00 00:00:00','',NULL,NULL,NULL,'','n',0,'y',NULL,NULL,NULL,NULL,NULL,'n','n',NULL,NULL,NULL,NULL,NULL,NULL,'2020-07-21 02:54:52'),(475,0,NULL,11700,'0000-00-00 00:00:00','',NULL,NULL,NULL,'','n',0,'y',NULL,NULL,NULL,NULL,NULL,'n','n',NULL,NULL,NULL,NULL,NULL,NULL,'2020-07-22 03:20:22'),(476,0,NULL,11700,'0000-00-00 00:00:00','',NULL,NULL,NULL,'','n',0,'y',NULL,NULL,NULL,NULL,NULL,'n','n',NULL,NULL,NULL,NULL,NULL,NULL,'2020-07-22 18:15:04'),(477,0,NULL,11700,'0000-00-00 00:00:00','',NULL,NULL,NULL,'','n',0,'y',NULL,NULL,NULL,NULL,NULL,'n','n',NULL,NULL,NULL,NULL,NULL,NULL,'2020-07-22 18:15:14'),(478,0,NULL,11700,'0000-00-00 00:00:00','',NULL,NULL,NULL,'','n',0,'y',NULL,NULL,NULL,NULL,NULL,'n','n',NULL,NULL,NULL,NULL,NULL,NULL,'2020-07-23 08:09:55'),(479,0,NULL,11700,'0000-00-00 00:00:00','',NULL,NULL,NULL,'','n',0,'y',NULL,NULL,NULL,NULL,NULL,'n','n',NULL,NULL,NULL,NULL,NULL,NULL,'2020-07-23 17:57:59'),(480,0,NULL,11700,'0000-00-00 00:00:00','',NULL,NULL,NULL,'','n',0,'y',NULL,NULL,NULL,NULL,NULL,'n','n',NULL,NULL,NULL,NULL,NULL,NULL,'2020-07-23 19:06:35'),(481,0,NULL,11700,'0000-00-00 00:00:00','',NULL,NULL,NULL,'','n',0,'y',NULL,NULL,NULL,NULL,NULL,'n','n',NULL,NULL,NULL,NULL,NULL,NULL,'2020-07-23 19:46:56'),(482,54,NULL,11700,'0000-00-00 00:00:00','',NULL,NULL,NULL,'','n',0,'y',NULL,NULL,NULL,NULL,NULL,'n','n',NULL,NULL,NULL,NULL,NULL,NULL,'2020-07-23 20:21:16'),(483,0,NULL,11700,'0000-00-00 00:00:00','',NULL,NULL,NULL,'','n',0,'y',NULL,NULL,NULL,NULL,NULL,'n','n',NULL,NULL,NULL,NULL,NULL,NULL,'2020-07-24 01:57:21'),(484,0,NULL,11700,'0000-00-00 00:00:00','',NULL,NULL,NULL,'','n',0,'y',NULL,NULL,NULL,NULL,NULL,'n','n',NULL,NULL,NULL,NULL,NULL,NULL,'2020-07-24 09:57:16'),(485,0,NULL,11700,'0000-00-00 00:00:00','',NULL,NULL,NULL,'','n',0,'y',NULL,NULL,NULL,NULL,NULL,'n','n',NULL,NULL,NULL,NULL,NULL,NULL,'2020-07-24 10:00:33'),(486,0,NULL,11700,'0000-00-00 00:00:00','',NULL,NULL,NULL,'','n',0,'y',NULL,NULL,NULL,NULL,NULL,'n','n',NULL,NULL,NULL,NULL,NULL,NULL,'2020-07-24 19:03:20'),(487,0,NULL,11700,'0000-00-00 00:00:00','',NULL,NULL,NULL,'','n',0,'y',NULL,NULL,NULL,NULL,NULL,'n','n',NULL,NULL,NULL,NULL,NULL,NULL,'2020-07-26 02:55:02'),(488,0,NULL,11700,'0000-00-00 00:00:00','',NULL,NULL,NULL,'','n',0,'y',NULL,NULL,NULL,NULL,NULL,'n','n',NULL,NULL,NULL,NULL,NULL,NULL,'2020-07-26 07:39:14'),(489,0,NULL,11700,'0000-00-00 00:00:00','',NULL,NULL,NULL,'','n',0,'y',NULL,NULL,NULL,NULL,NULL,'n','n',NULL,NULL,NULL,NULL,NULL,NULL,'2020-07-26 07:54:54'),(490,0,NULL,11700,'0000-00-00 00:00:00','',NULL,NULL,NULL,'','n',0,'y',NULL,NULL,NULL,NULL,NULL,'n','n',NULL,NULL,NULL,NULL,NULL,NULL,'2020-07-26 07:57:37'),(491,0,NULL,11700,'0000-00-00 00:00:00','',NULL,NULL,NULL,'','n',0,'y',NULL,NULL,NULL,NULL,NULL,'n','n',NULL,NULL,NULL,NULL,NULL,NULL,'2020-07-26 08:28:14'),(492,0,NULL,11700,'0000-00-00 00:00:00','',NULL,NULL,NULL,'','n',0,'y',NULL,NULL,NULL,NULL,NULL,'n','n',NULL,NULL,NULL,NULL,NULL,NULL,'2020-07-26 08:38:04'),(493,0,NULL,11700,'0000-00-00 00:00:00','',NULL,NULL,NULL,'','n',0,'y',NULL,NULL,NULL,NULL,NULL,'n','n',NULL,NULL,NULL,NULL,NULL,NULL,'2020-07-26 09:00:11'),(494,0,NULL,11700,'0000-00-00 00:00:00','',NULL,NULL,NULL,'','n',0,'y',NULL,NULL,NULL,NULL,NULL,'n','n',NULL,NULL,NULL,NULL,NULL,NULL,'2020-07-26 09:13:21'),(495,0,NULL,11700,'0000-00-00 00:00:00','',NULL,NULL,NULL,'','n',0,'y',NULL,NULL,NULL,NULL,NULL,'n','n',NULL,NULL,NULL,NULL,NULL,NULL,'2020-07-26 09:40:22'),(496,0,NULL,11700,'0000-00-00 00:00:00','',NULL,NULL,NULL,'','n',0,'y',NULL,NULL,NULL,NULL,NULL,'n','n',NULL,NULL,NULL,NULL,NULL,NULL,'2020-07-26 10:27:14'),(497,0,NULL,11700,'0000-00-00 00:00:00','',NULL,NULL,NULL,'','n',0,'y',NULL,NULL,NULL,NULL,NULL,'n','n',NULL,NULL,NULL,NULL,NULL,NULL,'2020-07-26 10:48:59'),(498,0,NULL,11700,'0000-00-00 00:00:00','',NULL,NULL,NULL,'','n',0,'y',NULL,NULL,NULL,NULL,NULL,'n','n',NULL,NULL,NULL,NULL,NULL,NULL,'2020-07-26 16:18:53'),(499,0,NULL,11700,'0000-00-00 00:00:00','',NULL,NULL,NULL,'','n',0,'y',NULL,NULL,NULL,NULL,NULL,'n','n',NULL,NULL,NULL,NULL,NULL,NULL,'2020-07-27 07:27:42'),(500,0,NULL,11700,'0000-00-00 00:00:00','',NULL,NULL,NULL,'','n',0,'y',NULL,NULL,NULL,NULL,NULL,'n','n',NULL,NULL,NULL,NULL,NULL,NULL,'2020-07-27 07:46:43'),(501,0,NULL,11700,'0000-00-00 00:00:00','',NULL,NULL,NULL,'','n',0,'y',NULL,NULL,NULL,NULL,NULL,'n','n',NULL,NULL,NULL,NULL,NULL,NULL,'2020-07-27 07:47:22'),(502,0,NULL,11700,'0000-00-00 00:00:00','',NULL,NULL,NULL,'','n',0,'y',NULL,NULL,NULL,NULL,NULL,'n','n',NULL,NULL,NULL,NULL,NULL,NULL,'2020-07-27 08:06:24'),(503,0,NULL,11700,'0000-00-00 00:00:00','',NULL,NULL,NULL,'','n',0,'y',NULL,NULL,NULL,NULL,NULL,'n','n',NULL,NULL,NULL,NULL,NULL,NULL,'2020-07-27 15:59:53'),(504,0,NULL,11700,'0000-00-00 00:00:00','',NULL,NULL,NULL,'','n',0,'y',NULL,NULL,NULL,NULL,NULL,'n','n',NULL,NULL,NULL,NULL,NULL,NULL,'2020-07-28 11:26:42'),(505,0,NULL,11700,'0000-00-00 00:00:00','',NULL,NULL,NULL,'','n',0,'y',NULL,NULL,NULL,NULL,NULL,'n','n',NULL,NULL,NULL,NULL,NULL,NULL,'2020-07-29 17:16:13'),(506,0,NULL,11700,'0000-00-00 00:00:00','',NULL,NULL,NULL,'','n',0,'y',NULL,NULL,NULL,NULL,NULL,'n','n',NULL,NULL,NULL,NULL,NULL,NULL,'2020-07-29 23:10:23'),(507,0,NULL,11700,'0000-00-00 00:00:00','',NULL,NULL,NULL,'','n',0,'y',NULL,NULL,NULL,NULL,NULL,'n','n',NULL,NULL,NULL,NULL,NULL,NULL,'2020-07-30 06:50:29'),(508,0,NULL,11700,'0000-00-00 00:00:00','',NULL,NULL,NULL,'','n',0,'y',NULL,NULL,NULL,NULL,NULL,'n','n',NULL,NULL,NULL,NULL,NULL,NULL,'2020-07-30 19:34:34'),(509,0,NULL,11700,'0000-00-00 00:00:00','',NULL,NULL,NULL,'','n',0,'y',NULL,NULL,NULL,NULL,NULL,'n','n',NULL,NULL,NULL,NULL,NULL,NULL,'2020-07-30 20:38:30'),(510,0,NULL,11700,'0000-00-00 00:00:00','',NULL,NULL,NULL,'','n',0,'y',NULL,NULL,NULL,NULL,NULL,'n','n',NULL,NULL,NULL,NULL,NULL,NULL,'2020-07-31 00:15:40'),(511,0,NULL,11700,'0000-00-00 00:00:00','',NULL,NULL,NULL,'','n',0,'y',NULL,NULL,NULL,NULL,NULL,'n','n',NULL,NULL,NULL,NULL,NULL,NULL,'2020-08-01 05:42:43'),(512,0,NULL,11700,'0000-00-00 00:00:00','',NULL,NULL,NULL,'','n',0,'y',NULL,NULL,NULL,NULL,NULL,'n','n',NULL,NULL,NULL,NULL,NULL,NULL,'2020-08-02 05:56:08'),(513,0,NULL,11700,'0000-00-00 00:00:00','',NULL,NULL,NULL,'','n',0,'y',NULL,NULL,NULL,NULL,NULL,'n','n',NULL,NULL,NULL,NULL,NULL,NULL,'2020-08-02 06:46:22'),(514,0,NULL,11700,'0000-00-00 00:00:00','',NULL,NULL,NULL,'','n',0,'y',NULL,NULL,NULL,NULL,NULL,'n','n',NULL,NULL,NULL,NULL,NULL,NULL,'2020-08-02 19:22:23'),(515,0,NULL,11700,'0000-00-00 00:00:00','',NULL,NULL,NULL,'','n',0,'y',NULL,NULL,NULL,NULL,NULL,'n','n',NULL,NULL,NULL,NULL,NULL,NULL,'2020-08-02 19:22:24'),(516,0,NULL,11700,'0000-00-00 00:00:00','',NULL,NULL,NULL,'','n',0,'y',NULL,NULL,NULL,NULL,NULL,'n','n',NULL,NULL,NULL,NULL,NULL,NULL,'2020-08-02 19:22:26'),(517,0,NULL,11700,'0000-00-00 00:00:00','',NULL,NULL,NULL,'','n',0,'y',NULL,NULL,NULL,NULL,NULL,'n','n',NULL,NULL,NULL,NULL,NULL,NULL,'2020-08-02 19:22:27'),(518,0,NULL,11700,'0000-00-00 00:00:00','',NULL,NULL,NULL,'','n',0,'y',NULL,NULL,NULL,NULL,NULL,'n','n',NULL,NULL,NULL,NULL,NULL,NULL,'2020-08-02 19:22:28'),(519,0,NULL,11700,'0000-00-00 00:00:00','',NULL,NULL,NULL,'','n',0,'y',NULL,NULL,NULL,NULL,NULL,'n','n',NULL,NULL,NULL,NULL,NULL,NULL,'2020-08-02 19:22:28'),(520,0,NULL,11700,'0000-00-00 00:00:00','',NULL,NULL,NULL,'','n',0,'y',NULL,NULL,NULL,NULL,NULL,'n','n',NULL,NULL,NULL,NULL,NULL,NULL,'2020-08-02 19:22:29'),(521,0,NULL,11700,'0000-00-00 00:00:00','',NULL,NULL,NULL,'','n',0,'y',NULL,NULL,NULL,NULL,NULL,'n','n',NULL,NULL,NULL,NULL,NULL,NULL,'2020-08-02 19:22:30'),(522,0,NULL,11700,'0000-00-00 00:00:00','',NULL,NULL,NULL,'','n',0,'y',NULL,NULL,NULL,NULL,NULL,'n','n',NULL,NULL,NULL,NULL,NULL,NULL,'2020-08-02 19:22:31'),(523,0,NULL,11700,'0000-00-00 00:00:00','',NULL,NULL,NULL,'','n',0,'y',NULL,NULL,NULL,NULL,NULL,'n','n',NULL,NULL,NULL,NULL,NULL,NULL,'2020-08-02 19:22:59'),(524,0,NULL,11700,'0000-00-00 00:00:00','',NULL,NULL,NULL,'','n',0,'y',NULL,NULL,NULL,NULL,NULL,'n','n',NULL,NULL,NULL,NULL,NULL,NULL,'2020-08-02 19:23:00'),(525,0,NULL,11700,'0000-00-00 00:00:00','',NULL,NULL,NULL,'','n',0,'y',NULL,NULL,NULL,NULL,NULL,'n','n',NULL,NULL,NULL,NULL,NULL,NULL,'2020-08-02 19:23:01'),(526,0,NULL,11700,'0000-00-00 00:00:00','',NULL,NULL,NULL,'','n',0,'y',NULL,NULL,NULL,NULL,NULL,'n','n',NULL,NULL,NULL,NULL,NULL,NULL,'2020-08-03 06:40:54'),(527,0,NULL,11700,'0000-00-00 00:00:00','',NULL,NULL,NULL,'','n',0,'y',NULL,NULL,NULL,NULL,NULL,'n','n',NULL,NULL,NULL,NULL,NULL,NULL,'2020-08-03 11:13:09'),(528,55,'Y',11700,'2020-08-03 22:49:55','','y',NULL,'2020-08-03','','n',0,'y',NULL,4,NULL,'55-70-1953228','803297','n','n',NULL,NULL,NULL,NULL,NULL,NULL,'2020-08-03 22:45:23'),(529,0,NULL,11700,'0000-00-00 00:00:00','',NULL,NULL,NULL,'','n',0,'y',NULL,NULL,NULL,NULL,NULL,'n','n',NULL,NULL,NULL,NULL,NULL,NULL,'2020-08-04 08:13:05'),(530,56,NULL,11700,'0000-00-00 00:00:00','',NULL,NULL,NULL,'','n',0,'y',NULL,NULL,NULL,NULL,NULL,'n','n',NULL,NULL,NULL,NULL,NULL,NULL,'2020-08-04 16:21:53'),(531,0,NULL,11700,'0000-00-00 00:00:00','',NULL,NULL,NULL,'','n',0,'y',NULL,NULL,NULL,NULL,NULL,'n','n',NULL,NULL,NULL,NULL,NULL,NULL,'2020-08-05 11:45:56'),(532,0,NULL,11700,'0000-00-00 00:00:00','',NULL,NULL,NULL,'','n',0,'y',NULL,NULL,NULL,NULL,NULL,'n','n',NULL,NULL,NULL,NULL,NULL,NULL,'2020-08-05 15:53:17'),(533,0,NULL,11700,'0000-00-00 00:00:00','',NULL,NULL,NULL,'','n',0,'y',NULL,NULL,NULL,NULL,NULL,'n','n',NULL,NULL,NULL,NULL,NULL,NULL,'2020-08-06 14:15:52'),(534,0,NULL,11700,'0000-00-00 00:00:00','',NULL,NULL,NULL,'','n',0,'y',NULL,NULL,NULL,NULL,NULL,'n','n',NULL,NULL,NULL,NULL,NULL,NULL,'2020-08-08 13:48:41'),(535,0,NULL,11700,'0000-00-00 00:00:00','',NULL,NULL,NULL,'','n',0,'y',NULL,NULL,NULL,NULL,NULL,'n','n',NULL,NULL,NULL,NULL,NULL,NULL,'2020-08-08 18:25:34'),(536,0,NULL,11700,'0000-00-00 00:00:00','',NULL,NULL,NULL,'','n',0,'y',NULL,NULL,NULL,NULL,NULL,'n','n',NULL,NULL,NULL,NULL,NULL,NULL,'2020-08-09 20:34:30'),(537,0,NULL,11700,'0000-00-00 00:00:00','',NULL,NULL,NULL,'','n',0,'y',NULL,NULL,NULL,NULL,NULL,'n','n',NULL,NULL,NULL,NULL,NULL,NULL,'2020-08-11 22:53:51'),(538,57,NULL,11700,'0000-00-00 00:00:00','',NULL,NULL,NULL,'','n',0,'y',NULL,NULL,NULL,NULL,NULL,'n','n',NULL,NULL,NULL,NULL,NULL,NULL,'2020-08-15 16:48:43'),(539,0,NULL,11700,'0000-00-00 00:00:00','',NULL,NULL,NULL,'','n',0,'y',NULL,NULL,NULL,NULL,NULL,'n','n',NULL,NULL,NULL,NULL,NULL,NULL,'2020-08-17 08:13:52'),(540,59,'Y',11700,'2020-08-27 16:40:34','','y',NULL,'2020-08-27','','n',0,'y',NULL,4,NULL,'57-70-2560509','196771','n','n',NULL,NULL,NULL,NULL,NULL,NULL,'2020-08-19 09:02:32'),(541,0,NULL,11700,'0000-00-00 00:00:00','',NULL,NULL,NULL,'','n',0,'y',NULL,NULL,NULL,NULL,NULL,'n','n',NULL,NULL,NULL,NULL,NULL,NULL,'2020-08-20 17:47:10'),(542,58,'Y',11700,'2020-08-23 11:02:44','','y',NULL,'2020-08-23','','n',0,'y',NULL,4,NULL,'58-70-2501961','914625','n','n',NULL,NULL,NULL,NULL,NULL,NULL,'2020-08-23 10:54:41'),(543,0,NULL,11700,'0000-00-00 00:00:00','',NULL,NULL,NULL,'','n',0,'y',NULL,NULL,NULL,NULL,NULL,'n','n',NULL,NULL,NULL,NULL,NULL,NULL,'2020-08-24 09:54:37'),(544,0,NULL,11700,'0000-00-00 00:00:00','',NULL,NULL,NULL,'','n',0,'y',NULL,NULL,NULL,NULL,NULL,'n','n',NULL,NULL,NULL,NULL,NULL,NULL,'2020-08-25 06:59:17'),(545,0,NULL,11700,'0000-00-00 00:00:00','',NULL,NULL,NULL,'','n',0,'y',NULL,NULL,NULL,NULL,NULL,'n','n',NULL,NULL,NULL,NULL,NULL,NULL,'2020-08-25 22:39:25'),(546,0,NULL,11700,'0000-00-00 00:00:00','',NULL,NULL,NULL,'','n',0,'y',NULL,NULL,NULL,NULL,NULL,'n','n',NULL,NULL,NULL,NULL,NULL,NULL,'2020-08-26 09:09:41'),(547,0,NULL,11700,'0000-00-00 00:00:00','',NULL,NULL,NULL,'','n',0,'y',NULL,NULL,NULL,NULL,NULL,'n','n',NULL,NULL,NULL,NULL,NULL,NULL,'2020-08-26 20:00:00'),(548,0,NULL,11700,'0000-00-00 00:00:00','',NULL,NULL,NULL,'','n',0,'y',NULL,NULL,NULL,NULL,NULL,'n','n',NULL,NULL,NULL,NULL,NULL,NULL,'2020-08-26 20:00:03'),(549,0,NULL,11700,'0000-00-00 00:00:00','',NULL,NULL,NULL,'','n',0,'y',NULL,NULL,NULL,NULL,NULL,'n','n',NULL,NULL,NULL,NULL,NULL,NULL,'2020-08-26 22:04:00'),(550,0,NULL,11700,'0000-00-00 00:00:00','',NULL,NULL,NULL,'','n',0,'y',NULL,NULL,NULL,NULL,NULL,'n','n',NULL,NULL,NULL,NULL,NULL,NULL,'2020-08-27 07:26:05'),(551,0,NULL,11700,'0000-00-00 00:00:00','',NULL,NULL,NULL,'','n',0,'y',NULL,NULL,NULL,NULL,NULL,'n','n',NULL,NULL,NULL,NULL,NULL,NULL,'2020-08-28 05:49:09'),(552,0,NULL,11700,'0000-00-00 00:00:00','',NULL,NULL,NULL,'','n',0,'y',NULL,NULL,NULL,NULL,NULL,'n','n',NULL,NULL,NULL,NULL,NULL,NULL,'2020-08-29 07:13:50'),(553,0,NULL,11700,'0000-00-00 00:00:00','',NULL,NULL,NULL,'','n',0,'y',NULL,NULL,NULL,NULL,NULL,'n','n',NULL,NULL,NULL,NULL,NULL,NULL,'2020-08-29 19:55:19'),(554,0,NULL,11700,'0000-00-00 00:00:00','',NULL,NULL,NULL,'','n',0,'y',NULL,NULL,NULL,NULL,NULL,'n','n',NULL,NULL,NULL,NULL,NULL,NULL,'2020-09-01 06:44:06'),(555,0,NULL,11700,'0000-00-00 00:00:00','',NULL,NULL,NULL,'','n',0,'y',NULL,NULL,NULL,NULL,NULL,'n','n',NULL,NULL,NULL,NULL,NULL,NULL,'2020-09-01 07:00:13'),(556,0,NULL,11700,'0000-00-00 00:00:00','',NULL,NULL,NULL,'','n',0,'y',NULL,NULL,NULL,NULL,NULL,'n','n',NULL,NULL,NULL,NULL,NULL,NULL,'2020-09-01 19:20:23'),(557,0,NULL,11700,'0000-00-00 00:00:00','',NULL,NULL,NULL,'','n',0,'y',NULL,NULL,NULL,NULL,NULL,'n','n',NULL,NULL,NULL,NULL,NULL,NULL,'2020-09-02 02:43:01'),(558,60,'Y',11700,'2020-09-02 19:51:22','','y',NULL,'2020-09-02','','n',0,'y',NULL,4,NULL,'59-70-2773933','051233','n','n',NULL,NULL,NULL,NULL,NULL,NULL,'2020-09-02 19:44:37'),(559,0,NULL,11700,'0000-00-00 00:00:00','',NULL,NULL,NULL,'','n',0,'y',NULL,NULL,NULL,NULL,NULL,'n','n',NULL,NULL,NULL,NULL,NULL,NULL,'2020-09-08 11:31:25'),(560,0,NULL,11700,'0000-00-00 00:00:00','',NULL,NULL,NULL,'','n',0,'y',NULL,NULL,NULL,NULL,NULL,'n','n',NULL,NULL,NULL,NULL,NULL,NULL,'2020-09-08 12:02:03'),(561,0,NULL,11700,'0000-00-00 00:00:00','',NULL,NULL,NULL,'','n',0,'y',NULL,NULL,NULL,NULL,NULL,'n','n',NULL,NULL,NULL,NULL,NULL,NULL,'2020-09-11 20:03:43'),(562,0,NULL,11700,'0000-00-00 00:00:00','',NULL,NULL,NULL,'','n',0,'y',NULL,NULL,NULL,NULL,NULL,'n','n',NULL,NULL,NULL,NULL,NULL,NULL,'2020-09-11 21:44:02'),(563,0,NULL,11700,'0000-00-00 00:00:00','',NULL,NULL,NULL,'','n',0,'y',NULL,NULL,NULL,NULL,NULL,'n','n',NULL,NULL,NULL,NULL,NULL,NULL,'2020-09-12 07:58:50'),(564,0,NULL,11700,'0000-00-00 00:00:00','',NULL,NULL,NULL,'','n',0,'y',NULL,NULL,NULL,NULL,NULL,'n','n',NULL,NULL,NULL,NULL,NULL,NULL,'2020-09-15 00:48:00'),(565,0,NULL,11700,'0000-00-00 00:00:00','',NULL,NULL,NULL,'','n',0,'y',NULL,NULL,NULL,NULL,NULL,'n','n',NULL,NULL,NULL,NULL,NULL,NULL,'2020-09-20 03:54:26'),(566,0,NULL,11700,'0000-00-00 00:00:00','',NULL,NULL,NULL,'','n',0,'y',NULL,NULL,NULL,NULL,NULL,'n','n',NULL,NULL,NULL,NULL,NULL,NULL,'2020-09-20 12:11:56'),(567,0,NULL,11700,'0000-00-00 00:00:00','',NULL,NULL,NULL,'','n',0,'y',NULL,NULL,NULL,NULL,NULL,'n','n',NULL,NULL,NULL,NULL,NULL,NULL,'2020-09-21 18:41:44'),(568,0,NULL,11700,'0000-00-00 00:00:00','',NULL,NULL,NULL,'','n',0,'y',NULL,NULL,NULL,NULL,NULL,'n','n',NULL,NULL,NULL,NULL,NULL,NULL,'2020-09-23 12:36:44'),(569,0,NULL,11700,'0000-00-00 00:00:00','',NULL,NULL,NULL,'','n',0,'y',NULL,NULL,NULL,NULL,NULL,'n','n',NULL,NULL,NULL,NULL,NULL,NULL,'2020-09-23 16:20:39'),(570,0,NULL,11700,'0000-00-00 00:00:00','',NULL,NULL,NULL,'','n',0,'y',NULL,NULL,NULL,NULL,NULL,'n','n',NULL,NULL,NULL,NULL,NULL,NULL,'2020-09-26 02:36:39'),(571,0,NULL,11700,'0000-00-00 00:00:00','',NULL,NULL,NULL,'','n',0,'y',NULL,NULL,NULL,NULL,NULL,'n','n',NULL,NULL,NULL,NULL,NULL,NULL,'2020-09-28 03:04:48'),(572,0,NULL,11700,'0000-00-00 00:00:00','',NULL,NULL,NULL,'','n',0,'y',NULL,NULL,NULL,NULL,NULL,'n','n',NULL,NULL,NULL,NULL,NULL,NULL,'2020-09-28 03:04:59'),(573,0,NULL,11700,'0000-00-00 00:00:00','',NULL,NULL,NULL,'','n',0,'y',NULL,NULL,NULL,NULL,NULL,'n','n',NULL,NULL,NULL,NULL,NULL,NULL,'2020-09-30 09:16:59'),(574,0,NULL,11700,'0000-00-00 00:00:00','',NULL,NULL,NULL,'','n',0,'y',NULL,NULL,NULL,NULL,NULL,'n','n',NULL,NULL,NULL,NULL,NULL,NULL,'2020-09-30 09:31:36'),(575,0,NULL,11700,'0000-00-00 00:00:00','',NULL,NULL,NULL,'','n',0,'y',NULL,NULL,NULL,NULL,NULL,'n','n',NULL,NULL,NULL,NULL,NULL,NULL,'2020-10-01 05:56:44'),(576,0,NULL,11700,'0000-00-00 00:00:00','',NULL,NULL,NULL,'','n',0,'y',NULL,NULL,NULL,NULL,NULL,'n','n',NULL,NULL,NULL,NULL,NULL,NULL,'2020-10-02 23:17:06'),(577,0,NULL,11700,'0000-00-00 00:00:00','',NULL,NULL,NULL,'','n',0,'y',NULL,NULL,NULL,NULL,NULL,'n','n',NULL,NULL,NULL,NULL,NULL,NULL,'2020-10-03 07:19:31'),(578,61,'Y',11700,'2020-10-04 08:58:03','','y',NULL,'2020-10-04','','n',0,'y',NULL,4,NULL,'56-70-3961871','380775','n','n',NULL,NULL,NULL,NULL,NULL,NULL,'2020-10-04 08:55:33'),(579,0,NULL,11700,'0000-00-00 00:00:00','',NULL,NULL,NULL,'','n',0,'y',NULL,NULL,NULL,NULL,NULL,'n','n',NULL,NULL,NULL,NULL,NULL,NULL,'2020-10-04 20:06:25'),(580,0,NULL,11700,'0000-00-00 00:00:00','',NULL,NULL,NULL,'','n',0,'y',NULL,NULL,NULL,NULL,NULL,'n','n',NULL,NULL,NULL,NULL,NULL,NULL,'2020-10-05 08:23:20'),(581,0,NULL,11700,'0000-00-00 00:00:00','',NULL,NULL,NULL,'','n',0,'y',NULL,NULL,NULL,NULL,NULL,'n','n',NULL,NULL,NULL,NULL,NULL,NULL,'2020-10-06 03:55:20'),(582,0,NULL,11700,'0000-00-00 00:00:00','',NULL,NULL,NULL,'','n',0,'y',NULL,NULL,NULL,NULL,NULL,'n','n',NULL,NULL,NULL,NULL,NULL,NULL,'2020-10-08 09:53:06'),(583,0,NULL,11700,'0000-00-00 00:00:00','',NULL,NULL,NULL,'','n',0,'y',NULL,NULL,NULL,NULL,NULL,'n','n',NULL,NULL,NULL,NULL,NULL,NULL,'2020-10-11 20:03:31'),(584,62,'Y',11700,'2020-10-16 14:21:43','','y',NULL,'2020-10-16','','n',0,'y',NULL,4,NULL,'59-70-4154010','016799','n','n',NULL,NULL,NULL,NULL,NULL,NULL,'2020-10-16 14:19:09'),(585,0,NULL,11700,'0000-00-00 00:00:00','',NULL,NULL,NULL,'','n',0,'y',NULL,NULL,NULL,NULL,NULL,'n','n',NULL,NULL,NULL,NULL,NULL,NULL,'2020-10-17 23:11:16'),(586,0,NULL,11700,'0000-00-00 00:00:00','',NULL,NULL,NULL,'','n',0,'y',NULL,NULL,NULL,NULL,NULL,'n','n',NULL,NULL,NULL,NULL,NULL,NULL,'2020-10-20 19:35:17'),(587,0,NULL,11700,'0000-00-00 00:00:00','',NULL,NULL,NULL,'','n',0,'y',NULL,NULL,NULL,NULL,NULL,'n','n',NULL,NULL,NULL,NULL,NULL,NULL,'2020-10-22 17:54:38'),(588,0,NULL,11700,'0000-00-00 00:00:00','',NULL,NULL,NULL,'','n',0,'y',NULL,NULL,NULL,NULL,NULL,'n','n',NULL,NULL,NULL,NULL,NULL,NULL,'2020-10-26 11:57:30'),(589,63,NULL,11700,'0000-00-00 00:00:00','',NULL,NULL,NULL,'','n',0,'y',NULL,NULL,NULL,NULL,NULL,'n','n',NULL,NULL,NULL,NULL,NULL,NULL,'2020-10-26 13:05:35'),(590,0,NULL,11700,'0000-00-00 00:00:00','',NULL,NULL,NULL,'','n',0,'y',NULL,NULL,NULL,NULL,NULL,'n','n',NULL,NULL,NULL,NULL,NULL,NULL,'2020-10-29 03:04:07'),(591,64,'Y',11700,'2020-10-29 06:57:40','','y',NULL,'2020-10-29','','n',0,'y',NULL,4,NULL,'57-70-4504293','026667','n','n',NULL,NULL,NULL,NULL,NULL,NULL,'2020-10-29 06:50:20'),(592,0,NULL,11700,'0000-00-00 00:00:00','',NULL,NULL,NULL,'','n',0,'y',NULL,NULL,NULL,NULL,NULL,'n','n',NULL,NULL,NULL,NULL,NULL,NULL,'2020-11-01 06:41:09'),(593,0,NULL,11700,'0000-00-00 00:00:00','',NULL,NULL,NULL,'','n',0,'y',NULL,NULL,NULL,NULL,NULL,'n','n',NULL,NULL,NULL,NULL,NULL,NULL,'2020-11-04 05:36:48'),(594,0,NULL,11700,'0000-00-00 00:00:00','',NULL,NULL,NULL,'','n',0,'y',NULL,NULL,NULL,NULL,NULL,'n','n',NULL,NULL,NULL,NULL,NULL,NULL,'2020-11-04 07:40:52'),(595,0,NULL,11700,'0000-00-00 00:00:00','',NULL,NULL,NULL,'','n',0,'y',NULL,NULL,NULL,NULL,NULL,'n','n',NULL,NULL,NULL,NULL,NULL,NULL,'2020-11-06 09:04:38'),(596,0,NULL,11700,'0000-00-00 00:00:00','',NULL,NULL,NULL,'','n',0,'y',NULL,NULL,NULL,NULL,NULL,'n','n',NULL,NULL,NULL,NULL,NULL,NULL,'2020-11-06 11:00:35'),(597,0,NULL,11700,'0000-00-00 00:00:00','',NULL,NULL,NULL,'','n',0,'y',NULL,NULL,NULL,NULL,NULL,'n','n',NULL,NULL,NULL,NULL,NULL,NULL,'2020-11-06 11:00:36'),(598,0,NULL,11700,'0000-00-00 00:00:00','',NULL,NULL,NULL,'','n',0,'y',NULL,NULL,NULL,NULL,NULL,'n','n',NULL,NULL,NULL,NULL,NULL,NULL,'2020-11-07 20:50:07'),(599,0,NULL,11700,'0000-00-00 00:00:00','',NULL,NULL,NULL,'','n',0,'y',NULL,NULL,NULL,NULL,NULL,'n','n',NULL,NULL,NULL,NULL,NULL,NULL,'2020-11-08 22:46:04'),(600,0,NULL,11700,'0000-00-00 00:00:00','',NULL,NULL,NULL,'','n',0,'y',NULL,NULL,NULL,NULL,NULL,'n','n',NULL,NULL,NULL,NULL,NULL,NULL,'2020-11-15 11:19:33'),(601,0,NULL,11700,'0000-00-00 00:00:00','',NULL,NULL,NULL,'','n',0,'y',NULL,NULL,NULL,NULL,NULL,'n','n',NULL,NULL,NULL,NULL,NULL,NULL,'2020-11-15 23:58:45'),(602,0,NULL,11700,'0000-00-00 00:00:00','',NULL,NULL,NULL,'','n',0,'y',NULL,NULL,NULL,NULL,NULL,'n','n',NULL,NULL,NULL,NULL,NULL,NULL,'2020-11-16 12:47:44'),(603,0,NULL,11700,'0000-00-00 00:00:00','',NULL,NULL,NULL,'','n',0,'y',NULL,NULL,NULL,NULL,NULL,'n','n',NULL,NULL,NULL,NULL,NULL,NULL,'2020-11-18 02:00:59'),(604,0,NULL,11700,'0000-00-00 00:00:00','',NULL,NULL,NULL,'','n',0,'y',NULL,NULL,NULL,NULL,NULL,'n','n',NULL,NULL,NULL,NULL,NULL,NULL,'2020-11-19 09:10:31'),(605,65,'Y',11700,'2020-11-19 19:51:36','','y',NULL,'2020-11-19','','n',0,'y',NULL,4,NULL,'60-70-5268638','307403','n','n',NULL,NULL,NULL,NULL,NULL,NULL,'2020-11-19 19:45:28'),(606,0,NULL,11700,'0000-00-00 00:00:00','',NULL,NULL,NULL,'','n',0,'y',NULL,NULL,NULL,NULL,NULL,'n','n',NULL,NULL,NULL,NULL,NULL,NULL,'2020-11-20 18:09:26'),(607,66,NULL,11700,'0000-00-00 00:00:00','',NULL,NULL,NULL,'','n',0,'y',NULL,NULL,NULL,NULL,NULL,'n','n',NULL,NULL,NULL,NULL,NULL,NULL,'2020-11-21 11:38:49'),(608,0,NULL,11700,'0000-00-00 00:00:00','',NULL,NULL,NULL,'','n',0,'y',NULL,NULL,NULL,NULL,NULL,'n','n',NULL,NULL,NULL,NULL,NULL,NULL,'2020-11-23 17:51:18'),(609,0,NULL,11700,'0000-00-00 00:00:00','',NULL,NULL,NULL,'','n',0,'y',NULL,NULL,NULL,NULL,NULL,'n','n',NULL,NULL,NULL,NULL,NULL,NULL,'2020-11-24 04:48:53'),(610,0,NULL,11700,'0000-00-00 00:00:00','',NULL,NULL,NULL,'','n',0,'y',NULL,NULL,NULL,NULL,NULL,'n','n',NULL,NULL,NULL,NULL,NULL,NULL,'2020-11-25 15:49:40'),(611,0,NULL,11700,'0000-00-00 00:00:00','',NULL,NULL,NULL,'','n',0,'y',NULL,NULL,NULL,NULL,NULL,'n','n',NULL,NULL,NULL,NULL,NULL,NULL,'2020-11-28 13:51:29'),(612,0,NULL,11700,'0000-00-00 00:00:00','',NULL,NULL,NULL,'','n',0,'y',NULL,NULL,NULL,NULL,NULL,'n','n',NULL,NULL,NULL,NULL,NULL,NULL,'2020-12-01 06:20:50'),(613,67,NULL,11700,'0000-00-00 00:00:00','',NULL,NULL,NULL,'','n',0,'y',NULL,NULL,NULL,NULL,NULL,'n','n',NULL,NULL,NULL,NULL,NULL,NULL,'2020-12-07 18:00:55'),(614,68,'Y',11700,'2020-12-08 15:23:02','','y',NULL,'2020-12-08','','n',0,'y',NULL,4,NULL,'55-70-6032217','008381','n','n',NULL,NULL,NULL,NULL,NULL,NULL,'2020-12-08 15:10:36'),(615,0,NULL,11700,'0000-00-00 00:00:00','',NULL,NULL,NULL,'','n',0,'y',NULL,NULL,NULL,NULL,NULL,'n','n',NULL,NULL,NULL,NULL,NULL,NULL,'2020-12-09 07:55:57'),(616,0,NULL,11700,'0000-00-00 00:00:00','',NULL,NULL,NULL,'','n',0,'y',NULL,NULL,NULL,NULL,NULL,'n','n',NULL,NULL,NULL,NULL,NULL,NULL,'2020-12-09 10:28:21'),(617,0,NULL,11700,'0000-00-00 00:00:00','',NULL,NULL,NULL,'','n',0,'y',NULL,NULL,NULL,NULL,NULL,'n','n',NULL,NULL,NULL,NULL,NULL,NULL,'2020-12-11 00:33:42'),(618,0,NULL,11700,'0000-00-00 00:00:00','',NULL,NULL,NULL,'','n',0,'y',NULL,NULL,NULL,NULL,NULL,'n','n',NULL,NULL,NULL,NULL,NULL,NULL,'2020-12-14 09:47:10'),(619,0,NULL,11700,'0000-00-00 00:00:00','',NULL,NULL,NULL,'','n',0,'y',NULL,NULL,NULL,NULL,NULL,'n','n',NULL,NULL,NULL,NULL,NULL,NULL,'2020-12-15 05:42:07'),(620,69,'Y',11700,'2020-12-15 07:38:59','','y',NULL,'2020-12-15','','n',0,'y',NULL,4,NULL,'58-70-6336332','016931','n','n',NULL,NULL,NULL,NULL,NULL,NULL,'2020-12-15 07:36:06'),(621,0,NULL,11700,'0000-00-00 00:00:00','',NULL,NULL,NULL,'','n',0,'y',NULL,NULL,NULL,NULL,NULL,'n','n',NULL,NULL,NULL,NULL,NULL,NULL,'2020-12-16 01:02:31'),(622,0,NULL,11700,'0000-00-00 00:00:00','',NULL,NULL,NULL,'','n',0,'y',NULL,NULL,NULL,NULL,NULL,'n','n',NULL,NULL,NULL,NULL,NULL,NULL,'2020-12-18 22:25:52'),(623,0,NULL,11700,'0000-00-00 00:00:00','',NULL,NULL,NULL,'','n',0,'y',NULL,NULL,NULL,NULL,NULL,'n','n',NULL,NULL,NULL,NULL,NULL,NULL,'2020-12-19 09:30:14'),(624,0,NULL,11700,'0000-00-00 00:00:00','',NULL,NULL,NULL,'','n',0,'y',NULL,NULL,NULL,NULL,NULL,'n','n',NULL,NULL,NULL,NULL,NULL,NULL,'2020-12-22 12:04:11'),(625,0,NULL,11700,'0000-00-00 00:00:00','',NULL,NULL,NULL,'','n',0,'y',NULL,NULL,NULL,NULL,NULL,'n','n',NULL,NULL,NULL,NULL,NULL,NULL,'2020-12-25 05:32:20'),(626,0,NULL,11700,'0000-00-00 00:00:00','',NULL,NULL,NULL,'','n',0,'y',NULL,NULL,NULL,NULL,NULL,'n','n',NULL,NULL,NULL,NULL,NULL,NULL,'2020-12-25 09:40:33'),(627,0,NULL,11700,'0000-00-00 00:00:00','',NULL,NULL,NULL,'','n',0,'y',NULL,NULL,NULL,NULL,NULL,'n','n',NULL,NULL,NULL,NULL,NULL,NULL,'2020-12-26 04:57:30'),(628,0,NULL,11700,'0000-00-00 00:00:00','',NULL,NULL,NULL,'','n',0,'y',NULL,NULL,NULL,NULL,NULL,'n','n',NULL,NULL,NULL,NULL,NULL,NULL,'2020-12-27 07:16:53'),(629,0,NULL,11700,'0000-00-00 00:00:00','',NULL,NULL,NULL,'','n',0,'y',NULL,NULL,NULL,NULL,NULL,'n','n',NULL,NULL,NULL,NULL,NULL,NULL,'2021-01-01 03:42:08'),(630,0,NULL,11700,'0000-00-00 00:00:00','',NULL,NULL,NULL,'','n',0,'y',NULL,NULL,NULL,NULL,NULL,'n','n',NULL,NULL,NULL,NULL,NULL,NULL,'2021-01-03 03:51:06'),(631,0,NULL,11700,'0000-00-00 00:00:00','',NULL,NULL,NULL,'','n',0,'y',NULL,NULL,NULL,NULL,NULL,'n','n',NULL,NULL,NULL,NULL,NULL,NULL,'2021-01-06 11:10:03'),(632,0,NULL,11700,'0000-00-00 00:00:00','',NULL,NULL,NULL,'','n',0,'y',NULL,NULL,NULL,NULL,NULL,'n','n',NULL,NULL,NULL,NULL,NULL,NULL,'2021-01-07 16:46:46'),(633,0,NULL,11700,'0000-00-00 00:00:00','',NULL,NULL,NULL,'','n',0,'y',NULL,NULL,NULL,NULL,NULL,'n','n',NULL,NULL,NULL,NULL,NULL,NULL,'2021-01-07 17:11:33'),(634,0,NULL,11700,'0000-00-00 00:00:00','',NULL,NULL,NULL,'','n',0,'y',NULL,NULL,NULL,NULL,NULL,'n','n',NULL,NULL,NULL,NULL,NULL,NULL,'2021-01-08 12:43:45'),(635,0,NULL,11700,'0000-00-00 00:00:00','',NULL,NULL,NULL,'','n',0,'y',NULL,NULL,NULL,NULL,NULL,'n','n',NULL,NULL,NULL,NULL,NULL,NULL,'2021-01-08 15:19:39'),(636,70,'Y',11700,'2021-01-09 09:43:41','','y',NULL,'2021-01-09','','n',0,'y',NULL,4,NULL,'57-70-7294627','006719','n','n',NULL,NULL,NULL,NULL,NULL,NULL,'2021-01-09 09:40:21'),(637,0,NULL,11700,'0000-00-00 00:00:00','',NULL,NULL,NULL,'','n',0,'y',NULL,NULL,NULL,NULL,NULL,'n','n',NULL,NULL,NULL,NULL,NULL,NULL,'2021-01-09 10:04:03'),(638,71,'Y',11700,'2021-01-09 10:09:12','','y',NULL,'2021-01-09','','n',0,'y',NULL,4,NULL,'60-70-7339506','125949','n','n',NULL,NULL,NULL,NULL,NULL,NULL,'2021-01-09 10:04:36'),(639,0,NULL,11700,'0000-00-00 00:00:00','',NULL,NULL,NULL,'','n',0,'y',NULL,NULL,NULL,NULL,NULL,'n','n',NULL,NULL,NULL,NULL,NULL,NULL,'2021-01-09 10:34:07'),(640,72,'Y',11700,'2021-01-09 14:46:39','','y',NULL,'2021-01-09','','n',0,'y',NULL,4,NULL,'60-70-7348539','020653','n','n',NULL,NULL,NULL,NULL,NULL,NULL,'2021-01-09 14:43:09'),(641,0,NULL,11700,'0000-00-00 00:00:00','',NULL,NULL,NULL,'','n',0,'y',NULL,NULL,NULL,NULL,NULL,'n','n',NULL,NULL,NULL,NULL,NULL,NULL,'2021-01-12 10:49:39'),(642,0,NULL,11700,'0000-00-00 00:00:00','',NULL,NULL,NULL,'','n',0,'y',NULL,NULL,NULL,NULL,NULL,'n','n',NULL,NULL,NULL,NULL,NULL,NULL,'2021-01-13 05:40:59'),(643,0,NULL,11700,'0000-00-00 00:00:00','',NULL,NULL,NULL,'','n',0,'y',NULL,NULL,NULL,NULL,NULL,'n','n',NULL,NULL,NULL,NULL,NULL,NULL,'2021-01-13 09:59:13'),(644,73,'Y',11700,'2021-01-13 15:12:41','','y',NULL,'2021-01-13','','n',0,'y',NULL,4,NULL,'58-70-7536889','013109','n','n',NULL,NULL,NULL,NULL,NULL,NULL,'2021-01-13 15:09:48'),(645,0,NULL,11700,'0000-00-00 00:00:00','',NULL,NULL,NULL,'','n',0,'y',NULL,NULL,NULL,NULL,NULL,'n','n',NULL,NULL,NULL,NULL,NULL,NULL,'2021-01-15 02:54:01'),(646,0,NULL,11700,'0000-00-00 00:00:00','',NULL,NULL,NULL,'','n',0,'y',NULL,NULL,NULL,NULL,NULL,'n','n',NULL,NULL,NULL,NULL,NULL,NULL,'2021-01-18 10:38:57'),(647,0,NULL,11700,'0000-00-00 00:00:00','',NULL,NULL,NULL,'','n',0,'y',NULL,NULL,NULL,NULL,NULL,'n','n',NULL,NULL,NULL,NULL,NULL,NULL,'2021-01-18 11:19:11'),(648,0,NULL,11700,'0000-00-00 00:00:00','',NULL,NULL,NULL,'','n',0,'y',NULL,NULL,NULL,NULL,NULL,'n','n',NULL,NULL,NULL,NULL,NULL,NULL,'2021-01-18 16:41:27'),(649,74,'Y',11700,'2021-01-19 10:22:45','','y',NULL,'2021-01-19','','n',0,'y',NULL,4,NULL,'58-70-7737143','T03325','n','n',NULL,NULL,NULL,NULL,NULL,NULL,'2021-01-19 10:18:08'),(650,75,'Y',11700,'2021-01-19 19:19:20','','y',NULL,'2021-01-19','','n',0,'y',NULL,4,NULL,'57-70-7661261','019301','n','n',NULL,NULL,NULL,NULL,NULL,NULL,'2021-01-19 19:16:00'),(651,0,NULL,11700,'0000-00-00 00:00:00','',NULL,NULL,NULL,'','n',0,'y',NULL,NULL,NULL,NULL,NULL,'n','n',NULL,NULL,NULL,NULL,NULL,NULL,'2021-01-21 00:38:08'),(652,0,NULL,11700,'0000-00-00 00:00:00','',NULL,NULL,NULL,'','n',0,'y',NULL,NULL,NULL,NULL,NULL,'n','n',NULL,NULL,NULL,NULL,NULL,NULL,'2021-01-21 13:42:44'),(653,76,'Y',11700,'2021-01-22 12:24:30','','y',NULL,'2021-01-22','','n',0,'y',NULL,4,NULL,'56-70-7226011','194789','n','n',NULL,NULL,NULL,NULL,NULL,NULL,'2021-01-22 12:20:52'),(654,0,NULL,11700,'0000-00-00 00:00:00','',NULL,NULL,NULL,'','n',0,'y',NULL,NULL,NULL,NULL,NULL,'n','n',NULL,NULL,NULL,NULL,NULL,NULL,'2021-01-22 17:38:56'),(655,0,NULL,11700,'0000-00-00 00:00:00','',NULL,NULL,NULL,'','n',0,'y',NULL,NULL,NULL,NULL,NULL,'n','n',NULL,NULL,NULL,NULL,NULL,NULL,'2021-01-23 12:23:29'),(656,0,NULL,11700,'0000-00-00 00:00:00','',NULL,NULL,NULL,'','n',0,'y',NULL,NULL,NULL,NULL,NULL,'n','n',NULL,NULL,NULL,NULL,NULL,NULL,'2021-01-23 16:49:55'),(657,0,NULL,11700,'0000-00-00 00:00:00','',NULL,NULL,NULL,'','n',0,'y',NULL,NULL,NULL,NULL,NULL,'n','n',NULL,NULL,NULL,NULL,NULL,NULL,'2021-01-23 19:46:38'),(658,0,NULL,11700,'0000-00-00 00:00:00','',NULL,NULL,NULL,'','n',0,'y',NULL,NULL,NULL,NULL,NULL,'n','n',NULL,NULL,NULL,NULL,NULL,NULL,'2021-01-23 23:01:01'),(659,0,NULL,11700,'0000-00-00 00:00:00','',NULL,NULL,NULL,'','n',0,'y',NULL,NULL,NULL,NULL,NULL,'n','n',NULL,NULL,NULL,NULL,NULL,NULL,'2021-01-24 10:37:13'),(660,0,NULL,11700,'0000-00-00 00:00:00','',NULL,NULL,NULL,'','n',0,'y',NULL,NULL,NULL,NULL,NULL,'n','n',NULL,NULL,NULL,NULL,NULL,NULL,'2021-01-24 10:37:25'),(661,0,NULL,11700,'0000-00-00 00:00:00','',NULL,NULL,NULL,'','n',0,'y',NULL,NULL,NULL,NULL,NULL,'n','n',NULL,NULL,NULL,NULL,NULL,NULL,'2021-01-26 13:55:49'),(662,0,NULL,11700,'0000-00-00 00:00:00','',NULL,NULL,NULL,'','n',0,'y',NULL,NULL,NULL,NULL,NULL,'n','n',NULL,NULL,NULL,NULL,NULL,NULL,'2021-01-26 22:48:30'),(663,0,NULL,11700,'0000-00-00 00:00:00','',NULL,NULL,NULL,'','n',0,'y',NULL,NULL,NULL,NULL,NULL,'n','n',NULL,NULL,NULL,NULL,NULL,NULL,'2021-01-27 00:19:04'),(664,0,NULL,11700,'0000-00-00 00:00:00','',NULL,NULL,NULL,'','n',0,'y',NULL,NULL,NULL,NULL,NULL,'n','n',NULL,NULL,NULL,NULL,NULL,NULL,'2021-01-27 04:30:57'),(665,0,NULL,11700,'0000-00-00 00:00:00','',NULL,NULL,NULL,'','n',0,'y',NULL,NULL,NULL,NULL,NULL,'n','n',NULL,NULL,NULL,NULL,NULL,NULL,'2021-01-27 07:41:57'),(666,0,NULL,11700,'0000-00-00 00:00:00','',NULL,NULL,NULL,'','n',0,'y',NULL,NULL,NULL,NULL,NULL,'n','n',NULL,NULL,NULL,NULL,NULL,NULL,'2021-01-28 01:51:55'),(667,0,NULL,11700,'0000-00-00 00:00:00','',NULL,NULL,NULL,'','n',0,'y',NULL,NULL,NULL,NULL,NULL,'n','n',NULL,NULL,NULL,NULL,NULL,NULL,'2021-01-28 04:08:17'),(668,77,'Y',11700,'2021-01-28 14:39:28','','y',NULL,'2021-01-28','','n',0,'y',NULL,4,NULL,'58-70-8079607','T63877','n','n',NULL,NULL,NULL,NULL,NULL,NULL,'2021-01-28 14:35:10'),(669,0,NULL,11700,'0000-00-00 00:00:00','',NULL,NULL,NULL,'','n',0,'y',NULL,NULL,NULL,NULL,NULL,'n','n',NULL,NULL,NULL,NULL,NULL,NULL,'2021-01-28 14:58:44'),(670,0,NULL,11700,'0000-00-00 00:00:00','',NULL,NULL,NULL,'','n',0,'y',NULL,NULL,NULL,NULL,NULL,'n','n',NULL,NULL,NULL,NULL,NULL,NULL,'2021-01-28 17:06:03'),(671,0,NULL,11700,'0000-00-00 00:00:00','',NULL,NULL,NULL,'','n',0,'y',NULL,NULL,NULL,NULL,NULL,'n','n',NULL,NULL,NULL,NULL,NULL,NULL,'2021-01-28 17:30:12'),(672,0,NULL,11700,'0000-00-00 00:00:00','',NULL,NULL,NULL,'','n',0,'y',NULL,NULL,NULL,NULL,NULL,'n','n',NULL,NULL,NULL,NULL,NULL,NULL,'2021-01-30 03:40:01'),(673,0,NULL,11700,'0000-00-00 00:00:00','',NULL,NULL,NULL,'','n',0,'y',NULL,NULL,NULL,NULL,NULL,'n','n',NULL,NULL,NULL,NULL,NULL,NULL,'2021-01-30 13:40:29'),(674,0,NULL,11700,'0000-00-00 00:00:00','',NULL,NULL,NULL,'','n',0,'y',NULL,NULL,NULL,NULL,NULL,'n','n',NULL,NULL,NULL,NULL,NULL,NULL,'2021-01-31 01:09:01'),(675,0,NULL,11700,'0000-00-00 00:00:00','',NULL,NULL,NULL,'','n',0,'y',NULL,NULL,NULL,NULL,NULL,'n','n',NULL,NULL,NULL,NULL,NULL,NULL,'2021-02-01 03:40:32'),(676,0,NULL,11700,'0000-00-00 00:00:00','',NULL,NULL,NULL,'','n',0,'y',NULL,NULL,NULL,NULL,NULL,'n','n',NULL,NULL,NULL,NULL,NULL,NULL,'2021-02-01 04:20:32'),(677,0,NULL,11700,'0000-00-00 00:00:00','',NULL,NULL,NULL,'','n',0,'y',NULL,NULL,NULL,NULL,NULL,'n','n',NULL,NULL,NULL,NULL,NULL,NULL,'2021-02-02 02:44:15'),(678,0,NULL,11700,'0000-00-00 00:00:00','',NULL,NULL,NULL,'','n',0,'y',NULL,NULL,NULL,NULL,NULL,'n','n',NULL,NULL,NULL,NULL,NULL,NULL,'2021-02-02 11:08:58'),(679,0,NULL,11700,'0000-00-00 00:00:00','',NULL,NULL,NULL,'','n',0,'y',NULL,NULL,NULL,NULL,NULL,'n','n',NULL,NULL,NULL,NULL,NULL,NULL,'2021-02-02 14:44:42'),(680,0,NULL,11700,'0000-00-00 00:00:00','',NULL,NULL,NULL,'','n',0,'y',NULL,NULL,NULL,NULL,NULL,'n','n',NULL,NULL,NULL,NULL,NULL,NULL,'2021-02-03 11:30:39'),(681,0,NULL,11700,'0000-00-00 00:00:00','',NULL,NULL,NULL,'','n',0,'y',NULL,NULL,NULL,NULL,NULL,'n','n',NULL,NULL,NULL,NULL,NULL,NULL,'2021-02-03 13:16:26'),(682,0,NULL,11700,'0000-00-00 00:00:00','',NULL,NULL,NULL,'','n',0,'y',NULL,NULL,NULL,NULL,NULL,'n','n',NULL,NULL,NULL,NULL,NULL,NULL,'2021-02-03 16:16:10'),(683,0,NULL,11700,'0000-00-00 00:00:00','',NULL,NULL,NULL,'','n',0,'y',NULL,NULL,NULL,NULL,NULL,'n','n',NULL,NULL,NULL,NULL,NULL,NULL,'2021-02-03 16:51:48'),(684,0,NULL,11700,'0000-00-00 00:00:00','',NULL,NULL,NULL,'','n',0,'y',NULL,NULL,NULL,NULL,NULL,'n','n',NULL,NULL,NULL,NULL,NULL,NULL,'2021-02-03 19:17:52'),(685,0,NULL,11700,'0000-00-00 00:00:00','',NULL,NULL,NULL,'','n',0,'y',NULL,NULL,NULL,NULL,NULL,'n','n',NULL,NULL,NULL,NULL,NULL,NULL,'2021-02-03 20:42:45'),(686,0,NULL,11700,'0000-00-00 00:00:00','',NULL,NULL,NULL,'','n',0,'y',NULL,NULL,NULL,NULL,NULL,'n','n',NULL,NULL,NULL,NULL,NULL,NULL,'2021-02-04 03:40:20'),(687,0,NULL,11700,'0000-00-00 00:00:00','',NULL,NULL,NULL,'','n',0,'y',NULL,NULL,NULL,NULL,NULL,'n','n',NULL,NULL,NULL,NULL,NULL,NULL,'2021-02-04 04:48:17'),(688,0,NULL,11700,'0000-00-00 00:00:00','',NULL,NULL,NULL,'','n',0,'y',NULL,NULL,NULL,NULL,NULL,'n','n',NULL,NULL,NULL,NULL,NULL,NULL,'2021-02-04 08:39:42'),(689,0,NULL,11700,'0000-00-00 00:00:00','',NULL,NULL,NULL,'','n',0,'y',NULL,NULL,NULL,NULL,NULL,'n','n',NULL,NULL,NULL,NULL,NULL,NULL,'2021-02-05 11:43:58'),(690,0,NULL,11700,'0000-00-00 00:00:00','',NULL,NULL,NULL,'','n',0,'y',NULL,NULL,NULL,NULL,NULL,'n','n',NULL,NULL,NULL,NULL,NULL,NULL,'2021-02-05 17:25:43'),(691,0,NULL,11700,'0000-00-00 00:00:00','',NULL,NULL,NULL,'','n',0,'y',NULL,NULL,NULL,NULL,NULL,'n','n',NULL,NULL,NULL,NULL,NULL,NULL,'2021-02-06 07:30:02'),(692,0,NULL,11700,'0000-00-00 00:00:00','',NULL,NULL,NULL,'','n',0,'y',NULL,NULL,NULL,NULL,NULL,'n','n',NULL,NULL,NULL,NULL,NULL,NULL,'2021-02-07 01:37:49'),(693,0,NULL,11700,'0000-00-00 00:00:00','',NULL,NULL,NULL,'','n',0,'y',NULL,NULL,NULL,NULL,NULL,'n','n',NULL,NULL,NULL,NULL,NULL,NULL,'2021-02-07 04:03:08'),(694,0,NULL,11700,'0000-00-00 00:00:00','',NULL,NULL,NULL,'','n',0,'y',NULL,NULL,NULL,NULL,NULL,'n','n',NULL,NULL,NULL,NULL,NULL,NULL,'2021-02-07 05:44:55'),(695,0,NULL,11700,'0000-00-00 00:00:00','',NULL,NULL,NULL,'','n',0,'y',NULL,NULL,NULL,NULL,NULL,'n','n',NULL,NULL,NULL,NULL,NULL,NULL,'2021-02-07 17:04:08'),(696,0,NULL,11700,'0000-00-00 00:00:00','',NULL,NULL,NULL,'','n',0,'y',NULL,NULL,NULL,NULL,NULL,'n','n',NULL,NULL,NULL,NULL,NULL,NULL,'2021-02-07 21:47:49'),(697,0,NULL,11700,'0000-00-00 00:00:00','',NULL,NULL,NULL,'','n',0,'y',NULL,NULL,NULL,NULL,NULL,'n','n',NULL,NULL,NULL,NULL,NULL,NULL,'2021-02-08 16:44:34'),(698,0,NULL,11700,'0000-00-00 00:00:00','',NULL,NULL,NULL,'','n',0,'y',NULL,NULL,NULL,NULL,NULL,'n','n',NULL,NULL,NULL,NULL,NULL,NULL,'2021-02-09 02:56:18'),(699,0,NULL,11700,'0000-00-00 00:00:00','',NULL,NULL,NULL,'','n',0,'y',NULL,NULL,NULL,NULL,NULL,'n','n',NULL,NULL,NULL,NULL,NULL,NULL,'2021-02-09 13:48:15'),(700,0,NULL,11700,'0000-00-00 00:00:00','',NULL,NULL,NULL,'','n',0,'y',NULL,NULL,NULL,NULL,NULL,'n','n',NULL,NULL,NULL,NULL,NULL,NULL,'2021-02-09 16:21:27'),(701,0,NULL,11700,'0000-00-00 00:00:00','',NULL,NULL,NULL,'','n',0,'y',NULL,NULL,NULL,NULL,NULL,'n','n',NULL,NULL,NULL,NULL,NULL,NULL,'2021-02-09 21:21:11'),(702,0,NULL,11700,'0000-00-00 00:00:00','',NULL,NULL,NULL,'','n',0,'y',NULL,NULL,NULL,NULL,NULL,'n','n',NULL,NULL,NULL,NULL,NULL,NULL,'2021-02-10 00:32:47'),(703,0,NULL,11700,'0000-00-00 00:00:00','',NULL,NULL,NULL,'','n',0,'y',NULL,NULL,NULL,NULL,NULL,'n','n',NULL,NULL,NULL,NULL,NULL,NULL,'2021-02-10 01:34:41'),(704,0,NULL,11700,'0000-00-00 00:00:00','',NULL,NULL,NULL,'','n',0,'y',NULL,NULL,NULL,NULL,NULL,'n','n',NULL,NULL,NULL,NULL,NULL,NULL,'2021-02-10 07:55:09'),(705,0,NULL,11700,'0000-00-00 00:00:00','',NULL,NULL,NULL,'','n',0,'y',NULL,NULL,NULL,NULL,NULL,'n','n',NULL,NULL,NULL,NULL,NULL,NULL,'2021-02-10 17:49:02'),(706,0,NULL,11700,'0000-00-00 00:00:00','',NULL,NULL,NULL,'','n',0,'y',NULL,NULL,NULL,NULL,NULL,'n','n',NULL,NULL,NULL,NULL,NULL,NULL,'2021-02-10 18:49:29'),(707,0,NULL,11700,'0000-00-00 00:00:00','',NULL,NULL,NULL,'','n',0,'y',NULL,NULL,NULL,NULL,NULL,'n','n',NULL,NULL,NULL,NULL,NULL,NULL,'2021-02-11 02:36:06'),(708,0,NULL,11700,'0000-00-00 00:00:00','',NULL,NULL,NULL,'','n',0,'y',NULL,NULL,NULL,NULL,NULL,'n','n',NULL,NULL,NULL,NULL,NULL,NULL,'2021-02-11 06:42:37'),(709,0,NULL,11700,'0000-00-00 00:00:00','',NULL,NULL,NULL,'','n',0,'y',NULL,NULL,NULL,NULL,NULL,'n','n',NULL,NULL,NULL,NULL,NULL,NULL,'2021-02-11 07:29:20'),(710,0,NULL,11700,'0000-00-00 00:00:00','',NULL,NULL,NULL,'','n',0,'y',NULL,NULL,NULL,NULL,NULL,'n','n',NULL,NULL,NULL,NULL,NULL,NULL,'2021-02-11 14:05:18'),(711,0,NULL,11700,'0000-00-00 00:00:00','',NULL,NULL,NULL,'','n',0,'y',NULL,NULL,NULL,NULL,NULL,'n','n',NULL,NULL,NULL,NULL,NULL,NULL,'2021-02-11 16:46:40'),(712,0,NULL,11700,'0000-00-00 00:00:00','',NULL,NULL,NULL,'','n',0,'y',NULL,NULL,NULL,NULL,NULL,'n','n',NULL,NULL,NULL,NULL,NULL,NULL,'2021-02-11 17:37:45'),(713,0,NULL,11700,'0000-00-00 00:00:00','',NULL,NULL,NULL,'','n',0,'y',NULL,NULL,NULL,NULL,NULL,'n','n',NULL,NULL,NULL,NULL,NULL,NULL,'2021-02-11 18:04:12'),(714,0,NULL,11700,'0000-00-00 00:00:00','',NULL,NULL,NULL,'','n',0,'y',NULL,NULL,NULL,NULL,NULL,'n','n',NULL,NULL,NULL,NULL,NULL,NULL,'2021-02-11 23:01:57'),(715,0,NULL,11700,'0000-00-00 00:00:00','',NULL,NULL,NULL,'','n',0,'y',NULL,NULL,NULL,NULL,NULL,'n','n',NULL,NULL,NULL,NULL,NULL,NULL,'2021-02-11 23:14:45'),(716,0,NULL,11700,'0000-00-00 00:00:00','',NULL,NULL,NULL,'','n',0,'y',NULL,NULL,NULL,NULL,NULL,'n','n',NULL,NULL,NULL,NULL,NULL,NULL,'2021-02-12 00:29:39'),(717,0,NULL,11700,'0000-00-00 00:00:00','',NULL,NULL,NULL,'','n',0,'y',NULL,NULL,NULL,NULL,NULL,'n','n',NULL,NULL,NULL,NULL,NULL,NULL,'2021-02-12 00:51:02'),(718,0,NULL,11700,'0000-00-00 00:00:00','',NULL,NULL,NULL,'','n',0,'y',NULL,NULL,NULL,NULL,NULL,'n','n',NULL,NULL,NULL,NULL,NULL,NULL,'2021-02-12 02:00:17'),(719,0,NULL,11700,'0000-00-00 00:00:00','',NULL,NULL,NULL,'','n',0,'y',NULL,NULL,NULL,NULL,NULL,'n','n',NULL,NULL,NULL,NULL,NULL,NULL,'2021-02-12 02:18:20'),(720,0,NULL,11700,'0000-00-00 00:00:00','',NULL,NULL,NULL,'','n',0,'y',NULL,NULL,NULL,NULL,NULL,'n','n',NULL,NULL,NULL,NULL,NULL,NULL,'2021-02-12 10:03:19'),(721,0,NULL,11700,'0000-00-00 00:00:00','',NULL,NULL,NULL,'','n',0,'y',NULL,NULL,NULL,NULL,NULL,'n','n',NULL,NULL,NULL,NULL,NULL,NULL,'2021-02-12 12:14:30'),(722,0,NULL,11700,'0000-00-00 00:00:00','',NULL,NULL,NULL,'','n',0,'y',NULL,NULL,NULL,NULL,NULL,'n','n',NULL,NULL,NULL,NULL,NULL,NULL,'2021-02-12 20:18:24'),(723,0,NULL,11700,'0000-00-00 00:00:00','',NULL,NULL,NULL,'','n',0,'y',NULL,NULL,NULL,NULL,NULL,'n','n',NULL,NULL,NULL,NULL,NULL,NULL,'2021-02-12 22:00:38'),(724,0,NULL,11700,'0000-00-00 00:00:00','',NULL,NULL,NULL,'','n',0,'y',NULL,NULL,NULL,NULL,NULL,'n','n',NULL,NULL,NULL,NULL,NULL,NULL,'2021-02-12 23:21:07'),(725,0,NULL,11700,'0000-00-00 00:00:00','',NULL,NULL,NULL,'','n',0,'y',NULL,NULL,NULL,NULL,NULL,'n','n',NULL,NULL,NULL,NULL,NULL,NULL,'2021-02-13 06:32:28'),(726,0,NULL,11700,'0000-00-00 00:00:00','',NULL,NULL,NULL,'','n',0,'y',NULL,NULL,NULL,NULL,NULL,'n','n',NULL,NULL,NULL,NULL,NULL,NULL,'2021-02-13 06:33:39'),(727,0,NULL,11700,'0000-00-00 00:00:00','',NULL,NULL,NULL,'','n',0,'y',NULL,NULL,NULL,NULL,NULL,'n','n',NULL,NULL,NULL,NULL,NULL,NULL,'2021-02-13 08:44:49'),(728,0,NULL,11700,'0000-00-00 00:00:00','',NULL,NULL,NULL,'','n',0,'y',NULL,NULL,NULL,NULL,NULL,'n','n',NULL,NULL,NULL,NULL,NULL,NULL,'2021-02-13 16:17:41'),(729,0,NULL,11700,'0000-00-00 00:00:00','',NULL,NULL,NULL,'','n',0,'y',NULL,NULL,NULL,NULL,NULL,'n','n',NULL,NULL,NULL,NULL,NULL,NULL,'2021-02-13 18:09:11'),(730,0,NULL,11700,'0000-00-00 00:00:00','',NULL,NULL,NULL,'','n',0,'y',NULL,NULL,NULL,NULL,NULL,'n','n',NULL,NULL,NULL,NULL,NULL,NULL,'2021-02-13 19:19:33'),(731,0,NULL,11700,'0000-00-00 00:00:00','',NULL,NULL,NULL,'','n',0,'y',NULL,NULL,NULL,NULL,NULL,'n','n',NULL,NULL,NULL,NULL,NULL,NULL,'2021-02-14 01:21:39'),(732,0,NULL,11700,'0000-00-00 00:00:00','',NULL,NULL,NULL,'','n',0,'y',NULL,NULL,NULL,NULL,NULL,'n','n',NULL,NULL,NULL,NULL,NULL,NULL,'2021-02-14 05:12:21'),(733,0,NULL,11700,'0000-00-00 00:00:00','',NULL,NULL,NULL,'','n',0,'y',NULL,NULL,NULL,NULL,NULL,'n','n',NULL,NULL,NULL,NULL,NULL,NULL,'2021-02-14 10:33:59'),(734,0,NULL,11700,'0000-00-00 00:00:00','',NULL,NULL,NULL,'','n',0,'y',NULL,NULL,NULL,NULL,NULL,'n','n',NULL,NULL,NULL,NULL,NULL,NULL,'2021-02-15 05:50:16'),(735,0,NULL,11700,'0000-00-00 00:00:00','',NULL,NULL,NULL,'','n',0,'y',NULL,NULL,NULL,NULL,NULL,'n','n',NULL,NULL,NULL,NULL,NULL,NULL,'2021-02-15 17:53:56'),(736,0,NULL,11700,'0000-00-00 00:00:00','',NULL,NULL,NULL,'','n',0,'y',NULL,NULL,NULL,NULL,NULL,'n','n',NULL,NULL,NULL,NULL,NULL,NULL,'2021-02-15 20:43:41'),(737,0,NULL,11700,'0000-00-00 00:00:00','',NULL,NULL,NULL,'','n',0,'y',NULL,NULL,NULL,NULL,NULL,'n','n',NULL,NULL,NULL,NULL,NULL,NULL,'2021-02-16 22:36:57'),(738,0,NULL,11700,'0000-00-00 00:00:00','',NULL,NULL,NULL,'','n',0,'y',NULL,NULL,NULL,NULL,NULL,'n','n',NULL,NULL,NULL,NULL,NULL,NULL,'2021-02-17 16:09:11'),(739,0,NULL,11700,'0000-00-00 00:00:00','',NULL,NULL,NULL,'','n',0,'y',NULL,NULL,NULL,NULL,NULL,'n','n',NULL,NULL,NULL,NULL,NULL,NULL,'2021-02-17 18:49:42'),(740,0,NULL,11700,'0000-00-00 00:00:00','',NULL,NULL,NULL,'','n',0,'y',NULL,NULL,NULL,NULL,NULL,'n','n',NULL,NULL,NULL,NULL,NULL,NULL,'2021-02-17 23:32:28'),(741,0,NULL,11700,'0000-00-00 00:00:00','',NULL,NULL,NULL,'','n',0,'y',NULL,NULL,NULL,NULL,NULL,'n','n',NULL,NULL,NULL,NULL,NULL,NULL,'2021-02-18 00:40:46'),(742,0,NULL,11700,'0000-00-00 00:00:00','',NULL,NULL,NULL,'','n',0,'y',NULL,NULL,NULL,NULL,NULL,'n','n',NULL,NULL,NULL,NULL,NULL,NULL,'2021-02-18 10:52:12'),(743,0,NULL,11700,'0000-00-00 00:00:00','',NULL,NULL,NULL,'','n',0,'y',NULL,NULL,NULL,NULL,NULL,'n','n',NULL,NULL,NULL,NULL,NULL,NULL,'2021-02-18 22:22:42'),(744,0,NULL,11700,'0000-00-00 00:00:00','',NULL,NULL,NULL,'','n',0,'y',NULL,NULL,NULL,NULL,NULL,'n','n',NULL,NULL,NULL,NULL,NULL,NULL,'2021-02-19 01:46:13'),(745,0,NULL,11700,'0000-00-00 00:00:00','',NULL,NULL,NULL,'','n',0,'y',NULL,NULL,NULL,NULL,NULL,'n','n',NULL,NULL,NULL,NULL,NULL,NULL,'2021-02-19 23:07:54'),(746,0,NULL,11700,'0000-00-00 00:00:00','',NULL,NULL,NULL,'','n',0,'y',NULL,NULL,NULL,NULL,NULL,'n','n',NULL,NULL,NULL,NULL,NULL,NULL,'2021-02-20 16:22:51'),(747,0,NULL,11700,'0000-00-00 00:00:00','',NULL,NULL,NULL,'','n',0,'y',NULL,NULL,NULL,NULL,NULL,'n','n',NULL,NULL,NULL,NULL,NULL,NULL,'2021-02-22 02:28:22'),(748,0,NULL,11700,'0000-00-00 00:00:00','',NULL,NULL,NULL,'','n',0,'y',NULL,NULL,NULL,NULL,NULL,'n','n',NULL,NULL,NULL,NULL,NULL,NULL,'2021-02-22 14:56:42'),(749,0,NULL,11700,'0000-00-00 00:00:00','',NULL,NULL,NULL,'','n',0,'y',NULL,NULL,NULL,NULL,NULL,'n','n',NULL,NULL,NULL,NULL,NULL,NULL,'2021-02-22 16:45:10'),(750,0,NULL,11700,'0000-00-00 00:00:00','',NULL,NULL,NULL,'','n',0,'y',NULL,NULL,NULL,NULL,NULL,'n','n',NULL,NULL,NULL,NULL,NULL,NULL,'2021-02-22 19:27:53'),(751,0,NULL,11700,'0000-00-00 00:00:00','',NULL,NULL,NULL,'','n',0,'y',NULL,NULL,NULL,NULL,NULL,'n','n',NULL,NULL,NULL,NULL,NULL,NULL,'2021-02-24 02:27:03'),(752,0,NULL,11700,'0000-00-00 00:00:00','',NULL,NULL,NULL,'','n',0,'y',NULL,NULL,NULL,NULL,NULL,'n','n',NULL,NULL,NULL,NULL,NULL,NULL,'2021-02-24 04:49:10'),(753,0,NULL,11700,'0000-00-00 00:00:00','',NULL,NULL,NULL,'','n',0,'y',NULL,NULL,NULL,NULL,NULL,'n','n',NULL,NULL,NULL,NULL,NULL,NULL,'2021-02-25 13:57:18'),(754,0,NULL,11700,'0000-00-00 00:00:00','',NULL,NULL,NULL,'','n',0,'y',NULL,NULL,NULL,NULL,NULL,'n','n',NULL,NULL,NULL,NULL,NULL,NULL,'2021-02-25 17:43:40'),(755,0,NULL,11700,'0000-00-00 00:00:00','',NULL,NULL,NULL,'','n',0,'y',NULL,NULL,NULL,NULL,NULL,'n','n',NULL,NULL,NULL,NULL,NULL,NULL,'2021-02-26 01:32:45'),(756,0,NULL,11700,'0000-00-00 00:00:00','',NULL,NULL,NULL,'','n',0,'y',NULL,NULL,NULL,NULL,NULL,'n','n',NULL,NULL,NULL,NULL,NULL,NULL,'2021-02-26 05:15:27'),(757,0,NULL,11700,'0000-00-00 00:00:00','',NULL,NULL,NULL,'','n',0,'y',NULL,NULL,NULL,NULL,NULL,'n','n',NULL,NULL,NULL,NULL,NULL,NULL,'2021-02-26 05:54:29'),(758,0,NULL,11700,'0000-00-00 00:00:00','',NULL,NULL,NULL,'','n',0,'y',NULL,NULL,NULL,NULL,NULL,'n','n',NULL,NULL,NULL,NULL,NULL,NULL,'2021-02-26 07:44:21'),(759,0,NULL,11700,'0000-00-00 00:00:00','',NULL,NULL,NULL,'','n',0,'y',NULL,NULL,NULL,NULL,NULL,'n','n',NULL,NULL,NULL,NULL,NULL,NULL,'2021-02-26 11:37:31'),(760,0,NULL,11700,'0000-00-00 00:00:00','',NULL,NULL,NULL,'','n',0,'y',NULL,NULL,NULL,NULL,NULL,'n','n',NULL,NULL,NULL,NULL,NULL,NULL,'2021-02-26 11:58:04'),(761,0,NULL,11700,'0000-00-00 00:00:00','',NULL,NULL,NULL,'','n',0,'y',NULL,NULL,NULL,NULL,NULL,'n','n',NULL,NULL,NULL,NULL,NULL,NULL,'2021-02-27 13:41:27'),(762,0,NULL,11700,'0000-00-00 00:00:00','',NULL,NULL,NULL,'','n',0,'y',NULL,NULL,NULL,NULL,NULL,'n','n',NULL,NULL,NULL,NULL,NULL,NULL,'2021-02-28 20:50:33'),(763,0,NULL,11700,'0000-00-00 00:00:00','',NULL,NULL,NULL,'','n',0,'y',NULL,NULL,NULL,NULL,NULL,'n','n',NULL,NULL,NULL,NULL,NULL,NULL,'2021-03-01 03:16:36'),(764,0,NULL,11700,'0000-00-00 00:00:00','',NULL,NULL,NULL,'','n',0,'y',NULL,NULL,NULL,NULL,NULL,'n','n',NULL,NULL,NULL,NULL,NULL,NULL,'2021-03-01 16:12:48'),(765,0,NULL,11700,'0000-00-00 00:00:00','',NULL,NULL,NULL,'','n',0,'y',NULL,NULL,NULL,NULL,NULL,'n','n',NULL,NULL,NULL,NULL,NULL,NULL,'2021-03-01 19:38:01'),(766,0,NULL,11700,'0000-00-00 00:00:00','',NULL,NULL,NULL,'','n',0,'y',NULL,NULL,NULL,NULL,NULL,'n','n',NULL,NULL,NULL,NULL,NULL,NULL,'2021-03-02 07:39:39'),(767,0,NULL,11700,'0000-00-00 00:00:00','',NULL,NULL,NULL,'','n',0,'y',NULL,NULL,NULL,NULL,NULL,'n','n',NULL,NULL,NULL,NULL,NULL,NULL,'2021-03-03 03:40:46'),(768,0,NULL,11700,'0000-00-00 00:00:00','',NULL,NULL,NULL,'','n',0,'y',NULL,NULL,NULL,NULL,NULL,'n','n',NULL,NULL,NULL,NULL,NULL,NULL,'2021-03-03 13:42:18'),(769,0,NULL,11700,'0000-00-00 00:00:00','',NULL,NULL,NULL,'','n',0,'y',NULL,NULL,NULL,NULL,NULL,'n','n',NULL,NULL,NULL,NULL,NULL,NULL,'2021-03-03 21:12:07'),(770,0,NULL,11700,'0000-00-00 00:00:00','',NULL,NULL,NULL,'','n',0,'y',NULL,NULL,NULL,NULL,NULL,'n','n',NULL,NULL,NULL,NULL,NULL,NULL,'2021-03-05 05:20:28'),(771,0,NULL,11700,'0000-00-00 00:00:00','',NULL,NULL,NULL,'','n',0,'y',NULL,NULL,NULL,NULL,NULL,'n','n',NULL,NULL,NULL,NULL,NULL,NULL,'2021-03-05 11:03:12'),(772,0,NULL,11700,'0000-00-00 00:00:00','',NULL,NULL,NULL,'','n',0,'y',NULL,NULL,NULL,NULL,NULL,'n','n',NULL,NULL,NULL,NULL,NULL,NULL,'2021-03-05 12:04:48'),(773,0,NULL,11700,'0000-00-00 00:00:00','',NULL,NULL,NULL,'','n',0,'y',NULL,NULL,NULL,NULL,NULL,'n','n',NULL,NULL,NULL,NULL,NULL,NULL,'2021-03-05 14:03:17'),(774,0,NULL,11700,'0000-00-00 00:00:00','',NULL,NULL,NULL,'','n',0,'y',NULL,NULL,NULL,NULL,NULL,'n','n',NULL,NULL,NULL,NULL,NULL,NULL,'2021-03-05 16:17:30'),(775,0,NULL,11700,'0000-00-00 00:00:00','',NULL,NULL,NULL,'','n',0,'y',NULL,NULL,NULL,NULL,NULL,'n','n',NULL,NULL,NULL,NULL,NULL,NULL,'2021-03-05 19:28:47'),(776,0,NULL,11700,'0000-00-00 00:00:00','',NULL,NULL,NULL,'','n',0,'y',NULL,NULL,NULL,NULL,NULL,'n','n',NULL,NULL,NULL,NULL,NULL,NULL,'2021-03-06 02:21:06'),(777,0,NULL,11700,'0000-00-00 00:00:00','',NULL,NULL,NULL,'','n',0,'y',NULL,NULL,NULL,NULL,NULL,'n','n',NULL,NULL,NULL,NULL,NULL,NULL,'2021-03-07 00:04:32'),(778,0,NULL,11700,'0000-00-00 00:00:00','',NULL,NULL,NULL,'','n',0,'y',NULL,NULL,NULL,NULL,NULL,'n','n',NULL,NULL,NULL,NULL,NULL,NULL,'2021-03-07 08:15:55'),(779,0,NULL,11700,'0000-00-00 00:00:00','',NULL,NULL,NULL,'','n',0,'y',NULL,NULL,NULL,NULL,NULL,'n','n',NULL,NULL,NULL,NULL,NULL,NULL,'2021-03-07 20:55:54'),(780,0,NULL,11700,'0000-00-00 00:00:00','',NULL,NULL,NULL,'','n',0,'y',NULL,NULL,NULL,NULL,NULL,'n','n',NULL,NULL,NULL,NULL,NULL,NULL,'2021-03-08 01:23:13'),(781,0,NULL,11700,'0000-00-00 00:00:00','',NULL,NULL,NULL,'','n',0,'y',NULL,NULL,NULL,NULL,NULL,'n','n',NULL,NULL,NULL,NULL,NULL,NULL,'2021-03-09 04:53:10'),(782,0,NULL,11700,'0000-00-00 00:00:00','',NULL,NULL,NULL,'','n',0,'y',NULL,NULL,NULL,NULL,NULL,'n','n',NULL,NULL,NULL,NULL,NULL,NULL,'2021-03-10 02:02:53'),(783,0,NULL,11700,'0000-00-00 00:00:00','',NULL,NULL,NULL,'','n',0,'y',NULL,NULL,NULL,NULL,NULL,'n','n',NULL,NULL,NULL,NULL,NULL,NULL,'2021-03-10 06:07:41'),(784,0,NULL,11700,'0000-00-00 00:00:00','',NULL,NULL,NULL,'','n',0,'y',NULL,NULL,NULL,NULL,NULL,'n','n',NULL,NULL,NULL,NULL,NULL,NULL,'2021-03-10 07:55:59'),(785,0,NULL,11700,'0000-00-00 00:00:00','',NULL,NULL,NULL,'','n',0,'y',NULL,NULL,NULL,NULL,NULL,'n','n',NULL,NULL,NULL,NULL,NULL,NULL,'2021-03-10 20:19:00'),(786,0,NULL,11700,'0000-00-00 00:00:00','',NULL,NULL,NULL,'','n',0,'y',NULL,NULL,NULL,NULL,NULL,'n','n',NULL,NULL,NULL,NULL,NULL,NULL,'2021-03-10 21:33:04'),(787,0,NULL,11700,'0000-00-00 00:00:00','',NULL,NULL,NULL,'','n',0,'y',NULL,NULL,NULL,NULL,NULL,'n','n',NULL,NULL,NULL,NULL,NULL,NULL,'2021-03-11 05:29:29'),(788,0,NULL,11700,'0000-00-00 00:00:00','',NULL,NULL,NULL,'','n',0,'y',NULL,NULL,NULL,NULL,NULL,'n','n',NULL,NULL,NULL,NULL,NULL,NULL,'2021-03-11 15:50:44'),(789,0,NULL,11700,'0000-00-00 00:00:00','',NULL,NULL,NULL,'','n',0,'y',NULL,NULL,NULL,NULL,NULL,'n','n',NULL,NULL,NULL,NULL,NULL,NULL,'2021-03-12 20:30:13'),(790,0,NULL,11700,'0000-00-00 00:00:00','',NULL,NULL,NULL,'','n',0,'y',NULL,NULL,NULL,NULL,NULL,'n','n',NULL,NULL,NULL,NULL,NULL,NULL,'2021-03-12 21:16:42'),(791,0,NULL,11700,'0000-00-00 00:00:00','',NULL,NULL,NULL,'','n',0,'y',NULL,NULL,NULL,NULL,NULL,'n','n',NULL,NULL,NULL,NULL,NULL,NULL,'2021-03-12 21:26:38'),(792,0,NULL,11700,'0000-00-00 00:00:00','',NULL,NULL,NULL,'','n',0,'y',NULL,NULL,NULL,NULL,NULL,'n','n',NULL,NULL,NULL,NULL,NULL,NULL,'2021-03-14 12:09:45'),(793,0,NULL,11700,'0000-00-00 00:00:00','',NULL,NULL,NULL,'','n',0,'y',NULL,NULL,NULL,NULL,NULL,'n','n',NULL,NULL,NULL,NULL,NULL,NULL,'2021-03-14 15:00:51'),(794,0,NULL,11700,'0000-00-00 00:00:00','',NULL,NULL,NULL,'','n',0,'y',NULL,NULL,NULL,NULL,NULL,'n','n',NULL,NULL,NULL,NULL,NULL,NULL,'2021-03-15 04:41:34'),(795,0,NULL,11700,'0000-00-00 00:00:00','',NULL,NULL,NULL,'','n',0,'y',NULL,NULL,NULL,NULL,NULL,'n','n',NULL,NULL,NULL,NULL,NULL,NULL,'2021-03-15 16:18:33'),(796,0,NULL,11700,'0000-00-00 00:00:00','',NULL,NULL,NULL,'','n',0,'y',NULL,NULL,NULL,NULL,NULL,'n','n',NULL,NULL,NULL,NULL,NULL,NULL,'2021-03-15 20:51:22'),(797,0,NULL,11700,'0000-00-00 00:00:00','',NULL,NULL,NULL,'','n',0,'y',NULL,NULL,NULL,NULL,NULL,'n','n',NULL,NULL,NULL,NULL,NULL,NULL,'2021-03-16 09:58:17'),(798,0,NULL,11700,'0000-00-00 00:00:00','',NULL,NULL,NULL,'','n',0,'y',NULL,NULL,NULL,NULL,NULL,'n','n',NULL,NULL,NULL,NULL,NULL,NULL,'2021-03-16 11:16:41'),(799,0,NULL,11700,'0000-00-00 00:00:00','',NULL,NULL,NULL,'','n',0,'y',NULL,NULL,NULL,NULL,NULL,'n','n',NULL,NULL,NULL,NULL,NULL,NULL,'2021-03-16 16:35:11'),(800,0,NULL,11700,'0000-00-00 00:00:00','',NULL,NULL,NULL,'','n',0,'y',NULL,NULL,NULL,NULL,NULL,'n','n',NULL,NULL,NULL,NULL,NULL,NULL,'2021-03-18 01:46:45'),(801,0,NULL,11700,'0000-00-00 00:00:00','',NULL,NULL,NULL,'','n',0,'y',NULL,NULL,NULL,NULL,NULL,'n','n',NULL,NULL,NULL,NULL,NULL,NULL,'2021-03-18 03:30:35'),(802,78,'Y',11700,'2021-03-18 06:52:29','','y',NULL,'2021-03-18','','n',0,'y',NULL,4,NULL,'55-70-9589574','018766','n','n',NULL,NULL,NULL,NULL,NULL,NULL,'2021-03-18 06:45:26'),(803,0,NULL,11700,'0000-00-00 00:00:00','',NULL,NULL,NULL,'','n',0,'y',NULL,NULL,NULL,NULL,NULL,'n','n',NULL,NULL,NULL,NULL,NULL,NULL,'2021-03-18 08:39:22'),(804,0,NULL,11700,'0000-00-00 00:00:00','',NULL,NULL,NULL,'','n',0,'y',NULL,NULL,NULL,NULL,NULL,'n','n',NULL,NULL,NULL,NULL,NULL,NULL,'2021-03-18 11:51:36'),(805,0,NULL,11700,'0000-00-00 00:00:00','',NULL,NULL,NULL,'','n',0,'y',NULL,NULL,NULL,NULL,NULL,'n','n',NULL,NULL,NULL,NULL,NULL,NULL,'2021-03-18 13:19:09'),(806,0,NULL,11700,'0000-00-00 00:00:00','',NULL,NULL,NULL,'','n',0,'y',NULL,NULL,NULL,NULL,NULL,'n','n',NULL,NULL,NULL,NULL,NULL,NULL,'2021-03-18 13:48:31'),(807,0,NULL,11700,'0000-00-00 00:00:00','',NULL,NULL,NULL,'','n',0,'y',NULL,NULL,NULL,NULL,NULL,'n','n',NULL,NULL,NULL,NULL,NULL,NULL,'2021-03-18 16:16:50'),(808,0,NULL,11700,'0000-00-00 00:00:00','',NULL,NULL,NULL,'','n',0,'y',NULL,NULL,NULL,NULL,NULL,'n','n',NULL,NULL,NULL,NULL,NULL,NULL,'2021-03-18 19:40:27'),(809,0,NULL,11700,'0000-00-00 00:00:00','',NULL,NULL,NULL,'','n',0,'y',NULL,NULL,NULL,NULL,NULL,'n','n',NULL,NULL,NULL,NULL,NULL,NULL,'2021-03-18 23:55:43'),(810,0,NULL,11700,'0000-00-00 00:00:00','',NULL,NULL,NULL,'','n',0,'y',NULL,NULL,NULL,NULL,NULL,'n','n',NULL,NULL,NULL,NULL,NULL,NULL,'2021-03-19 01:13:57'),(811,0,NULL,11700,'0000-00-00 00:00:00','',NULL,NULL,NULL,'','n',0,'y',NULL,NULL,NULL,NULL,NULL,'n','n',NULL,NULL,NULL,NULL,NULL,NULL,'2021-03-19 21:42:42'),(812,0,NULL,11700,'0000-00-00 00:00:00','',NULL,NULL,NULL,'','n',0,'y',NULL,NULL,NULL,NULL,NULL,'n','n',NULL,NULL,NULL,NULL,NULL,NULL,'2021-03-20 03:00:44'),(813,0,NULL,11700,'0000-00-00 00:00:00','',NULL,NULL,NULL,'','n',0,'y',NULL,NULL,NULL,NULL,NULL,'n','n',NULL,NULL,NULL,NULL,NULL,NULL,'2021-03-20 18:41:34'),(814,0,NULL,11700,'0000-00-00 00:00:00','',NULL,NULL,NULL,'','n',0,'y',NULL,NULL,NULL,NULL,NULL,'n','n',NULL,NULL,NULL,NULL,NULL,NULL,'2021-03-20 22:36:29'),(815,0,NULL,11700,'0000-00-00 00:00:00','',NULL,NULL,NULL,'','n',0,'y',NULL,NULL,NULL,NULL,NULL,'n','n',NULL,NULL,NULL,NULL,NULL,NULL,'2021-03-21 21:01:01'),(816,0,NULL,11700,'0000-00-00 00:00:00','',NULL,NULL,NULL,'','n',0,'y',NULL,NULL,NULL,NULL,NULL,'n','n',NULL,NULL,NULL,NULL,NULL,NULL,'2021-03-22 09:23:07'),(817,0,NULL,11700,'0000-00-00 00:00:00','',NULL,NULL,NULL,'','n',0,'y',NULL,NULL,NULL,NULL,NULL,'n','n',NULL,NULL,NULL,NULL,NULL,NULL,'2021-03-22 14:58:05'),(818,0,NULL,11700,'0000-00-00 00:00:00','',NULL,NULL,NULL,'','n',0,'y',NULL,NULL,NULL,NULL,NULL,'n','n',NULL,NULL,NULL,NULL,NULL,NULL,'2021-03-22 17:54:10'),(819,0,NULL,11700,'0000-00-00 00:00:00','',NULL,NULL,NULL,'','n',0,'y',NULL,NULL,NULL,NULL,NULL,'n','n',NULL,NULL,NULL,NULL,NULL,NULL,'2021-03-22 20:15:12'),(820,0,NULL,11700,'0000-00-00 00:00:00','',NULL,NULL,NULL,'','n',0,'y',NULL,NULL,NULL,NULL,NULL,'n','n',NULL,NULL,NULL,NULL,NULL,NULL,'2021-03-23 04:02:17'),(821,0,NULL,11700,'0000-00-00 00:00:00','',NULL,NULL,NULL,'','n',0,'y',NULL,NULL,NULL,NULL,NULL,'n','n',NULL,NULL,NULL,NULL,NULL,NULL,'2021-03-24 04:27:20'),(822,0,NULL,11700,'0000-00-00 00:00:00','',NULL,NULL,NULL,'','n',0,'y',NULL,NULL,NULL,NULL,NULL,'n','n',NULL,NULL,NULL,NULL,NULL,NULL,'2021-03-24 06:49:14'),(823,0,NULL,11700,'0000-00-00 00:00:00','',NULL,NULL,NULL,'','n',0,'y',NULL,NULL,NULL,NULL,NULL,'n','n',NULL,NULL,NULL,NULL,NULL,NULL,'2021-03-24 10:01:40'),(824,0,NULL,11700,'0000-00-00 00:00:00','',NULL,NULL,NULL,'','n',0,'y',NULL,NULL,NULL,NULL,NULL,'n','n',NULL,NULL,NULL,NULL,NULL,NULL,'2021-03-24 19:46:35'),(825,0,NULL,11700,'0000-00-00 00:00:00','',NULL,NULL,NULL,'','n',0,'y',NULL,NULL,NULL,NULL,NULL,'n','n',NULL,NULL,NULL,NULL,NULL,NULL,'2021-03-25 20:09:32'),(826,0,NULL,11700,'0000-00-00 00:00:00','',NULL,NULL,NULL,'','n',0,'y',NULL,NULL,NULL,NULL,NULL,'n','n',NULL,NULL,NULL,NULL,NULL,NULL,'2021-03-26 05:22:28'),(827,0,NULL,11700,'0000-00-00 00:00:00','',NULL,NULL,NULL,'','n',0,'y',NULL,NULL,NULL,NULL,NULL,'n','n',NULL,NULL,NULL,NULL,NULL,NULL,'2021-03-26 21:23:11'),(828,0,NULL,11700,'0000-00-00 00:00:00','',NULL,NULL,NULL,'','n',0,'y',NULL,NULL,NULL,NULL,NULL,'n','n',NULL,NULL,NULL,NULL,NULL,NULL,'2021-03-26 23:46:37'),(829,0,NULL,11700,'0000-00-00 00:00:00','',NULL,NULL,NULL,'','n',0,'y',NULL,NULL,NULL,NULL,NULL,'n','n',NULL,NULL,NULL,NULL,NULL,NULL,'2021-03-27 00:12:21'),(830,79,'Y',11700,'2021-03-27 18:20:14','','y',NULL,'2021-03-27','','n',0,'y',NULL,4,NULL,'60-70-10981700','793711','n','n',NULL,NULL,NULL,NULL,NULL,NULL,'2021-03-27 18:15:48'),(831,0,NULL,11700,'0000-00-00 00:00:00','',NULL,NULL,NULL,'','n',0,'y',NULL,NULL,NULL,NULL,NULL,'n','n',NULL,NULL,NULL,NULL,NULL,NULL,'2021-03-28 06:02:20'),(832,0,NULL,11700,'0000-00-00 00:00:00','',NULL,NULL,NULL,'','n',0,'y',NULL,NULL,NULL,NULL,NULL,'n','n',NULL,NULL,NULL,NULL,NULL,NULL,'2021-03-28 08:08:45'),(833,0,NULL,11700,'0000-00-00 00:00:00','',NULL,NULL,NULL,'','n',0,'y',NULL,NULL,NULL,NULL,NULL,'n','n',NULL,NULL,NULL,NULL,NULL,NULL,'2021-03-28 09:34:01'),(834,0,NULL,11700,'0000-00-00 00:00:00','',NULL,NULL,NULL,'','n',0,'y',NULL,NULL,NULL,NULL,NULL,'n','n',NULL,NULL,NULL,NULL,NULL,NULL,'2021-03-29 00:39:15'),(835,0,NULL,11700,'0000-00-00 00:00:00','',NULL,NULL,NULL,'','n',0,'y',NULL,NULL,NULL,NULL,NULL,'n','n',NULL,NULL,NULL,NULL,NULL,NULL,'2021-03-29 04:08:03'),(836,80,'Y',11700,'2021-03-29 06:13:20','','y',NULL,'2021-03-29','','n',0,'y',NULL,4,NULL,'57-70-10982143','T76445','n','n',NULL,NULL,NULL,NULL,NULL,NULL,'2021-03-29 05:56:32'),(837,0,NULL,11700,'0000-00-00 00:00:00','',NULL,NULL,NULL,'','n',0,'y',NULL,NULL,NULL,NULL,NULL,'n','n',NULL,NULL,NULL,NULL,NULL,NULL,'2021-03-29 21:51:06'),(838,0,NULL,11700,'0000-00-00 00:00:00','',NULL,NULL,NULL,'','n',0,'y',NULL,NULL,NULL,NULL,NULL,'n','n',NULL,NULL,NULL,NULL,NULL,NULL,'2021-03-30 02:11:14'),(839,0,NULL,11700,'0000-00-00 00:00:00','',NULL,NULL,NULL,'','n',0,'y',NULL,NULL,NULL,NULL,NULL,'n','n',NULL,NULL,NULL,NULL,NULL,NULL,'2021-03-30 04:15:03'),(840,0,NULL,11700,'0000-00-00 00:00:00','',NULL,NULL,NULL,'','n',0,'y',NULL,NULL,NULL,NULL,NULL,'n','n',NULL,NULL,NULL,NULL,NULL,NULL,'2021-03-30 05:31:53'),(841,0,NULL,11700,'0000-00-00 00:00:00','',NULL,NULL,NULL,'','n',0,'y',NULL,NULL,NULL,NULL,NULL,'n','n',NULL,NULL,NULL,NULL,NULL,NULL,'2021-03-30 09:40:15'),(842,81,'Y',11700,'2021-03-30 17:19:04','','y',NULL,'2021-03-30','','n',0,'y',NULL,4,NULL,'57-70-11061264','083854','n','n',NULL,NULL,NULL,NULL,NULL,NULL,'2021-03-30 17:13:02'),(843,0,NULL,11700,'0000-00-00 00:00:00','',NULL,NULL,NULL,'','n',0,'y',NULL,NULL,NULL,NULL,NULL,'n','n',NULL,NULL,NULL,NULL,NULL,NULL,'2021-03-31 04:15:51'),(844,0,NULL,11700,'0000-00-00 00:00:00','',NULL,NULL,NULL,'','n',0,'y',NULL,NULL,NULL,NULL,NULL,'n','n',NULL,NULL,NULL,NULL,NULL,NULL,'2021-03-31 09:18:31'),(845,0,NULL,11700,'0000-00-00 00:00:00','',NULL,NULL,NULL,'','n',0,'y',NULL,NULL,NULL,NULL,NULL,'n','n',NULL,NULL,NULL,NULL,NULL,NULL,'2021-04-01 02:44:29'),(846,0,NULL,11700,'0000-00-00 00:00:00','',NULL,NULL,NULL,'','n',0,'y',NULL,NULL,NULL,NULL,NULL,'n','n',NULL,NULL,NULL,NULL,NULL,NULL,'2021-04-01 12:23:57'),(847,0,NULL,11700,'0000-00-00 00:00:00','',NULL,NULL,NULL,'','n',0,'y',NULL,NULL,NULL,NULL,NULL,'n','n',NULL,NULL,NULL,NULL,NULL,NULL,'2021-04-01 18:45:18'),(848,0,NULL,11700,'0000-00-00 00:00:00','',NULL,NULL,NULL,'','n',0,'y',NULL,NULL,NULL,NULL,NULL,'n','n',NULL,NULL,NULL,NULL,NULL,NULL,'2021-04-04 04:06:44'),(849,0,NULL,11700,'0000-00-00 00:00:00','',NULL,NULL,NULL,'','n',0,'y',NULL,NULL,NULL,NULL,NULL,'n','n',NULL,NULL,NULL,NULL,NULL,NULL,'2021-04-04 20:32:35'),(850,0,NULL,11700,'0000-00-00 00:00:00','',NULL,NULL,NULL,'','n',0,'y',NULL,NULL,NULL,NULL,NULL,'n','n',NULL,NULL,NULL,NULL,NULL,NULL,'2021-04-04 20:51:25'),(851,0,NULL,11700,'0000-00-00 00:00:00','',NULL,NULL,NULL,'','n',0,'y',NULL,NULL,NULL,NULL,NULL,'n','n',NULL,NULL,NULL,NULL,NULL,NULL,'2021-04-05 10:02:33'),(852,0,NULL,11700,'0000-00-00 00:00:00','',NULL,NULL,NULL,'','n',0,'y',NULL,NULL,NULL,NULL,NULL,'n','n',NULL,NULL,NULL,NULL,NULL,NULL,'2021-04-05 16:38:01'),(853,0,NULL,11700,'0000-00-00 00:00:00','',NULL,NULL,NULL,'','n',0,'y',NULL,NULL,NULL,NULL,NULL,'n','n',NULL,NULL,NULL,NULL,NULL,NULL,'2021-04-06 20:44:31'),(854,0,NULL,11700,'0000-00-00 00:00:00','',NULL,NULL,NULL,'','n',0,'y',NULL,NULL,NULL,NULL,NULL,'n','n',NULL,NULL,NULL,NULL,NULL,NULL,'2021-04-07 12:19:41'),(855,0,NULL,11700,'0000-00-00 00:00:00','',NULL,NULL,NULL,'','n',0,'y',NULL,NULL,NULL,NULL,NULL,'n','n',NULL,NULL,NULL,NULL,NULL,NULL,'2021-04-07 14:35:53'),(856,0,NULL,11700,'0000-00-00 00:00:00','',NULL,NULL,NULL,'','n',0,'y',NULL,NULL,NULL,NULL,NULL,'n','n',NULL,NULL,NULL,NULL,NULL,NULL,'2021-04-08 07:11:31'),(857,82,'Y',11700,'2021-04-08 19:32:34','','y',NULL,'2021-04-08','','n',0,'y',NULL,4,NULL,'56-70-11001174','097025','n','n',NULL,NULL,NULL,NULL,NULL,NULL,'2021-04-08 19:20:46'),(858,0,NULL,11700,'0000-00-00 00:00:00','',NULL,NULL,NULL,'','n',0,'y',NULL,NULL,NULL,NULL,NULL,'n','n',NULL,NULL,NULL,NULL,NULL,NULL,'2021-04-09 02:36:04'),(859,0,NULL,11700,'0000-00-00 00:00:00','',NULL,NULL,NULL,'','n',0,'y',NULL,NULL,NULL,NULL,NULL,'n','n',NULL,NULL,NULL,NULL,NULL,NULL,'2021-04-09 08:04:41'),(860,0,NULL,11700,'0000-00-00 00:00:00','',NULL,NULL,NULL,'','n',0,'y',NULL,NULL,NULL,NULL,NULL,'n','n',NULL,NULL,NULL,NULL,NULL,NULL,'2021-04-09 11:14:36'),(861,0,NULL,11700,'0000-00-00 00:00:00','',NULL,NULL,NULL,'','n',0,'y',NULL,NULL,NULL,NULL,NULL,'n','n',NULL,NULL,NULL,NULL,NULL,NULL,'2021-04-09 16:47:16'),(862,0,NULL,11700,'0000-00-00 00:00:00','',NULL,NULL,NULL,'','n',0,'y',NULL,NULL,NULL,NULL,NULL,'n','n',NULL,NULL,NULL,NULL,NULL,NULL,'2021-04-10 03:32:35'),(863,0,NULL,11700,'0000-00-00 00:00:00','',NULL,NULL,NULL,'','n',0,'y',NULL,NULL,NULL,NULL,NULL,'n','n',NULL,NULL,NULL,NULL,NULL,NULL,'2021-04-10 09:01:10'),(864,0,NULL,11700,'0000-00-00 00:00:00','',NULL,NULL,NULL,'','n',0,'y',NULL,NULL,NULL,NULL,NULL,'n','n',NULL,NULL,NULL,NULL,NULL,NULL,'2021-04-11 01:45:30'),(865,0,NULL,11700,'0000-00-00 00:00:00','',NULL,NULL,NULL,'','n',0,'y',NULL,NULL,NULL,NULL,NULL,'n','n',NULL,NULL,NULL,NULL,NULL,NULL,'2021-04-11 18:50:37'),(866,0,NULL,11700,'0000-00-00 00:00:00','',NULL,NULL,NULL,'','n',0,'y',NULL,NULL,NULL,NULL,NULL,'n','n',NULL,NULL,NULL,NULL,NULL,NULL,'2021-04-12 03:37:47'),(867,0,NULL,11700,'0000-00-00 00:00:00','',NULL,NULL,NULL,'','n',0,'y',NULL,NULL,NULL,NULL,NULL,'n','n',NULL,NULL,NULL,NULL,NULL,NULL,'2021-04-12 09:27:28'),(868,0,NULL,11700,'0000-00-00 00:00:00','',NULL,NULL,NULL,'','n',0,'y',NULL,NULL,NULL,NULL,NULL,'n','n',NULL,NULL,NULL,NULL,NULL,NULL,'2021-04-12 15:33:39'),(869,0,NULL,11700,'0000-00-00 00:00:00','',NULL,NULL,NULL,'','n',0,'y',NULL,NULL,NULL,NULL,NULL,'n','n',NULL,NULL,NULL,NULL,NULL,NULL,'2021-04-13 13:43:35'),(870,0,NULL,11700,'0000-00-00 00:00:00','',NULL,NULL,NULL,'','n',0,'y',NULL,NULL,NULL,NULL,NULL,'n','n',NULL,NULL,NULL,NULL,NULL,NULL,'2021-04-13 16:16:02'),(871,0,NULL,11700,'0000-00-00 00:00:00','',NULL,NULL,NULL,'','n',0,'y',NULL,NULL,NULL,NULL,NULL,'n','n',NULL,NULL,NULL,NULL,NULL,NULL,'2021-04-14 04:01:07'),(872,0,NULL,11700,'0000-00-00 00:00:00','',NULL,NULL,NULL,'','n',0,'y',NULL,NULL,NULL,NULL,NULL,'n','n',NULL,NULL,NULL,NULL,NULL,NULL,'2021-04-14 07:18:53'),(873,0,NULL,11700,'0000-00-00 00:00:00','',NULL,NULL,NULL,'','n',0,'y',NULL,NULL,NULL,NULL,NULL,'n','n',NULL,NULL,NULL,NULL,NULL,NULL,'2021-04-14 11:16:40'),(874,0,NULL,11700,'0000-00-00 00:00:00','',NULL,NULL,NULL,'','n',0,'y',NULL,NULL,NULL,NULL,NULL,'n','n',NULL,NULL,NULL,NULL,NULL,NULL,'2021-04-14 17:15:58'),(875,0,NULL,11700,'0000-00-00 00:00:00','',NULL,NULL,NULL,'','n',0,'y',NULL,NULL,NULL,NULL,NULL,'n','n',NULL,NULL,NULL,NULL,NULL,NULL,'2021-04-14 23:59:50'),(876,0,NULL,11700,'0000-00-00 00:00:00','',NULL,NULL,NULL,'','n',0,'y',NULL,NULL,NULL,NULL,NULL,'n','n',NULL,NULL,NULL,NULL,NULL,NULL,'2021-04-15 00:02:48'),(877,0,NULL,11700,'0000-00-00 00:00:00','',NULL,NULL,NULL,'','n',0,'y',NULL,NULL,NULL,NULL,NULL,'n','n',NULL,NULL,NULL,NULL,NULL,NULL,'2021-04-15 04:47:24'),(878,0,NULL,11700,'0000-00-00 00:00:00','',NULL,NULL,NULL,'','n',0,'y',NULL,NULL,NULL,NULL,NULL,'n','n',NULL,NULL,NULL,NULL,NULL,NULL,'2021-04-17 08:44:32'),(879,83,'Y',11700,'2021-04-17 11:18:14','','y',NULL,'2021-04-17','','n',0,'y',NULL,4,NULL,'58-70-11041703','207215','n','n',NULL,NULL,NULL,NULL,NULL,NULL,'2021-04-17 11:10:53'),(880,0,NULL,11700,'0000-00-00 00:00:00','',NULL,NULL,NULL,'','n',0,'y',NULL,NULL,NULL,NULL,NULL,'n','n',NULL,NULL,NULL,NULL,NULL,NULL,'2021-04-18 08:13:42'),(881,0,NULL,11700,'0000-00-00 00:00:00','',NULL,NULL,NULL,'','n',0,'y',NULL,NULL,NULL,NULL,NULL,'n','n',NULL,NULL,NULL,NULL,NULL,NULL,'2021-04-18 08:37:17'),(882,0,NULL,11700,'0000-00-00 00:00:00','',NULL,NULL,NULL,'','n',0,'y',NULL,NULL,NULL,NULL,NULL,'n','n',NULL,NULL,NULL,NULL,NULL,NULL,'2021-04-19 01:53:04'),(883,0,NULL,11700,'0000-00-00 00:00:00','',NULL,NULL,NULL,'','n',0,'y',NULL,NULL,NULL,NULL,NULL,'n','n',NULL,NULL,NULL,NULL,NULL,NULL,'2021-04-19 04:59:06'),(884,0,NULL,11700,'0000-00-00 00:00:00','',NULL,NULL,NULL,'','n',0,'y',NULL,NULL,NULL,NULL,NULL,'n','n',NULL,NULL,NULL,NULL,NULL,NULL,'2021-04-19 16:53:50'),(885,0,NULL,11700,'0000-00-00 00:00:00','',NULL,NULL,NULL,'','n',0,'y',NULL,NULL,NULL,NULL,NULL,'n','n',NULL,NULL,NULL,NULL,NULL,NULL,'2021-04-19 18:41:59'),(886,0,NULL,11700,'0000-00-00 00:00:00','',NULL,NULL,NULL,'','n',0,'y',NULL,NULL,NULL,NULL,NULL,'n','n',NULL,NULL,NULL,NULL,NULL,NULL,'2021-04-20 01:34:04'),(887,0,NULL,11700,'0000-00-00 00:00:00','',NULL,NULL,NULL,'','n',0,'y',NULL,NULL,NULL,NULL,NULL,'n','n',NULL,NULL,NULL,NULL,NULL,NULL,'2021-04-20 01:50:13'),(888,0,NULL,11700,'0000-00-00 00:00:00','',NULL,NULL,NULL,'','n',0,'y',NULL,NULL,NULL,NULL,NULL,'n','n',NULL,NULL,NULL,NULL,NULL,NULL,'2021-04-20 04:22:13'),(889,0,NULL,11700,'0000-00-00 00:00:00','',NULL,NULL,NULL,'','n',0,'y',NULL,NULL,NULL,NULL,NULL,'n','n',NULL,NULL,NULL,NULL,NULL,NULL,'2021-04-20 05:16:13'),(890,0,NULL,11700,'0000-00-00 00:00:00','',NULL,NULL,NULL,'','n',0,'y',NULL,NULL,NULL,NULL,NULL,'n','n',NULL,NULL,NULL,NULL,NULL,NULL,'2021-04-20 05:34:25'),(891,0,NULL,11700,'0000-00-00 00:00:00','',NULL,NULL,NULL,'','n',0,'y',NULL,NULL,NULL,NULL,NULL,'n','n',NULL,NULL,NULL,NULL,NULL,NULL,'2021-04-20 05:35:02'),(892,0,NULL,11700,'0000-00-00 00:00:00','',NULL,NULL,NULL,'','n',0,'y',NULL,NULL,NULL,NULL,NULL,'n','n',NULL,NULL,NULL,NULL,NULL,NULL,'2021-04-20 17:46:53'),(893,0,NULL,11700,'0000-00-00 00:00:00','',NULL,NULL,NULL,'','n',0,'y',NULL,NULL,NULL,NULL,NULL,'n','n',NULL,NULL,NULL,NULL,NULL,NULL,'2021-04-20 20:12:44'),(894,0,NULL,11700,'0000-00-00 00:00:00','',NULL,NULL,NULL,'','n',0,'y',NULL,NULL,NULL,NULL,NULL,'n','n',NULL,NULL,NULL,NULL,NULL,NULL,'2021-04-21 01:57:45'),(895,0,NULL,11700,'0000-00-00 00:00:00','',NULL,NULL,NULL,'','n',0,'y',NULL,NULL,NULL,NULL,NULL,'n','n',NULL,NULL,NULL,NULL,NULL,NULL,'2021-04-21 18:31:34'),(896,84,NULL,11700,'0000-00-00 00:00:00','',NULL,NULL,NULL,'','n',0,'y',NULL,NULL,NULL,NULL,NULL,'n','n',NULL,NULL,NULL,NULL,NULL,NULL,'2021-04-23 11:27:46'),(897,0,NULL,11700,'0000-00-00 00:00:00','',NULL,NULL,NULL,'','n',0,'y',NULL,NULL,NULL,NULL,NULL,'n','n',NULL,NULL,NULL,NULL,NULL,NULL,'2021-04-23 11:49:42'),(898,0,NULL,11700,'0000-00-00 00:00:00','',NULL,NULL,NULL,'','n',0,'y',NULL,NULL,NULL,NULL,NULL,'n','n',NULL,NULL,NULL,NULL,NULL,NULL,'2021-04-23 11:51:39'),(899,0,NULL,11700,'0000-00-00 00:00:00','',NULL,NULL,NULL,'','n',0,'y',NULL,NULL,NULL,NULL,NULL,'n','n',NULL,NULL,NULL,NULL,NULL,NULL,'2021-04-23 15:02:08'),(900,85,'Y',11700,'2021-04-25 07:26:20','','y',NULL,'2021-04-25','','n',0,'y',NULL,4,NULL,'60-70-12257880','335050','n','n',NULL,NULL,NULL,NULL,NULL,NULL,'2021-04-25 07:19:33'),(901,0,NULL,11700,'0000-00-00 00:00:00','',NULL,NULL,NULL,'','n',0,'y',NULL,NULL,NULL,NULL,NULL,'n','n',NULL,NULL,NULL,NULL,NULL,NULL,'2021-04-29 23:17:14'),(902,0,NULL,11700,'0000-00-00 00:00:00','',NULL,NULL,NULL,'','n',0,'y',NULL,NULL,NULL,NULL,NULL,'n','n',NULL,NULL,NULL,NULL,NULL,NULL,'2021-04-30 00:58:03'),(903,0,NULL,11700,'0000-00-00 00:00:00','',NULL,NULL,NULL,'','n',0,'y',NULL,NULL,NULL,NULL,NULL,'n','n',NULL,NULL,NULL,NULL,NULL,NULL,'2021-04-30 01:47:53'),(904,0,NULL,11700,'0000-00-00 00:00:00','',NULL,NULL,NULL,'','n',0,'y',NULL,NULL,NULL,NULL,NULL,'n','n',NULL,NULL,NULL,NULL,NULL,NULL,'2021-04-30 08:59:30'),(905,0,NULL,11700,'0000-00-00 00:00:00','',NULL,NULL,NULL,'','n',0,'y',NULL,NULL,NULL,NULL,NULL,'n','n',NULL,NULL,NULL,NULL,NULL,NULL,'2021-04-30 09:19:24'),(906,0,NULL,11700,'0000-00-00 00:00:00','',NULL,NULL,NULL,'','n',0,'y',NULL,NULL,NULL,NULL,NULL,'n','n',NULL,NULL,NULL,NULL,NULL,NULL,'2021-04-30 10:57:32'),(907,0,NULL,11700,'0000-00-00 00:00:00','',NULL,NULL,NULL,'','n',0,'y',NULL,NULL,NULL,NULL,NULL,'n','n',NULL,NULL,NULL,NULL,NULL,NULL,'2021-04-30 17:52:32'),(908,0,NULL,11700,'0000-00-00 00:00:00','',NULL,NULL,NULL,'','n',0,'y',NULL,NULL,NULL,NULL,NULL,'n','n',NULL,NULL,NULL,NULL,NULL,NULL,'2021-04-30 18:02:29'),(909,0,NULL,11700,'0000-00-00 00:00:00','',NULL,NULL,NULL,'','n',0,'y',NULL,NULL,NULL,NULL,NULL,'n','n',NULL,NULL,NULL,NULL,NULL,NULL,'2021-04-30 23:15:07'),(910,0,NULL,11700,'0000-00-00 00:00:00','',NULL,NULL,NULL,'','n',0,'y',NULL,NULL,NULL,NULL,NULL,'n','n',NULL,NULL,NULL,NULL,NULL,NULL,'2021-05-01 03:55:47'),(911,0,NULL,11700,'0000-00-00 00:00:00','',NULL,NULL,NULL,'','n',0,'y',NULL,NULL,NULL,NULL,NULL,'n','n',NULL,NULL,NULL,NULL,NULL,NULL,'2021-05-05 12:33:41'),(912,0,NULL,11700,'0000-00-00 00:00:00','',NULL,NULL,NULL,'','n',0,'y',NULL,NULL,NULL,NULL,NULL,'n','n',NULL,NULL,NULL,NULL,NULL,NULL,'2021-05-09 21:16:49'),(913,0,NULL,11700,'0000-00-00 00:00:00','',NULL,NULL,NULL,'','n',0,'y',NULL,NULL,NULL,NULL,NULL,'n','n',NULL,NULL,NULL,NULL,NULL,NULL,'2021-05-10 05:25:13'),(914,0,NULL,11700,'0000-00-00 00:00:00','',NULL,NULL,NULL,'','n',0,'y',NULL,NULL,NULL,NULL,NULL,'n','n',NULL,NULL,NULL,NULL,NULL,NULL,'2021-05-11 15:34:28'),(915,0,NULL,11700,'0000-00-00 00:00:00','',NULL,NULL,NULL,'','n',0,'y',NULL,NULL,NULL,NULL,NULL,'n','n',NULL,NULL,NULL,NULL,NULL,NULL,'2021-05-12 15:47:28'),(916,0,NULL,11700,'0000-00-00 00:00:00','',NULL,NULL,NULL,'','n',0,'y',NULL,NULL,NULL,NULL,NULL,'n','n',NULL,NULL,NULL,NULL,NULL,NULL,'2021-05-14 08:09:35'),(917,0,NULL,11700,'0000-00-00 00:00:00','',NULL,NULL,NULL,'','n',0,'y',NULL,NULL,NULL,NULL,NULL,'n','n',NULL,NULL,NULL,NULL,NULL,NULL,'2021-05-15 23:21:47'),(918,0,NULL,11700,'0000-00-00 00:00:00','',NULL,NULL,NULL,'','n',0,'y',NULL,NULL,NULL,NULL,NULL,'n','n',NULL,NULL,NULL,NULL,NULL,NULL,'2021-05-16 11:34:58'),(919,0,NULL,11700,'0000-00-00 00:00:00','',NULL,NULL,NULL,'','n',0,'y',NULL,NULL,NULL,NULL,NULL,'n','n',NULL,NULL,NULL,NULL,NULL,NULL,'2021-05-17 00:21:51'),(920,0,NULL,11700,'0000-00-00 00:00:00','',NULL,NULL,NULL,'','n',0,'y',NULL,NULL,NULL,NULL,NULL,'n','n',NULL,NULL,NULL,NULL,NULL,NULL,'2021-05-17 08:18:26'),(921,0,NULL,11700,'0000-00-00 00:00:00','',NULL,NULL,NULL,'','n',0,'y',NULL,NULL,NULL,NULL,NULL,'n','n',NULL,NULL,NULL,NULL,NULL,NULL,'2021-05-17 13:06:42'),(922,0,NULL,11700,'0000-00-00 00:00:00','',NULL,NULL,NULL,'','n',0,'y',NULL,NULL,NULL,NULL,NULL,'n','n',NULL,NULL,NULL,NULL,NULL,NULL,'2021-05-17 14:56:38'),(923,0,NULL,11700,'0000-00-00 00:00:00','',NULL,NULL,NULL,'','n',0,'y',NULL,NULL,NULL,NULL,NULL,'n','n',NULL,NULL,NULL,NULL,NULL,NULL,'2021-05-18 20:05:23'),(924,0,NULL,11700,'0000-00-00 00:00:00','',NULL,NULL,NULL,'','n',0,'y',NULL,NULL,NULL,NULL,NULL,'n','n',NULL,NULL,NULL,NULL,NULL,NULL,'2021-05-20 02:59:12'),(925,0,NULL,11700,'0000-00-00 00:00:00','',NULL,NULL,NULL,'','n',0,'y',NULL,NULL,NULL,NULL,NULL,'n','n',NULL,NULL,NULL,NULL,NULL,NULL,'2021-05-20 21:57:40'),(926,0,NULL,11700,'0000-00-00 00:00:00','',NULL,NULL,NULL,'','n',0,'y',NULL,NULL,NULL,NULL,NULL,'n','n',NULL,NULL,NULL,NULL,NULL,NULL,'2021-05-24 03:07:58'),(927,0,NULL,11700,'0000-00-00 00:00:00','',NULL,NULL,NULL,'','n',0,'y',NULL,NULL,NULL,NULL,NULL,'n','n',NULL,NULL,NULL,NULL,NULL,NULL,'2021-05-24 16:59:15'),(928,0,NULL,11700,'0000-00-00 00:00:00','',NULL,NULL,NULL,'','n',0,'y',NULL,NULL,NULL,NULL,NULL,'n','n',NULL,NULL,NULL,NULL,NULL,NULL,'2021-05-24 19:15:47'),(929,0,NULL,11700,'0000-00-00 00:00:00','',NULL,NULL,NULL,'','n',0,'y',NULL,NULL,NULL,NULL,NULL,'n','n',NULL,NULL,NULL,NULL,NULL,NULL,'2021-05-25 01:42:48'),(930,0,NULL,11700,'0000-00-00 00:00:00','',NULL,NULL,NULL,'','n',0,'y',NULL,NULL,NULL,NULL,NULL,'n','n',NULL,NULL,NULL,NULL,NULL,NULL,'2021-05-27 16:50:55'),(931,0,NULL,11700,'0000-00-00 00:00:00','',NULL,NULL,NULL,'','n',0,'y',NULL,NULL,NULL,NULL,NULL,'n','n',NULL,NULL,NULL,NULL,NULL,NULL,'2021-05-27 17:02:55'),(932,0,NULL,11700,'0000-00-00 00:00:00','',NULL,NULL,NULL,'','n',0,'y',NULL,NULL,NULL,NULL,NULL,'n','n',NULL,NULL,NULL,NULL,NULL,NULL,'2021-05-28 20:41:55'),(933,0,NULL,11700,'0000-00-00 00:00:00','',NULL,NULL,NULL,'','n',0,'y',NULL,NULL,NULL,NULL,NULL,'n','n',NULL,NULL,NULL,NULL,NULL,NULL,'2021-05-30 15:38:21'),(934,0,NULL,11700,'0000-00-00 00:00:00','',NULL,NULL,NULL,'','n',0,'y',NULL,NULL,NULL,NULL,NULL,'n','n',NULL,NULL,NULL,NULL,NULL,NULL,'2021-05-30 16:54:48'),(935,0,NULL,11700,'0000-00-00 00:00:00','',NULL,NULL,NULL,'','n',0,'y',NULL,NULL,NULL,NULL,NULL,'n','n',NULL,NULL,NULL,NULL,NULL,NULL,'2021-05-31 06:39:40'),(936,0,NULL,11700,'0000-00-00 00:00:00','',NULL,NULL,NULL,'','n',0,'y',NULL,NULL,NULL,NULL,NULL,'n','n',NULL,NULL,NULL,NULL,NULL,NULL,'2021-06-01 04:01:44'),(937,0,NULL,11700,'0000-00-00 00:00:00','',NULL,NULL,NULL,'','n',0,'y',NULL,NULL,NULL,NULL,NULL,'n','n',NULL,NULL,NULL,NULL,NULL,NULL,'2021-06-01 19:05:39'),(938,0,NULL,11700,'0000-00-00 00:00:00','',NULL,NULL,NULL,'','n',0,'y',NULL,NULL,NULL,NULL,NULL,'n','n',NULL,NULL,NULL,NULL,NULL,NULL,'2021-06-02 07:08:06'),(939,0,NULL,11700,'0000-00-00 00:00:00','',NULL,NULL,NULL,'','n',0,'y',NULL,NULL,NULL,NULL,NULL,'n','n',NULL,NULL,NULL,NULL,NULL,NULL,'2021-06-02 10:23:08'),(940,0,NULL,11700,'0000-00-00 00:00:00','',NULL,NULL,NULL,'','n',0,'y',NULL,NULL,NULL,NULL,NULL,'n','n',NULL,NULL,NULL,NULL,NULL,NULL,'2021-06-02 17:27:37'),(941,0,NULL,11700,'0000-00-00 00:00:00','',NULL,NULL,NULL,'','n',0,'y',NULL,NULL,NULL,NULL,NULL,'n','n',NULL,NULL,NULL,NULL,NULL,NULL,'2021-06-03 10:08:36'),(942,0,NULL,11700,'0000-00-00 00:00:00','',NULL,NULL,NULL,'','n',0,'y',NULL,NULL,NULL,NULL,NULL,'n','n',NULL,NULL,NULL,NULL,NULL,NULL,'2021-06-03 10:27:43'),(943,0,NULL,11700,'0000-00-00 00:00:00','',NULL,NULL,NULL,'','n',0,'y',NULL,NULL,NULL,NULL,NULL,'n','n',NULL,NULL,NULL,NULL,NULL,NULL,'2021-06-03 16:12:17'),(944,86,NULL,11700,'0000-00-00 00:00:00','',NULL,NULL,NULL,'','n',0,'y',NULL,NULL,NULL,NULL,NULL,'n','n',NULL,NULL,NULL,NULL,NULL,NULL,'2021-06-03 18:40:04'),(945,0,NULL,11700,'0000-00-00 00:00:00','',NULL,NULL,NULL,'','n',0,'y',NULL,NULL,NULL,NULL,NULL,'n','n',NULL,NULL,NULL,NULL,NULL,NULL,'2021-06-04 03:18:47'),(946,0,NULL,11700,'0000-00-00 00:00:00','',NULL,NULL,NULL,'','n',0,'y',NULL,NULL,NULL,NULL,NULL,'n','n',NULL,NULL,NULL,NULL,NULL,NULL,'2021-06-04 04:07:18'),(947,0,NULL,11700,'0000-00-00 00:00:00','',NULL,NULL,NULL,'','n',0,'y',NULL,NULL,NULL,NULL,NULL,'n','n',NULL,NULL,NULL,NULL,NULL,NULL,'2021-06-04 08:33:31'),(948,0,NULL,11700,'0000-00-00 00:00:00','',NULL,NULL,NULL,'','n',0,'y',NULL,NULL,NULL,NULL,NULL,'n','n',NULL,NULL,NULL,NULL,NULL,NULL,'2021-06-04 10:49:53'),(949,0,NULL,11700,'0000-00-00 00:00:00','',NULL,NULL,NULL,'','n',0,'y',NULL,NULL,NULL,NULL,NULL,'n','n',NULL,NULL,NULL,NULL,NULL,NULL,'2021-06-04 15:38:32'),(950,0,NULL,11700,'0000-00-00 00:00:00','',NULL,NULL,NULL,'','n',0,'y',NULL,NULL,NULL,NULL,NULL,'n','n',NULL,NULL,NULL,NULL,NULL,NULL,'2021-06-04 22:15:17'),(951,0,NULL,11700,'0000-00-00 00:00:00','',NULL,NULL,NULL,'','n',0,'y',NULL,NULL,NULL,NULL,NULL,'n','n',NULL,NULL,NULL,NULL,NULL,NULL,'2021-06-05 18:01:07'),(952,0,NULL,11700,'0000-00-00 00:00:00','',NULL,NULL,NULL,'','n',0,'y',NULL,NULL,NULL,NULL,NULL,'n','n',NULL,NULL,NULL,NULL,NULL,NULL,'2021-06-06 16:11:54'),(953,0,NULL,11700,'0000-00-00 00:00:00','',NULL,NULL,NULL,'','n',0,'y',NULL,NULL,NULL,NULL,NULL,'n','n',NULL,NULL,NULL,NULL,NULL,NULL,'2021-06-06 19:18:30'),(954,0,NULL,11700,'0000-00-00 00:00:00','',NULL,NULL,NULL,'','n',0,'y',NULL,NULL,NULL,NULL,NULL,'n','n',NULL,NULL,NULL,NULL,NULL,NULL,'2021-06-07 00:05:07'),(955,0,NULL,11700,'0000-00-00 00:00:00','',NULL,NULL,NULL,'','n',0,'y',NULL,NULL,NULL,NULL,NULL,'n','n',NULL,NULL,NULL,NULL,NULL,NULL,'2021-06-07 23:00:17'),(956,0,NULL,11700,'0000-00-00 00:00:00','',NULL,NULL,NULL,'','n',0,'y',NULL,NULL,NULL,NULL,NULL,'n','n',NULL,NULL,NULL,NULL,NULL,NULL,'2021-06-09 07:04:20'),(957,0,NULL,11700,'0000-00-00 00:00:00','',NULL,NULL,NULL,'','n',0,'y',NULL,NULL,NULL,NULL,NULL,'n','n',NULL,NULL,NULL,NULL,NULL,NULL,'2021-06-09 14:35:54'),(958,0,NULL,11700,'0000-00-00 00:00:00','',NULL,NULL,NULL,'','n',0,'y',NULL,NULL,NULL,NULL,NULL,'n','n',NULL,NULL,NULL,NULL,NULL,NULL,'2021-06-09 15:08:23'),(959,0,NULL,11700,'0000-00-00 00:00:00','',NULL,NULL,NULL,'','n',0,'y',NULL,NULL,NULL,NULL,NULL,'n','n',NULL,NULL,NULL,NULL,NULL,NULL,'2021-06-10 04:18:42'),(960,0,NULL,11700,'0000-00-00 00:00:00','',NULL,NULL,NULL,'','n',0,'y',NULL,NULL,NULL,NULL,NULL,'n','n',NULL,NULL,NULL,NULL,NULL,NULL,'2021-06-10 14:04:27'),(961,0,NULL,11700,'0000-00-00 00:00:00','',NULL,NULL,NULL,'','n',0,'y',NULL,NULL,NULL,NULL,NULL,'n','n',NULL,NULL,NULL,NULL,NULL,NULL,'2021-06-10 15:05:02'),(962,0,NULL,11700,'0000-00-00 00:00:00','',NULL,NULL,NULL,'','n',0,'y',NULL,NULL,NULL,NULL,NULL,'n','n',NULL,NULL,NULL,NULL,NULL,NULL,'2021-06-11 00:02:38'),(963,0,NULL,11700,'0000-00-00 00:00:00','',NULL,NULL,NULL,'','n',0,'y',NULL,NULL,NULL,NULL,NULL,'n','n',NULL,NULL,NULL,NULL,NULL,NULL,'2021-06-11 09:44:38'),(964,0,NULL,11700,'0000-00-00 00:00:00','',NULL,NULL,NULL,'','n',0,'y',NULL,NULL,NULL,NULL,NULL,'n','n',NULL,NULL,NULL,NULL,NULL,NULL,'2021-06-12 16:52:50'),(965,0,NULL,11700,'0000-00-00 00:00:00','',NULL,NULL,NULL,'','n',0,'y',NULL,NULL,NULL,NULL,NULL,'n','n',NULL,NULL,NULL,NULL,NULL,NULL,'2021-06-13 00:39:46'),(966,0,NULL,11700,'0000-00-00 00:00:00','',NULL,NULL,NULL,'','n',0,'y',NULL,NULL,NULL,NULL,NULL,'n','n',NULL,NULL,NULL,NULL,NULL,NULL,'2021-06-13 00:58:44'),(967,0,NULL,11700,'0000-00-00 00:00:00','',NULL,NULL,NULL,'','n',0,'y',NULL,NULL,NULL,NULL,NULL,'n','n',NULL,NULL,NULL,NULL,NULL,NULL,'2021-06-13 19:23:10'),(968,0,NULL,11700,'0000-00-00 00:00:00','',NULL,NULL,NULL,'','n',0,'y',NULL,NULL,NULL,NULL,NULL,'n','n',NULL,NULL,NULL,NULL,NULL,NULL,'2021-06-14 01:34:13'),(969,0,NULL,11700,'0000-00-00 00:00:00','',NULL,NULL,NULL,'','n',0,'y',NULL,NULL,NULL,NULL,NULL,'n','n',NULL,NULL,NULL,NULL,NULL,NULL,'2021-06-14 08:03:01'),(970,0,NULL,11700,'0000-00-00 00:00:00','',NULL,NULL,NULL,'','n',0,'y',NULL,NULL,NULL,NULL,NULL,'n','n',NULL,NULL,NULL,NULL,NULL,NULL,'2021-06-14 13:57:35'),(971,0,NULL,11700,'0000-00-00 00:00:00','',NULL,NULL,NULL,'','n',0,'y',NULL,NULL,NULL,NULL,NULL,'n','n',NULL,NULL,NULL,NULL,NULL,NULL,'2021-06-14 17:12:53'),(972,0,NULL,11700,'0000-00-00 00:00:00','',NULL,NULL,NULL,'','n',0,'y',NULL,NULL,NULL,NULL,NULL,'n','n',NULL,NULL,NULL,NULL,NULL,NULL,'2021-06-14 18:17:19'),(973,0,NULL,11700,'0000-00-00 00:00:00','',NULL,NULL,NULL,'','n',0,'y',NULL,NULL,NULL,NULL,NULL,'n','n',NULL,NULL,NULL,NULL,NULL,NULL,'2021-06-14 18:18:36'),(974,0,NULL,11700,'0000-00-00 00:00:00','',NULL,NULL,NULL,'','n',0,'y',NULL,NULL,NULL,NULL,NULL,'n','n',NULL,NULL,NULL,NULL,NULL,NULL,'2021-06-14 19:41:24'),(975,0,NULL,11700,'0000-00-00 00:00:00','',NULL,NULL,NULL,'','n',0,'y',NULL,NULL,NULL,NULL,NULL,'n','n',NULL,NULL,NULL,NULL,NULL,NULL,'2021-06-15 01:31:15'),(976,0,NULL,11700,'0000-00-00 00:00:00','',NULL,NULL,NULL,'','n',0,'y',NULL,NULL,NULL,NULL,NULL,'n','n',NULL,NULL,NULL,NULL,NULL,NULL,'2021-06-15 16:11:33'),(977,0,NULL,11700,'0000-00-00 00:00:00','',NULL,NULL,NULL,'','n',0,'y',NULL,NULL,NULL,NULL,NULL,'n','n',NULL,NULL,NULL,NULL,NULL,NULL,'2021-06-15 17:12:36'),(978,0,NULL,11700,'0000-00-00 00:00:00','',NULL,NULL,NULL,'','n',0,'y',NULL,NULL,NULL,NULL,NULL,'n','n',NULL,NULL,NULL,NULL,NULL,NULL,'2021-06-15 23:52:46'),(979,0,NULL,11700,'0000-00-00 00:00:00','',NULL,NULL,NULL,'','n',0,'y',NULL,NULL,NULL,NULL,NULL,'n','n',NULL,NULL,NULL,NULL,NULL,NULL,'2021-06-17 14:12:09'),(980,0,NULL,11700,'0000-00-00 00:00:00','',NULL,NULL,NULL,'','n',0,'y',NULL,NULL,NULL,NULL,NULL,'n','n',NULL,NULL,NULL,NULL,NULL,NULL,'2021-06-18 06:00:25'),(981,0,NULL,11700,'0000-00-00 00:00:00','',NULL,NULL,NULL,'','n',0,'y',NULL,NULL,NULL,NULL,NULL,'n','n',NULL,NULL,NULL,NULL,NULL,NULL,'2021-06-18 18:20:31'),(982,0,NULL,11700,'0000-00-00 00:00:00','',NULL,NULL,NULL,'','n',0,'y',NULL,NULL,NULL,NULL,NULL,'n','n',NULL,NULL,NULL,NULL,NULL,NULL,'2021-06-20 04:48:44'),(983,0,NULL,11700,'0000-00-00 00:00:00','',NULL,NULL,NULL,'','n',0,'y',NULL,NULL,NULL,NULL,NULL,'n','n',NULL,NULL,NULL,NULL,NULL,NULL,'2021-06-20 07:03:04'),(984,0,NULL,11700,'0000-00-00 00:00:00','',NULL,NULL,NULL,'','n',0,'y',NULL,NULL,NULL,NULL,NULL,'n','n',NULL,NULL,NULL,NULL,NULL,NULL,'2021-06-20 12:14:24'),(985,0,NULL,11700,'0000-00-00 00:00:00','',NULL,NULL,NULL,'','n',0,'y',NULL,NULL,NULL,NULL,NULL,'n','n',NULL,NULL,NULL,NULL,NULL,NULL,'2021-06-20 12:14:25'),(986,0,NULL,11700,'0000-00-00 00:00:00','',NULL,NULL,NULL,'','n',0,'y',NULL,NULL,NULL,NULL,NULL,'n','n',NULL,NULL,NULL,NULL,NULL,NULL,'2021-06-21 03:56:34'),(987,0,NULL,11700,'0000-00-00 00:00:00','',NULL,NULL,NULL,'','n',0,'y',NULL,NULL,NULL,NULL,NULL,'n','n',NULL,NULL,NULL,NULL,NULL,NULL,'2021-06-21 18:53:28'),(988,0,NULL,11700,'0000-00-00 00:00:00','',NULL,NULL,NULL,'','n',0,'y',NULL,NULL,NULL,NULL,NULL,'n','n',NULL,NULL,NULL,NULL,NULL,NULL,'2021-06-22 00:00:49'),(989,0,NULL,11700,'0000-00-00 00:00:00','',NULL,NULL,NULL,'','n',0,'y',NULL,NULL,NULL,NULL,NULL,'n','n',NULL,NULL,NULL,NULL,NULL,NULL,'2021-06-22 03:50:07'),(990,0,NULL,11700,'0000-00-00 00:00:00','',NULL,NULL,NULL,'','n',0,'y',NULL,NULL,NULL,NULL,NULL,'n','n',NULL,NULL,NULL,NULL,NULL,NULL,'2021-06-23 07:04:38'),(991,0,NULL,11700,'0000-00-00 00:00:00','',NULL,NULL,NULL,'','n',0,'y',NULL,NULL,NULL,NULL,NULL,'n','n',NULL,NULL,NULL,NULL,NULL,NULL,'2021-06-23 07:25:48'),(992,0,NULL,11700,'0000-00-00 00:00:00','',NULL,NULL,NULL,'','n',0,'y',NULL,NULL,NULL,NULL,NULL,'n','n',NULL,NULL,NULL,NULL,NULL,NULL,'2021-06-23 12:18:15'),(993,0,NULL,11700,'0000-00-00 00:00:00','',NULL,NULL,NULL,'','n',0,'y',NULL,NULL,NULL,NULL,NULL,'n','n',NULL,NULL,NULL,NULL,NULL,NULL,'2021-06-23 15:48:21'),(994,0,NULL,11700,'0000-00-00 00:00:00','',NULL,NULL,NULL,'','n',0,'y',NULL,NULL,NULL,NULL,NULL,'n','n',NULL,NULL,NULL,NULL,NULL,NULL,'2021-06-24 06:39:27'),(995,0,NULL,11700,'0000-00-00 00:00:00','',NULL,NULL,NULL,'','n',0,'y',NULL,NULL,NULL,NULL,NULL,'n','n',NULL,NULL,NULL,NULL,NULL,NULL,'2021-06-24 06:43:34'),(996,0,NULL,11700,'0000-00-00 00:00:00','',NULL,NULL,NULL,'','n',0,'y',NULL,NULL,NULL,NULL,NULL,'n','n',NULL,NULL,NULL,NULL,NULL,NULL,'2021-06-24 11:23:17'),(997,0,NULL,11700,'0000-00-00 00:00:00','',NULL,NULL,NULL,'','n',0,'y',NULL,NULL,NULL,NULL,NULL,'n','n',NULL,NULL,NULL,NULL,NULL,NULL,'2021-06-24 14:17:34'),(998,0,NULL,11700,'0000-00-00 00:00:00','',NULL,NULL,NULL,'','n',0,'y',NULL,NULL,NULL,NULL,NULL,'n','n',NULL,NULL,NULL,NULL,NULL,NULL,'2021-06-25 20:55:33'),(999,0,NULL,11700,'0000-00-00 00:00:00','',NULL,NULL,NULL,'','n',0,'y',NULL,NULL,NULL,NULL,NULL,'n','n',NULL,NULL,NULL,NULL,NULL,NULL,'2021-06-26 10:41:23'),(1000,0,NULL,11700,'0000-00-00 00:00:00','',NULL,NULL,NULL,'','n',0,'y',NULL,NULL,NULL,NULL,NULL,'n','n',NULL,NULL,NULL,NULL,NULL,NULL,'2021-06-26 11:27:19'),(1001,0,NULL,11700,'0000-00-00 00:00:00','',NULL,NULL,NULL,'','n',0,'y',NULL,NULL,NULL,NULL,NULL,'n','n',NULL,NULL,NULL,NULL,NULL,NULL,'2021-06-26 12:36:39'),(1002,0,NULL,11700,'0000-00-00 00:00:00','',NULL,NULL,NULL,'','n',0,'y',NULL,NULL,NULL,NULL,NULL,'n','n',NULL,NULL,NULL,NULL,NULL,NULL,'2021-06-27 04:46:00'),(1003,0,NULL,11700,'0000-00-00 00:00:00','',NULL,NULL,NULL,'','n',0,'y',NULL,NULL,NULL,NULL,NULL,'n','n',NULL,NULL,NULL,NULL,NULL,NULL,'2021-06-29 18:33:19'),(1004,0,NULL,11700,'0000-00-00 00:00:00','',NULL,NULL,NULL,'','n',0,'y',NULL,NULL,NULL,NULL,NULL,'n','n',NULL,NULL,NULL,NULL,NULL,NULL,'2021-06-29 19:40:31'),(1005,0,NULL,11700,'0000-00-00 00:00:00','',NULL,NULL,NULL,'','n',0,'y',NULL,NULL,NULL,NULL,NULL,'n','n',NULL,NULL,NULL,NULL,NULL,NULL,'2021-07-01 02:59:46'),(1006,0,NULL,11700,'0000-00-00 00:00:00','',NULL,NULL,NULL,'','n',0,'y',NULL,NULL,NULL,NULL,NULL,'n','n',NULL,NULL,NULL,NULL,NULL,NULL,'2021-07-01 16:56:54'),(1007,0,NULL,11700,'0000-00-00 00:00:00','',NULL,NULL,NULL,'','n',0,'y',NULL,NULL,NULL,NULL,NULL,'n','n',NULL,NULL,NULL,NULL,NULL,NULL,'2021-07-02 15:59:02'),(1008,0,NULL,11700,'0000-00-00 00:00:00','',NULL,NULL,NULL,'','n',0,'y',NULL,NULL,NULL,NULL,NULL,'n','n',NULL,NULL,NULL,NULL,NULL,NULL,'2021-07-03 06:53:32'),(1009,0,NULL,11700,'0000-00-00 00:00:00','',NULL,NULL,NULL,'','n',0,'y',NULL,NULL,NULL,NULL,NULL,'n','n',NULL,NULL,NULL,NULL,NULL,NULL,'2021-07-03 07:32:41'),(1010,0,NULL,11700,'0000-00-00 00:00:00','',NULL,NULL,NULL,'','n',0,'y',NULL,NULL,NULL,NULL,NULL,'n','n',NULL,NULL,NULL,NULL,NULL,NULL,'2021-07-04 02:49:01'),(1011,0,NULL,11700,'0000-00-00 00:00:00','',NULL,NULL,NULL,'','n',0,'y',NULL,NULL,NULL,NULL,NULL,'n','n',NULL,NULL,NULL,NULL,NULL,NULL,'2021-07-04 08:51:09'),(1012,0,NULL,11700,'0000-00-00 00:00:00','',NULL,NULL,NULL,'','n',0,'y',NULL,NULL,NULL,NULL,NULL,'n','n',NULL,NULL,NULL,NULL,NULL,NULL,'2021-07-05 08:03:06'),(1013,0,NULL,11700,'0000-00-00 00:00:00','',NULL,NULL,NULL,'','n',0,'y',NULL,NULL,NULL,NULL,NULL,'n','n',NULL,NULL,NULL,NULL,NULL,NULL,'2021-07-07 01:34:46'),(1014,0,NULL,11700,'0000-00-00 00:00:00','',NULL,NULL,NULL,'','n',0,'y',NULL,NULL,NULL,NULL,NULL,'n','n',NULL,NULL,NULL,NULL,NULL,NULL,'2021-07-07 06:27:50'),(1015,0,NULL,11700,'0000-00-00 00:00:00','',NULL,NULL,NULL,'','n',0,'y',NULL,NULL,NULL,NULL,NULL,'n','n',NULL,NULL,NULL,NULL,NULL,NULL,'2021-07-07 14:47:28'),(1016,0,NULL,11700,'0000-00-00 00:00:00','',NULL,NULL,NULL,'','n',0,'y',NULL,NULL,NULL,NULL,NULL,'n','n',NULL,NULL,NULL,NULL,NULL,NULL,'2021-07-08 02:41:10'),(1017,0,NULL,11700,'0000-00-00 00:00:00','',NULL,NULL,NULL,'','n',0,'y',NULL,NULL,NULL,NULL,NULL,'n','n',NULL,NULL,NULL,NULL,NULL,NULL,'2021-07-09 12:42:14'),(1018,0,NULL,11700,'0000-00-00 00:00:00','',NULL,NULL,NULL,'','n',0,'y',NULL,NULL,NULL,NULL,NULL,'n','n',NULL,NULL,NULL,NULL,NULL,NULL,'2021-07-09 23:22:32'),(1019,0,NULL,11700,'0000-00-00 00:00:00','',NULL,NULL,NULL,'','n',0,'y',NULL,NULL,NULL,NULL,NULL,'n','n',NULL,NULL,NULL,NULL,NULL,NULL,'2021-07-11 05:55:21'),(1020,0,NULL,11700,'0000-00-00 00:00:00','',NULL,NULL,NULL,'','n',0,'y',NULL,NULL,NULL,NULL,NULL,'n','n',NULL,NULL,NULL,NULL,NULL,NULL,'2021-07-11 17:26:19'),(1021,0,NULL,11700,'0000-00-00 00:00:00','',NULL,NULL,NULL,'','n',0,'y',NULL,NULL,NULL,NULL,NULL,'n','n',NULL,NULL,NULL,NULL,NULL,NULL,'2021-07-12 06:46:43'),(1022,0,NULL,11700,'0000-00-00 00:00:00','',NULL,NULL,NULL,'','n',0,'y',NULL,NULL,NULL,NULL,NULL,'n','n',NULL,NULL,NULL,NULL,NULL,NULL,'2021-07-12 19:41:26'),(1023,0,NULL,11700,'0000-00-00 00:00:00','',NULL,NULL,NULL,'','n',0,'y',NULL,NULL,NULL,NULL,NULL,'n','n',NULL,NULL,NULL,NULL,NULL,NULL,'2021-07-12 20:53:09'),(1024,0,NULL,11700,'0000-00-00 00:00:00','',NULL,NULL,NULL,'','n',0,'y',NULL,NULL,NULL,NULL,NULL,'n','n',NULL,NULL,NULL,NULL,NULL,NULL,'2021-07-13 00:09:44'),(1025,0,NULL,11700,'0000-00-00 00:00:00','',NULL,NULL,NULL,'','n',0,'y',NULL,NULL,NULL,NULL,NULL,'n','n',NULL,NULL,NULL,NULL,NULL,NULL,'2021-07-13 20:35:26'),(1026,0,NULL,11700,'0000-00-00 00:00:00','',NULL,NULL,NULL,'','n',0,'y',NULL,NULL,NULL,NULL,NULL,'n','n',NULL,NULL,NULL,NULL,NULL,NULL,'2021-07-14 12:02:06'),(1027,0,NULL,11700,'0000-00-00 00:00:00','',NULL,NULL,NULL,'','n',0,'y',NULL,NULL,NULL,NULL,NULL,'n','n',NULL,NULL,NULL,NULL,NULL,NULL,'2021-07-14 18:40:50'),(1028,0,NULL,11700,'0000-00-00 00:00:00','',NULL,NULL,NULL,'','n',0,'y',NULL,NULL,NULL,NULL,NULL,'n','n',NULL,NULL,NULL,NULL,NULL,NULL,'2021-07-14 23:08:38'),(1029,0,NULL,11700,'0000-00-00 00:00:00','',NULL,NULL,NULL,'','n',0,'y',NULL,NULL,NULL,NULL,NULL,'n','n',NULL,NULL,NULL,NULL,NULL,NULL,'2021-07-15 01:18:49'),(1030,0,NULL,11700,'0000-00-00 00:00:00','',NULL,NULL,NULL,'','n',0,'y',NULL,NULL,NULL,NULL,NULL,'n','n',NULL,NULL,NULL,NULL,NULL,NULL,'2021-07-15 03:47:19'),(1031,0,NULL,11700,'0000-00-00 00:00:00','',NULL,NULL,NULL,'','n',0,'y',NULL,NULL,NULL,NULL,NULL,'n','n',NULL,NULL,NULL,NULL,NULL,NULL,'2021-07-15 07:38:01'),(1032,0,NULL,11700,'0000-00-00 00:00:00','',NULL,NULL,NULL,'','n',0,'y',NULL,NULL,NULL,NULL,NULL,'n','n',NULL,NULL,NULL,NULL,NULL,NULL,'2021-07-15 07:40:38'),(1033,0,NULL,11700,'0000-00-00 00:00:00','',NULL,NULL,NULL,'','n',0,'y',NULL,NULL,NULL,NULL,NULL,'n','n',NULL,NULL,NULL,NULL,NULL,NULL,'2021-07-15 07:45:27'),(1034,0,NULL,11700,'0000-00-00 00:00:00','',NULL,NULL,NULL,'','n',0,'y',NULL,NULL,NULL,NULL,NULL,'n','n',NULL,NULL,NULL,NULL,NULL,NULL,'2021-07-15 11:02:05'),(1035,0,NULL,11700,'0000-00-00 00:00:00','',NULL,NULL,NULL,'','n',0,'y',NULL,NULL,NULL,NULL,NULL,'n','n',NULL,NULL,NULL,NULL,NULL,NULL,'2021-07-15 12:42:39'),(1036,0,NULL,11700,'0000-00-00 00:00:00','',NULL,NULL,NULL,'','n',0,'y',NULL,NULL,NULL,NULL,NULL,'n','n',NULL,NULL,NULL,NULL,NULL,NULL,'2021-07-15 16:11:53'),(1037,0,NULL,11700,'0000-00-00 00:00:00','',NULL,NULL,NULL,'','n',0,'y',NULL,NULL,NULL,NULL,NULL,'n','n',NULL,NULL,NULL,NULL,NULL,NULL,'2021-07-15 20:35:15'),(1038,0,NULL,11700,'0000-00-00 00:00:00','',NULL,NULL,NULL,'','n',0,'y',NULL,NULL,NULL,NULL,NULL,'n','n',NULL,NULL,NULL,NULL,NULL,NULL,'2021-07-15 22:02:33'),(1039,0,NULL,11700,'0000-00-00 00:00:00','',NULL,NULL,NULL,'','n',0,'y',NULL,NULL,NULL,NULL,NULL,'n','n',NULL,NULL,NULL,NULL,NULL,NULL,'2021-07-16 05:27:25'),(1040,0,NULL,11700,'0000-00-00 00:00:00','',NULL,NULL,NULL,'','n',0,'y',NULL,NULL,NULL,NULL,NULL,'n','n',NULL,NULL,NULL,NULL,NULL,NULL,'2021-07-16 05:27:26'),(1041,0,NULL,11700,'0000-00-00 00:00:00','',NULL,NULL,NULL,'','n',0,'y',NULL,NULL,NULL,NULL,NULL,'n','n',NULL,NULL,NULL,NULL,NULL,NULL,'2021-07-16 09:48:23'),(1042,0,NULL,11700,'0000-00-00 00:00:00','',NULL,NULL,NULL,'','n',0,'y',NULL,NULL,NULL,NULL,NULL,'n','n',NULL,NULL,NULL,NULL,NULL,NULL,'2021-07-16 15:00:08'),(1043,0,NULL,11700,'0000-00-00 00:00:00','',NULL,NULL,NULL,'','n',0,'y',NULL,NULL,NULL,NULL,NULL,'n','n',NULL,NULL,NULL,NULL,NULL,NULL,'2021-07-16 15:11:05'),(1044,0,NULL,11700,'0000-00-00 00:00:00','',NULL,NULL,NULL,'','n',0,'y',NULL,NULL,NULL,NULL,NULL,'n','n',NULL,NULL,NULL,NULL,NULL,NULL,'2021-07-17 11:13:44'),(1045,0,NULL,11700,'0000-00-00 00:00:00','',NULL,NULL,NULL,'','n',0,'y',NULL,NULL,NULL,NULL,NULL,'n','n',NULL,NULL,NULL,NULL,NULL,NULL,'2021-07-17 11:38:11'),(1046,0,NULL,11700,'0000-00-00 00:00:00','',NULL,NULL,NULL,'','n',0,'y',NULL,NULL,NULL,NULL,NULL,'n','n',NULL,NULL,NULL,NULL,NULL,NULL,'2021-07-18 06:01:45'),(1047,0,NULL,11700,'0000-00-00 00:00:00','',NULL,NULL,NULL,'','n',0,'y',NULL,NULL,NULL,NULL,NULL,'n','n',NULL,NULL,NULL,NULL,NULL,NULL,'2021-07-19 16:42:15'),(1048,0,NULL,11700,'0000-00-00 00:00:00','',NULL,NULL,NULL,'','n',0,'y',NULL,NULL,NULL,NULL,NULL,'n','n',NULL,NULL,NULL,NULL,NULL,NULL,'2021-07-21 14:01:05'),(1049,0,NULL,11700,'0000-00-00 00:00:00','',NULL,NULL,NULL,'','n',0,'y',NULL,NULL,NULL,NULL,NULL,'n','n',NULL,NULL,NULL,NULL,NULL,NULL,'2021-07-21 23:03:05'),(1050,0,NULL,11700,'0000-00-00 00:00:00','',NULL,NULL,NULL,'','n',0,'y',NULL,NULL,NULL,NULL,NULL,'n','n',NULL,NULL,NULL,NULL,NULL,NULL,'2021-07-21 23:56:05'),(1051,0,NULL,11700,'0000-00-00 00:00:00','',NULL,NULL,NULL,'','n',0,'y',NULL,NULL,NULL,NULL,NULL,'n','n',NULL,NULL,NULL,NULL,NULL,NULL,'2021-07-22 02:06:08'),(1052,0,NULL,11700,'0000-00-00 00:00:00','',NULL,NULL,NULL,'','n',0,'y',NULL,NULL,NULL,NULL,NULL,'n','n',NULL,NULL,NULL,NULL,NULL,NULL,'2021-07-23 10:42:23'),(1053,0,NULL,11700,'0000-00-00 00:00:00','',NULL,NULL,NULL,'','n',0,'y',NULL,NULL,NULL,NULL,NULL,'n','n',NULL,NULL,NULL,NULL,NULL,NULL,'2021-07-24 15:36:58'),(1054,0,NULL,11700,'0000-00-00 00:00:00','',NULL,NULL,NULL,'','n',0,'y',NULL,NULL,NULL,NULL,NULL,'n','n',NULL,NULL,NULL,NULL,NULL,NULL,'2021-07-27 03:30:42'),(1055,0,NULL,11700,'0000-00-00 00:00:00','',NULL,NULL,NULL,'','n',0,'y',NULL,NULL,NULL,NULL,NULL,'n','n',NULL,NULL,NULL,NULL,NULL,NULL,'2021-07-27 11:11:03'),(1056,0,NULL,11700,'0000-00-00 00:00:00','',NULL,NULL,NULL,'','n',0,'y',NULL,NULL,NULL,NULL,NULL,'n','n',NULL,NULL,NULL,NULL,NULL,NULL,'2021-07-28 10:23:48'),(1057,0,NULL,11700,'0000-00-00 00:00:00','',NULL,NULL,NULL,'','n',0,'y',NULL,NULL,NULL,NULL,NULL,'n','n',NULL,NULL,NULL,NULL,NULL,NULL,'2021-07-31 12:18:05'),(1058,0,NULL,11700,'0000-00-00 00:00:00','',NULL,NULL,NULL,'','n',0,'y',NULL,NULL,NULL,NULL,NULL,'n','n',NULL,NULL,NULL,NULL,NULL,NULL,'2021-08-01 04:27:59'),(1059,0,NULL,11700,'0000-00-00 00:00:00','',NULL,NULL,NULL,'','n',0,'y',NULL,NULL,NULL,NULL,NULL,'n','n',NULL,NULL,NULL,NULL,NULL,NULL,'2021-08-01 08:37:58'),(1060,0,NULL,11700,'0000-00-00 00:00:00','',NULL,NULL,NULL,'','n',0,'y',NULL,NULL,NULL,NULL,NULL,'n','n',NULL,NULL,NULL,NULL,NULL,NULL,'2021-08-01 10:08:12'),(1061,0,NULL,11700,'0000-00-00 00:00:00','',NULL,NULL,NULL,'','n',0,'y',NULL,NULL,NULL,NULL,NULL,'n','n',NULL,NULL,NULL,NULL,NULL,NULL,'2021-08-01 13:05:49'),(1062,0,NULL,11700,'0000-00-00 00:00:00','',NULL,NULL,NULL,'','n',0,'y',NULL,NULL,NULL,NULL,NULL,'n','n',NULL,NULL,NULL,NULL,NULL,NULL,'2021-08-01 20:01:27'),(1063,0,NULL,11700,'0000-00-00 00:00:00','',NULL,NULL,NULL,'','n',0,'y',NULL,NULL,NULL,NULL,NULL,'n','n',NULL,NULL,NULL,NULL,NULL,NULL,'2021-08-05 06:58:15'),(1064,0,NULL,11700,'0000-00-00 00:00:00','',NULL,NULL,NULL,'','n',0,'y',NULL,NULL,NULL,NULL,NULL,'n','n',NULL,NULL,NULL,NULL,NULL,NULL,'2021-08-06 05:39:27'),(1065,0,NULL,11700,'0000-00-00 00:00:00','',NULL,NULL,NULL,'','n',0,'y',NULL,NULL,NULL,NULL,NULL,'n','n',NULL,NULL,NULL,NULL,NULL,NULL,'2021-08-06 08:30:44'),(1066,0,NULL,11700,'0000-00-00 00:00:00','',NULL,NULL,NULL,'','n',0,'y',NULL,NULL,NULL,NULL,NULL,'n','n',NULL,NULL,NULL,NULL,NULL,NULL,'2021-08-06 10:14:53'),(1067,0,NULL,11700,'0000-00-00 00:00:00','',NULL,NULL,NULL,'','n',0,'y',NULL,NULL,NULL,NULL,NULL,'n','n',NULL,NULL,NULL,NULL,NULL,NULL,'2021-08-06 17:36:21'),(1068,0,NULL,11700,'0000-00-00 00:00:00','',NULL,NULL,NULL,'','n',0,'y',NULL,NULL,NULL,NULL,NULL,'n','n',NULL,NULL,NULL,NULL,NULL,NULL,'2021-08-06 17:49:43'),(1069,0,NULL,11700,'0000-00-00 00:00:00','',NULL,NULL,NULL,'','n',0,'y',NULL,NULL,NULL,NULL,NULL,'n','n',NULL,NULL,NULL,NULL,NULL,NULL,'2021-08-06 17:50:09'),(1070,0,NULL,11700,'0000-00-00 00:00:00','',NULL,NULL,NULL,'','n',0,'y',NULL,NULL,NULL,NULL,NULL,'n','n',NULL,NULL,NULL,NULL,NULL,NULL,'2021-08-07 06:11:20'),(1071,0,NULL,11700,'0000-00-00 00:00:00','',NULL,NULL,NULL,'','n',0,'y',NULL,NULL,NULL,NULL,NULL,'n','n',NULL,NULL,NULL,NULL,NULL,NULL,'2021-08-07 16:45:50'),(1072,0,NULL,11700,'0000-00-00 00:00:00','',NULL,NULL,NULL,'','n',0,'y',NULL,NULL,NULL,NULL,NULL,'n','n',NULL,NULL,NULL,NULL,NULL,NULL,'2021-08-08 13:38:51'),(1073,0,NULL,11700,'0000-00-00 00:00:00','',NULL,NULL,NULL,'','n',0,'y',NULL,NULL,NULL,NULL,NULL,'n','n',NULL,NULL,NULL,NULL,NULL,NULL,'2021-08-09 16:18:15'),(1074,0,NULL,11700,'0000-00-00 00:00:00','',NULL,NULL,NULL,'','n',0,'y',NULL,NULL,NULL,NULL,NULL,'n','n',NULL,NULL,NULL,NULL,NULL,NULL,'2021-08-09 23:42:58'),(1075,0,NULL,11700,'0000-00-00 00:00:00','',NULL,NULL,NULL,'','n',0,'y',NULL,NULL,NULL,NULL,NULL,'n','n',NULL,NULL,NULL,NULL,NULL,NULL,'2021-08-10 14:12:31'),(1076,0,NULL,11700,'0000-00-00 00:00:00','',NULL,NULL,NULL,'','n',0,'y',NULL,NULL,NULL,NULL,NULL,'n','n',NULL,NULL,NULL,NULL,NULL,NULL,'2021-08-10 22:45:22'),(1077,0,NULL,11700,'0000-00-00 00:00:00','',NULL,NULL,NULL,'','n',0,'y',NULL,NULL,NULL,NULL,NULL,'n','n',NULL,NULL,NULL,NULL,NULL,NULL,'2021-08-11 05:34:01'),(1078,0,NULL,11700,'0000-00-00 00:00:00','',NULL,NULL,NULL,'','n',0,'y',NULL,NULL,NULL,NULL,NULL,'n','n',NULL,NULL,NULL,NULL,NULL,NULL,'2021-08-11 06:17:23'),(1079,0,NULL,11700,'0000-00-00 00:00:00','',NULL,NULL,NULL,'','n',0,'y',NULL,NULL,NULL,NULL,NULL,'n','n',NULL,NULL,NULL,NULL,NULL,NULL,'2021-08-12 03:55:44'),(1080,0,NULL,11700,'0000-00-00 00:00:00','',NULL,NULL,NULL,'','n',0,'y',NULL,NULL,NULL,NULL,NULL,'n','n',NULL,NULL,NULL,NULL,NULL,NULL,'2021-08-12 13:34:23'),(1081,0,NULL,11700,'0000-00-00 00:00:00','',NULL,NULL,NULL,'','n',0,'y',NULL,NULL,NULL,NULL,NULL,'n','n',NULL,NULL,NULL,NULL,NULL,NULL,'2021-08-13 02:30:42'),(1082,0,NULL,11700,'0000-00-00 00:00:00','',NULL,NULL,NULL,'','n',0,'y',NULL,NULL,NULL,NULL,NULL,'n','n',NULL,NULL,NULL,NULL,NULL,NULL,'2021-08-13 12:47:21'),(1083,0,NULL,11700,'0000-00-00 00:00:00','',NULL,NULL,NULL,'','n',0,'y',NULL,NULL,NULL,NULL,NULL,'n','n',NULL,NULL,NULL,NULL,NULL,NULL,'2021-08-14 08:31:42'),(1084,0,NULL,11700,'0000-00-00 00:00:00','',NULL,NULL,NULL,'','n',0,'y',NULL,NULL,NULL,NULL,NULL,'n','n',NULL,NULL,NULL,NULL,NULL,NULL,'2021-08-15 02:32:51'),(1085,0,NULL,11700,'0000-00-00 00:00:00','',NULL,NULL,NULL,'','n',0,'y',NULL,NULL,NULL,NULL,NULL,'n','n',NULL,NULL,NULL,NULL,NULL,NULL,'2021-08-15 23:02:42'),(1086,0,NULL,11700,'0000-00-00 00:00:00','',NULL,NULL,NULL,'','n',0,'y',NULL,NULL,NULL,NULL,NULL,'n','n',NULL,NULL,NULL,NULL,NULL,NULL,'2021-08-16 03:27:05'),(1087,0,NULL,11700,'0000-00-00 00:00:00','',NULL,NULL,NULL,'','n',0,'y',NULL,NULL,NULL,NULL,NULL,'n','n',NULL,NULL,NULL,NULL,NULL,NULL,'2021-08-17 00:22:54'),(1088,0,NULL,11700,'0000-00-00 00:00:00','',NULL,NULL,NULL,'','n',0,'y',NULL,NULL,NULL,NULL,NULL,'n','n',NULL,NULL,NULL,NULL,NULL,NULL,'2021-08-17 09:21:07'),(1089,0,NULL,11700,'0000-00-00 00:00:00','',NULL,NULL,NULL,'','n',0,'y',NULL,NULL,NULL,NULL,NULL,'n','n',NULL,NULL,NULL,NULL,NULL,NULL,'2021-08-17 10:56:45'),(1090,0,NULL,11700,'0000-00-00 00:00:00','',NULL,NULL,NULL,'','n',0,'y',NULL,NULL,NULL,NULL,NULL,'n','n',NULL,NULL,NULL,NULL,NULL,NULL,'2021-08-17 17:34:09');

--
-- Table structure for table `shopping_item`
--

CREATE TABLE `shopping_item` (
  `shopping_item_id` int(11) NOT NULL AUTO_INCREMENT,
  `basket_id` int(11) NOT NULL DEFAULT '0',
  `product_id` int(11) NOT NULL DEFAULT '0',
  `quantity` int(11) NOT NULL DEFAULT '0',
  `no_user_update` char(1) NOT NULL DEFAULT 'N',
  `value_to_pay` float(10,2) DEFAULT NULL,
  `related_to_shopping_id` int(11) DEFAULT NULL,
  `val_to_pay_no_alter` char(1) NOT NULL DEFAULT 'n',
  `product_type_name_override` char(10) DEFAULT NULL,
  PRIMARY KEY (`shopping_item_id`),
  KEY `basket_id` (`basket_id`),
  KEY `product_id` (`product_id`)
) ENGINE=MyISAM AUTO_INCREMENT=342 DEFAULT CHARSET=latin1 PACK_KEYS=1;

--
-- Dumping data for table `shopping_item`
--

INSERT INTO `shopping_item` VALUES (1,1,3,1,'n',NULL,NULL,'n','NORMAL'),(13,1,5,1,'y',2.00,NULL,'n','NORMAL'),(20,2,1,1,'n',NULL,NULL,'n','NORMAL'),(21,3,2,1,'n',NULL,NULL,'n','NORMAL'),(22,4,2,1,'n',NULL,NULL,'n','NORMAL'),(23,4,5,1,'y',4.50,NULL,'n','NORMAL'),(24,5,1,1,'n',NULL,NULL,'n','NORMAL'),(25,5,5,1,'y',4.50,NULL,'n','NORMAL'),(26,6,1,1,'n',NULL,NULL,'n','NORMAL'),(27,7,1,1,'n',NULL,NULL,'n','NORMAL'),(30,7,5,1,'y',4.50,NULL,'n','NORMAL'),(31,8,2,1,'n',NULL,NULL,'n','NORMAL'),(32,8,5,1,'y',4.50,NULL,'n','NORMAL'),(33,9,3,1,'n',NULL,NULL,'n','NORMAL'),(34,10,1,2,'n',NULL,NULL,'n','NORMAL'),(35,10,5,1,'y',4.50,NULL,'n','NORMAL'),(38,11,1,1,'n',NULL,NULL,'n','NORMAL'),(40,11,1,1,'n',NULL,NULL,'n','NORMAL'),(43,11,5,1,'y',0.00,NULL,'n','NORMAL'),(51,16,4,1,'n',NULL,NULL,'n','NORMAL'),(50,15,5,1,'y',999.00,NULL,'n','NORMAL'),(49,15,4,1,'n',NULL,NULL,'n','NORMAL'),(52,18,6,1,'n',NULL,NULL,'n','NORMAL'),(78,41,9,1,'n',NULL,NULL,'n','NORMAL'),(81,48,4,1,'n',NULL,NULL,'n','NORMAL'),(80,47,3,1,'n',NULL,NULL,'n','NORMAL'),(79,41,5,1,'y',4.55,NULL,'n','NORMAL'),(82,48,2,1,'n',NULL,NULL,'n','NORMAL'),(61,40,3,1,'n',NULL,NULL,'n','NORMAL'),(83,48,3,1,'n',NULL,NULL,'n','NORMAL'),(88,51,7,1,'n',NULL,NULL,'n','NORMAL'),(85,50,5,1,'y',4.55,NULL,'n','NORMAL'),(87,50,2,1,'n',NULL,NULL,'n','NORMAL'),(89,51,5,1,'y',0.00,NULL,'n','NORMAL'),(91,63,3,1,'n',NULL,NULL,'n','NORMAL'),(92,64,2,1,'n',NULL,NULL,'n','NORMAL'),(93,64,5,1,'y',0.00,NULL,'n','NORMAL'),(96,65,5,1,'y',0.00,NULL,'n','NORMAL'),(95,65,8,1,'n',NULL,NULL,'n','NORMAL'),(97,66,8,1,'n',NULL,NULL,'n','NORMAL'),(98,68,8,1,'n',NULL,NULL,'n','NORMAL'),(99,72,8,1,'n',NULL,NULL,'n','NORMAL'),(100,72,5,1,'y',0.00,NULL,'n','NORMAL'),(101,74,2,1,'n',NULL,NULL,'n','NORMAL'),(104,290,1,1,'n',NULL,NULL,'n','NORMAL'),(103,290,8,1,'n',NULL,NULL,'n','NORMAL'),(105,290,5,1,'y',0.00,NULL,'n','NORMAL'),(106,291,3,1,'n',NULL,NULL,'n','NORMAL'),(107,292,3,1,'n',NULL,NULL,'n','NORMAL'),(108,298,1,1,'n',NULL,NULL,'n','NORMAL'),(109,298,1,1,'n',NULL,NULL,'n','NORMAL'),(110,300,3,1,'n',NULL,NULL,'n','NORMAL'),(111,302,2,1,'n',NULL,NULL,'n','NORMAL'),(113,302,5,1,'y',4.55,NULL,'n','NORMAL'),(114,304,3,1,'n',NULL,NULL,'n','NORMAL'),(115,304,5,1,'y',0.00,NULL,'n','NORMAL'),(116,307,3,1,'n',NULL,NULL,'n','NORMAL'),(127,308,3,1,'n',NULL,NULL,'n','NORMAL'),(128,308,5,1,'y',4.55,NULL,'n','NORMAL'),(126,309,5,1,'y',0.00,NULL,'n','NORMAL'),(129,354,3,1,'n',NULL,NULL,'n','NORMAL'),(130,367,1,1,'n',NULL,NULL,'n','NORMAL'),(131,397,7,1,'n',NULL,NULL,'n','NORMAL'),(132,397,5,1,'y',0.00,NULL,'n','NORMAL'),(135,447,3,1,'n',NULL,NULL,'n','NORMAL'),(134,441,8,1,'n',NULL,NULL,'n','NORMAL'),(136,453,3,1,'n',NULL,NULL,'n','NORMAL'),(137,453,5,1,'y',4.55,NULL,'n','NORMAL'),(138,481,3,1,'n',NULL,NULL,'n','NORMAL'),(144,482,10,1,'n',NULL,NULL,'n','NORMAL'),(146,482,5,1,'y',5.00,NULL,'n','NORMAL'),(148,490,4,1,'n',NULL,NULL,'n','NORMAL'),(155,492,2,1,'n',NULL,NULL,'n','NORMAL'),(154,491,7,1,'n',NULL,NULL,'n','NORMAL'),(153,491,4,1,'n',NULL,NULL,'n','NORMAL'),(156,493,1,1,'n',NULL,NULL,'n','NORMAL'),(157,493,1,1,'n',NULL,NULL,'n','NORMAL'),(158,493,1,1,'n',NULL,NULL,'n','NORMAL'),(159,494,3,1,'n',NULL,NULL,'n','NORMAL'),(160,494,2,1,'n',NULL,NULL,'n','NORMAL'),(161,493,1,1,'n',NULL,NULL,'n','NORMAL'),(162,493,1,1,'n',NULL,NULL,'n','NORMAL'),(163,493,1,1,'n',NULL,NULL,'n','NORMAL'),(164,495,2,1,'n',NULL,NULL,'n','NORMAL'),(165,493,3,1,'n',NULL,NULL,'n','NORMAL'),(166,493,3,1,'n',NULL,NULL,'n','NORMAL'),(167,495,1,1,'n',NULL,NULL,'n','NORMAL'),(168,495,2,1,'n',NULL,NULL,'n','NORMAL'),(169,493,1,1,'n',NULL,NULL,'n','NORMAL'),(170,495,4,1,'n',NULL,NULL,'n','NORMAL'),(171,493,2,1,'n',NULL,NULL,'n','NORMAL'),(172,495,4,1,'n',NULL,NULL,'n','NORMAL'),(173,495,3,1,'n',NULL,NULL,'n','NORMAL'),(174,493,2,1,'n',NULL,NULL,'n','NORMAL'),(175,493,2,1,'n',NULL,NULL,'n','NORMAL'),(176,493,3,1,'n',NULL,NULL,'n','NORMAL'),(177,493,3,1,'n',NULL,NULL,'n','NORMAL'),(178,493,3,1,'n',NULL,NULL,'n','NORMAL'),(179,493,3,1,'n',NULL,NULL,'n','NORMAL'),(180,494,2,1,'n',NULL,NULL,'n','NORMAL'),(181,493,1,1,'n',NULL,NULL,'n','NORMAL'),(182,496,3,1,'n',NULL,NULL,'n','NORMAL'),(183,496,3,1,'n',NULL,NULL,'n','NORMAL'),(184,496,3,1,'n',NULL,NULL,'n','NORMAL'),(185,495,3,1,'n',NULL,NULL,'n','NORMAL'),(186,497,3,1,'n',NULL,NULL,'n','NORMAL'),(187,497,3,1,'n',NULL,NULL,'n','NORMAL'),(188,497,2,1,'n',NULL,NULL,'n','NORMAL'),(189,497,1,1,'n',NULL,NULL,'n','NORMAL'),(190,497,1,1,'n',NULL,NULL,'n','NORMAL'),(191,495,3,1,'n',NULL,NULL,'n','NORMAL'),(192,499,2,1,'n',NULL,NULL,'n','NORMAL'),(193,497,3,1,'n',NULL,NULL,'n','NORMAL'),(194,497,3,1,'n',NULL,NULL,'n','NORMAL'),(195,497,3,1,'n',NULL,NULL,'n','NORMAL'),(196,497,3,1,'n',NULL,NULL,'n','NORMAL'),(197,497,3,1,'n',NULL,NULL,'n','NORMAL'),(198,500,3,1,'n',NULL,NULL,'n','NORMAL'),(199,500,3,1,'n',NULL,NULL,'n','NORMAL'),(200,501,3,1,'n',NULL,NULL,'n','NORMAL'),(201,501,1,1,'n',NULL,NULL,'n','NORMAL'),(202,501,2,1,'n',NULL,NULL,'n','NORMAL'),(203,501,3,1,'n',NULL,NULL,'n','NORMAL'),(204,501,1,1,'n',NULL,NULL,'n','NORMAL'),(205,502,1,1,'n',NULL,NULL,'n','NORMAL'),(206,505,10,1,'n',NULL,NULL,'n','NORMAL'),(207,509,10,1,'n',NULL,NULL,'n','NORMAL'),(208,528,10,1,'n',NULL,NULL,'n','NORMAL'),(209,528,5,1,'y',5.00,NULL,'n','NORMAL'),(210,529,3,1,'n',NULL,NULL,'n','NORMAL'),(211,530,8,1,'n',NULL,NULL,'n','NORMAL'),(212,530,5,1,'y',0.00,NULL,'n','NORMAL'),(213,532,3,1,'n',NULL,NULL,'n','NORMAL'),(214,538,1,1,'n',NULL,NULL,'n','NORMAL'),(215,538,5,1,'y',4.55,NULL,'n','NORMAL'),(220,540,5,1,'y',0.00,NULL,'n','NORMAL'),(217,542,6,1,'n',NULL,NULL,'n','NORMAL'),(218,542,5,1,'y',0.00,NULL,'n','NORMAL'),(219,540,6,1,'n',NULL,NULL,'n','NORMAL'),(221,558,10,1,'n',NULL,NULL,'n','NORMAL'),(222,558,5,1,'y',5.00,NULL,'n','NORMAL'),(223,578,10,1,'n',NULL,NULL,'n','NORMAL'),(224,578,5,1,'y',5.00,NULL,'n','NORMAL'),(225,583,10,1,'n',NULL,NULL,'n','NORMAL'),(226,584,3,1,'n',NULL,NULL,'n','NORMAL'),(227,584,5,1,'y',4.55,NULL,'n','NORMAL'),(228,589,1,1,'n',NULL,NULL,'n','NORMAL'),(229,589,5,1,'y',4.55,NULL,'n','NORMAL'),(230,591,3,1,'n',NULL,NULL,'n','NORMAL'),(231,591,5,1,'y',4.55,NULL,'n','NORMAL'),(232,601,10,1,'n',NULL,NULL,'n','NORMAL'),(233,605,10,2,'n',NULL,NULL,'n','NORMAL'),(234,605,5,1,'y',0.00,NULL,'n','NORMAL'),(235,607,6,1,'n',NULL,NULL,'n','NORMAL'),(236,607,5,1,'y',0.00,NULL,'n','NORMAL'),(237,613,2,1,'n',NULL,NULL,'n','NORMAL'),(238,613,10,1,'n',NULL,NULL,'n','NORMAL'),(239,613,5,1,'y',0.00,NULL,'n','NORMAL'),(247,618,3,1,'n',NULL,NULL,'n','NORMAL'),(244,614,5,1,'y',0.00,NULL,'n','NORMAL'),(242,614,8,1,'n',NULL,NULL,'n','NORMAL'),(243,614,1,1,'n',NULL,NULL,'n','NORMAL'),(248,620,3,1,'n',NULL,NULL,'n','NORMAL'),(249,620,4,1,'n',NULL,NULL,'n','NORMAL'),(250,620,1,1,'n',NULL,NULL,'n','NORMAL'),(251,620,5,1,'y',0.00,NULL,'n','NORMAL'),(252,624,1,1,'n',NULL,NULL,'n','NORMAL'),(253,624,4,1,'n',NULL,NULL,'n','NORMAL'),(254,631,3,1,'n',NULL,NULL,'n','NORMAL'),(255,636,10,1,'n',NULL,NULL,'n','NORMAL'),(256,636,5,1,'y',5.00,NULL,'n','NORMAL'),(257,637,10,1,'n',NULL,NULL,'n','NORMAL'),(258,638,10,1,'n',NULL,NULL,'n','NORMAL'),(259,638,5,1,'y',5.00,NULL,'n','NORMAL'),(260,639,10,1,'n',NULL,NULL,'n','NORMAL'),(261,640,10,1,'n',NULL,NULL,'n','NORMAL'),(262,640,5,1,'y',5.00,NULL,'n','NORMAL'),(263,641,3,1,'n',NULL,NULL,'n','NORMAL'),(264,643,1,1,'n',NULL,NULL,'n','NORMAL'),(265,643,4,1,'n',NULL,NULL,'n','NORMAL'),(266,644,3,1,'n',NULL,NULL,'n','NORMAL'),(267,644,5,1,'y',4.55,NULL,'n','NORMAL'),(268,646,1,1,'n',NULL,NULL,'n','NORMAL'),(269,649,8,1,'n',NULL,NULL,'n','NORMAL'),(270,649,5,1,'y',0.00,NULL,'n','NORMAL'),(271,650,4,1,'n',NULL,NULL,'n','NORMAL'),(272,650,5,1,'y',4.55,NULL,'n','NORMAL'),(273,653,7,1,'n',NULL,NULL,'n','NORMAL'),(274,653,5,1,'y',0.00,NULL,'n','NORMAL'),(275,654,4,1,'n',NULL,NULL,'n','NORMAL'),(276,668,5,1,'y',4.55,NULL,'n','NORMAL'),(284,771,2,1,'n',NULL,NULL,'n','NORMAL'),(283,771,4,1,'n',NULL,NULL,'n','NORMAL'),(282,769,7,1,'n',NULL,NULL,'n','NORMAL'),(285,771,3,1,'n',NULL,NULL,'n','NORMAL'),(286,773,8,1,'n',NULL,NULL,'n','NORMAL'),(287,773,4,1,'n',NULL,NULL,'n','NORMAL'),(288,775,4,1,'n',NULL,NULL,'n','NORMAL'),(289,790,3,1,'n',NULL,NULL,'n','NORMAL'),(290,802,4,1,'n',NULL,NULL,'n','NORMAL'),(291,802,5,1,'y',4.55,NULL,'n','NORMAL'),(292,803,1,1,'n',NULL,NULL,'n','NORMAL'),(293,809,1,1,'n',NULL,NULL,'n','NORMAL'),(294,809,2,1,'n',NULL,NULL,'n','NORMAL'),(295,810,1,1,'n',NULL,NULL,'n','NORMAL'),(296,830,3,1,'n',NULL,NULL,'n','NORMAL'),(297,830,5,1,'y',4.55,NULL,'n','NORMAL'),(298,836,2,1,'n',NULL,NULL,'n','NORMAL'),(299,836,5,1,'y',0.00,NULL,'n','NORMAL'),(300,842,6,1,'n',NULL,NULL,'n','NORMAL'),(301,842,5,1,'y',0.00,NULL,'n','NORMAL'),(302,857,4,1,'n',NULL,NULL,'n','NORMAL'),(303,857,1,1,'n',NULL,NULL,'n','NORMAL'),(304,857,2,1,'n',NULL,NULL,'n','NORMAL'),(305,857,5,1,'y',0.00,NULL,'n','NORMAL'),(306,859,3,1,'n',NULL,NULL,'n','NORMAL'),(307,860,4,1,'n',NULL,NULL,'n','NORMAL'),(308,860,3,1,'n',NULL,NULL,'n','NORMAL'),(309,879,1,1,'n',NULL,NULL,'n','NORMAL'),(310,879,4,1,'n',NULL,NULL,'n','NORMAL'),(311,879,5,1,'y',0.00,NULL,'n','NORMAL'),(312,896,3,1,'n',NULL,NULL,'n','NORMAL'),(313,896,3,1,'n',NULL,NULL,'n','NORMAL'),(314,896,3,1,'n',NULL,NULL,'n','NORMAL'),(325,897,3,1,'n',NULL,NULL,'n','NORMAL'),(323,896,3,1,'n',NULL,NULL,'n','NORMAL'),(328,897,11,1,'n',-7.00,NULL,'n','VOUCHER'),(327,897,3,1,'n',NULL,NULL,'n','NORMAL'),(329,898,2,1,'n',NULL,NULL,'n','NORMAL'),(330,898,12,1,'n',-4.50,NULL,'n','VOUCHER'),(331,899,12,1,'n',0.00,NULL,'n','VOUCHER'),(332,900,4,1,'n',NULL,NULL,'n','NORMAL'),(333,900,5,1,'y',4.55,NULL,'n','NORMAL'),(334,943,3,1,'n',NULL,NULL,'n','NORMAL'),(335,944,3,1,'n',NULL,NULL,'n','NORMAL'),(336,944,5,1,'y',4.55,NULL,'n','NORMAL'),(337,947,3,1,'n',NULL,NULL,'n','NORMAL'),(338,979,2,1,'n',NULL,NULL,'n','NORMAL'),(339,979,7,1,'n',NULL,NULL,'n','NORMAL'),(340,979,13,1,'n',-4.50,NULL,'n','VOUCHER'),(341,1082,2,1,'n',NULL,NULL,'n','NORMAL');

--
-- Table structure for table `stock_event`
--

CREATE TABLE `stock_event` (
  `stock_event_id` int(11) NOT NULL AUTO_INCREMENT,
  `product_id` int(11) NOT NULL,
  `event_timestamp` timestamp NOT NULL DEFAULT CURRENT_TIMESTAMP,
  `old_stock_qty` int(11) DEFAULT NULL,
  `new_stock_qty` int(11) NOT NULL,
  `stock_event_type_id` int(11) NOT NULL,
  `description` varchar(255) DEFAULT NULL,
  `pending_action` char(1) NOT NULL DEFAULT 'n',
  PRIMARY KEY (`stock_event_id`),
  KEY `product_id` (`product_id`)
) ENGINE=InnoDB AUTO_INCREMENT=341 DEFAULT CHARSET=latin1;

--
-- Dumping data for table `stock_event`
--

INSERT INTO `stock_event` VALUES (318,1,'2020-01-27 13:56:45',0,1,4,NULL,'n'),(319,2,'2020-01-27 13:56:45',0,1,4,NULL,'n'),(320,3,'2020-01-27 13:56:45',0,1,4,NULL,'n'),(321,4,'2020-01-27 13:56:45',0,1,4,NULL,'n'),(322,6,'2020-03-09 09:09:31',0,1,4,NULL,'n'),(323,7,'2020-03-09 09:13:56',0,1,4,NULL,'n'),(324,8,'2020-03-09 09:15:47',0,1,4,NULL,'n'),(325,3,'2020-03-09 10:17:27',1,20,3,NULL,'n'),(326,2,'2020-03-09 10:17:34',1,20,3,NULL,'n'),(327,8,'2020-03-09 10:17:40',1,20,3,NULL,'n'),(328,1,'2020-03-09 10:17:47',1,20,3,NULL,'n'),(329,4,'2020-03-09 10:17:57',1,20,3,NULL,'n'),(330,7,'2020-03-09 10:18:05',1,20,3,NULL,'n'),(331,6,'2020-03-09 10:18:12',1,20,3,NULL,'n'),(332,9,'2020-04-21 11:42:16',0,1,4,NULL,'n'),(333,10,'2020-07-23 16:14:08',0,1,4,NULL,'n'),(334,10,'2020-07-23 19:05:19',1,50,3,NULL,'n'),(335,3,'2020-11-28 19:24:21',20,50,3,NULL,'n'),(336,2,'2020-11-28 19:24:48',20,50,3,NULL,'n'),(337,1,'2020-11-28 19:25:29',20,50,3,NULL,'n'),(338,4,'2020-11-28 19:26:04',20,50,3,NULL,'n'),(339,10,'2020-11-28 19:31:30',50,10,3,NULL,'n'),(340,10,'2021-01-10 20:11:40',10,0,3,NULL,'n');

--
-- Table structure for table `stock_event_link`
--

CREATE TABLE `stock_event_link` (
  `stock_event_link_id` int(11) NOT NULL AUTO_INCREMENT,
  `stock_event_id` int(11) NOT NULL,
  `external_table` varchar(255) NOT NULL,
  `external_id` int(11) NOT NULL,
  PRIMARY KEY (`stock_event_link_id`)
) ENGINE=InnoDB DEFAULT CHARSET=latin1;

--
-- Dumping data for table `stock_event_link`
--


--
-- Table structure for table `supplier`
--

CREATE TABLE `supplier` (
  `supplier_id` int(11) NOT NULL AUTO_INCREMENT,
  `name` varchar(255) NOT NULL,
  `email` varchar(255) DEFAULT NULL,
  `additional_data` text,
  PRIMARY KEY (`supplier_id`)
) ENGINE=InnoDB DEFAULT CHARSET=latin1;

--
-- Dumping data for table `supplier`
--


--
-- Table structure for table `user_account_news`
--

CREATE TABLE `user_account_news` (
  `user_account_news_id` int(11) NOT NULL AUTO_INCREMENT,
  `item_text` text NOT NULL,
  `news_date` date NOT NULL DEFAULT '0000-00-00',
  `retailer_id` int(11) NOT NULL DEFAULT '0',
  PRIMARY KEY (`user_account_news_id`),
  KEY `idx_retailer_id` (`retailer_id`)
) ENGINE=MyISAM DEFAULT CHARSET=latin1;

--
-- Dumping data for table `user_account_news`
--


--
-- Table structure for table `voucher`
--

CREATE TABLE `voucher` (
  `voucher_id` int(11) NOT NULL AUTO_INCREMENT,
  `product_id` int(11) NOT NULL DEFAULT '0',
  `voucher_type_id` int(11) NOT NULL DEFAULT '0',
  `invocation_point_id` int(11) NOT NULL DEFAULT '0',
  `value_varchar` varchar(255) DEFAULT '',
  `linked_product_id` int(11) DEFAULT NULL,
  `account_use_once` char(1) NOT NULL DEFAULT 'n',
  `start_date` datetime NOT NULL DEFAULT '1950-01-01 00:00:00',
  `end_date` datetime NOT NULL DEFAULT '2020-01-01 00:00:00',
  `voucher_code` varchar(255) DEFAULT '',
  `linked_category_id` int(11) DEFAULT NULL,
  `min_spend` decimal(6,2) DEFAULT NULL,
  `match_all_in_category` char(1) DEFAULT 'n',
  `add_product_id` int(11) DEFAULT NULL,
  `is_discount_percentage` char(1) DEFAULT 'n',
  `cat_match_sub_cats` char(1) NOT NULL DEFAULT 'n',
  `discount_only_cheapest_item` char(1) NOT NULL DEFAULT 'n',
  `add_product_as_sub_item_to_all_main_items` char(1) NOT NULL DEFAULT 'n',
  `match_cat_quantity` int(11) DEFAULT NULL,
  `undo_percentage` char(1) NOT NULL DEFAULT 'n',
  `match_attribute_value` varchar(255) DEFAULT NULL,
  `match_attribute_id` int(11) DEFAULT NULL,
  PRIMARY KEY (`voucher_id`),
  KEY `idx_porduct_id` (`product_id`),
  KEY `idx_voucher_code` (`voucher_code`)
) ENGINE=MyISAM AUTO_INCREMENT=4 DEFAULT CHARSET=latin1;

--
-- Dumping data for table `voucher`
--

INSERT INTO `voucher` VALUES (1,11,12,1,'10',NULL,'n','2021-04-22 23:00:00','2024-04-29 23:00:00','CHAMBER10',NULL,NULL,'n',NULL,'y','n','n','n',1,'n','id(1)',12),(2,12,12,1,'10',NULL,'n','2021-04-22 23:00:00','2024-04-29 23:00:00','WELCOME10',NULL,NULL,'n',NULL,'y','n','n','n',1,'n','id(1)',12),(3,13,12,1,'10',NULL,'n','2021-06-16 23:00:00','2023-07-06 23:00:00','FINEST10',NULL,NULL,'n',NULL,'y','n','n','n',1,'n','id(1)',12);

--
-- Table structure for table `warehouse`
--

CREATE TABLE `warehouse` (
  `warehouse_id` int(11) NOT NULL AUTO_INCREMENT,
  `name` varchar(255) NOT NULL,
  PRIMARY KEY (`warehouse_id`)
) ENGINE=InnoDB DEFAULT CHARSET=latin1;

--
-- Dumping data for table `warehouse`
--


--
-- Table structure for table `wishlist`
--

CREATE TABLE `wishlist` (
  `wishlist_id` int(10) unsigned NOT NULL AUTO_INCREMENT,
  `cust_id` int(10) unsigned NOT NULL DEFAULT '0',
  `retailer_id` int(10) unsigned NOT NULL DEFAULT '0',
  PRIMARY KEY (`wishlist_id`),
  KEY `cust_id` (`cust_id`),
  KEY `retailer_id` (`retailer_id`)
) ENGINE=MyISAM DEFAULT CHARSET=latin1;

--
-- Dumping data for table `wishlist`
--


--
-- Table structure for table `wishlist_item`
--

CREATE TABLE `wishlist_item` (
  `wishlist_item_id` int(10) unsigned NOT NULL AUTO_INCREMENT,
  `product_id` int(10) unsigned NOT NULL DEFAULT '0',
  `date_added` timestamp NOT NULL DEFAULT CURRENT_TIMESTAMP,
  `wishlist_id` int(10) unsigned NOT NULL DEFAULT '0',
  PRIMARY KEY (`wishlist_item_id`),
  KEY `wishlist_id` (`wishlist_id`)
) ENGINE=MyISAM DEFAULT CHARSET=latin1;

--
-- Dumping data for table `wishlist_item`
--


--
-- Table structure for table `zones_for_retailer`
--

CREATE TABLE `zones_for_retailer` (
  `zone_retailer_id` int(11) NOT NULL AUTO_INCREMENT,
  `retailer_id` int(11) NOT NULL DEFAULT '0',
  `zone_id` int(11) NOT NULL DEFAULT '0',
  PRIMARY KEY (`zone_retailer_id`),
  KEY `retailer_id` (`retailer_id`)
) ENGINE=MyISAM DEFAULT CHARSET=latin1;

--
-- Dumping data for table `zones_for_retailer`
--



